000
CXUS55 KLOX 011655
CF6PRB
PRELIMINARY LOCAL CLIMATOLOGICAL DATA (WS FORM: F-6)

                                          STATION:   PASO ROBLES AIRPORT CA
                                          MONTH:     FEBRUARY
                                          YEAR:      2015
                                          LATITUDE:   35 40 N
                                          LONGITUDE: 120 38 W

  TEMPERATURE IN F:       :PCPN:    SNOW:  WIND      :SUNSHINE: SKY     :PK WND
================================================================================
1   2   3   4   5  6A  6B    7    8   9   10  11  12  13   14  15   16   17  18
                                     12Z  AVG MX 2MIN
DY MAX MIN AVG DEP HDD CDD  WTR  SNW DPTH SPD SPD DIR MIN PSBL S-S WX    SPD DR
================================================================================

 1  71  32  52   4  13   0 0.00  0.0    0  1.6  8  80   M    M   2 12     10  90
 2  74  37  56   8   9   0 0.00  0.0    0  2.6 12  90   M    M   0 18     14  80
 3  73  36  55   6  10   0 0.00  0.0    0  2.7  9 150   M    M   0 18     11 280
 4  80  36  58   9   7   0 0.00  0.0    0  3.1 13 210   M    M   0 18     16 220
 5  72  35  54   5  11   0 0.00  0.0    0  4.4 14 220   M    M   0 128    20 210
 6  66  40  53   4  12   0 0.24  0.0    0  8.3 20 180   M    M   5 1      27 180
 7  65  58  62  13   3   0 1.12  0.0    0  4.9 14 170   M    M  10 1      18 190
 8  70  55  63  14   2   0 0.35  0.0    0 10.3 22 190   M    M   9 1      29 200
 9  66  49  58   9   7   0 0.00  0.0    M  8.2 20 320   M    M   2 1      25 320
10  67  45  56   6   9   0 0.00  0.0    0  4.1 14 320   M    M   4 12     27 100
11  72  39  56   6   9   0 0.00  0.0    0  4.7 17  80   M    M   0        19  80
12  77  41  59   9   6   0 0.00  0.0    0  2.8 12 100   M    M   0        13  90
13  78  41  60  10   5   0 0.00  0.0    0  2.1  9  80   M    M   0 1      10  70
14  78  44  61  11   4   0 0.00  0.0    0  1.6  8 310   M    M   0 18      9 310
15  77  43  60  10   5   0 0.00  0.0    0  2.6 12 120   M    M   0 18      M  M
16  75  42  59   9   6   0 0.00  0.0    0  3.3 12 190   M    M   0 18     22 120
17  60  49  55   5  10   0 0.00  0.0    0  4.1 14 200   M    M   8 12     18 210
18  63  48  56   5   9   0 0.00  0.0    0  4.9 10 340   M    M   7 128    19 210
19  68  47  58   7   7   0 0.00  0.0    0  3.3 15 320   M    M   6 128    18 320
20  70  48  59   8   6   0 0.00  0.0    0  6.2 13 100   M    M   5 128    16 120
21  64  39  52   1  13   0 0.00  0.0    0  7.4 17 230   M    M   2 128     M  M
22  60  45  53   2  12   0 0.32    M    0  4.9 16 230   M    M   9 1      20 230
23  60  42  51   0  14   0    T    M    0  3.7 20  30   M    M   6 12      M  M
24  65  34  50  -1  15   0 0.00  0.0    0  3.6 15  90   M    M   2 12     18  90
25  69  33  51  -1  14   0 0.00  0.0    0  3.4  9 110   M    M   0        12 120
26  70  37  54   2  11   0 0.00  0.0    0  2.7 13 330   M    M   2 12      M  M
27  67  42  55   3  10   0 0.00  0.0    0  7.4 20 320   M    M   5 1      24 320
28  59  40  50  -2  15   0 0.04    M    0  4.1 21 280   M    M   4        26 270
================================================================================
SM 1936 1177       254   0  2.07     0.0 123.2          M       88
================================================================================
AV 69.1 42.0                               4.4 FASTST   M    M   3    MAX(MPH)
                                 MISC ---->  # 22 190               # 29  200
================================================================================
NOTES:
# LAST OF SEVERAL OCCURRENCES

COLUMN 17 PEAK WIND IN M.P.H.

PRELIMINARY LOCAL CLIMATOLOGICAL DATA (WS FORM: F-6) , PAGE 2

                                          STATION:  PASO ROBLES AIRPORT CA
                                          MONTH:    FEBRUARY
                                          YEAR:     2015
                                          LATITUDE:   35 40 N
                                          LONGITUDE: 120 38 W

[TEMPERATURE DATA]      [PRECIPITATION DATA]       SYMBOLS USED IN COLUMN 16

AVERAGE MONTHLY: 55.6   TOTAL FOR MONTH:   2.07    1 = FOG OR MIST
DPTR FM NORMAL:   5.5   DPTR FM NORMAL:   -0.52    2 = FOG REDUCING VISIBILITY
HIGHEST:    80 ON  4    GRTST 24HR  1.12 ON  7- 7      TO 1/4 MILE OR LESS
LOWEST:     32 ON  1                               3 = THUNDER
                        SNOW, ICE PELLETS, HAIL    4 = ICE PELLETS
                        TOTAL MONTH:   0.0 INCH    5 = HAIL
                        GRTST 24HR     0.0         6 = FREEZING RAIN OR DRIZZLE
                        GRTST DEPTH:   0           7 = DUSTSTORM OR SANDSTORM:
                                                       VSBY 1/2 MILE OR LESS
                                                   8 = SMOKE OR HAZE
[NO. OF DAYS WITH]      [WEATHER - DAYS WITH]      9 = BLOWING SNOW
                                                   X = TORNADO
MAX 32 OR BELOW:   0    0.01 INCH OR MORE:   5
MAX 90 OR ABOVE:   0    0.10 INCH OR MORE:   4
MIN 32 OR BELOW:   1    0.50 INCH OR MORE:   1
MIN  0 OR BELOW:   0    1.00 INCH OR MORE:   1

[HDD (BASE 65) ]
TOTAL THIS MO.   254    CLEAR  (SCALE 0-3)  16
DPTR FM NORMAL  -163    PTCLDY (SCALE 4-7)   9
TOTAL FM JUL 1  1360    CLOUDY (SCALE 8-10)  3
DPTR FM NORMAL  -733

[CDD (BASE 65) ]
TOTAL THIS MO.     0
DPTR FM NORMAL     0    [PRESSURE DATA]
TOTAL FM JAN 1     0    HIGHEST SLP 30.38 ON 24
DPTR FM NORMAL     0    LOWEST  SLP 29.74 ON 27

[REMARKS]
#FINAL-02-15#
