000
CXUS56 KFGZ 250900
CF6PRC
PRELIMINARY LOCAL CLIMATOLOGICAL DATA (WS FORM: F-6)

                                          STATION:   PRESCOTT AZ AIRPORT
                                          MONTH:     JUNE
                                          YEAR:      2017
                                          LATITUDE:   34 39 N
                                          LONGITUDE: 112 26 W

  TEMPERATURE IN F:       :PCPN:    SNOW:  WIND      :SUNSHINE: SKY     :PK WND
================================================================================
1   2   3   4   5  6A  6B    7    8   9   10  11  12  13   14  15   16   17  18
                                     12Z  AVG MX 2MIN
DY MAX MIN AVG DEP HDD CDD  WTR  SNW DPTH SPD SPD DIR MIN PSBL S-S WX    SPD DR
================================================================================

 1  82  52  67   1   0   2 0.00  0.0    0  7.5 21 220   M    M   1        30 170
 2  87  51  69   2   0   4 0.00    M    M  6.5 16 270   M    M   1        23 260
 3  92  55  74   7   0   9 0.00    M    M  6.6 18 250   M    M   0        23 260
 4  92  59  76   9   0  11 0.00    M    M  7.4 23 240   M    M   0        30 240
 5  91  59  75   7   0  10 0.00    M    M  7.8 21 250   M    M   1        27 220
 6  92  59  76   8   0  11 0.00    M    M  7.7 20 220   M    M   0        28 230
 7  90  58  74   6   0   9 0.00    M    M  9.6 22 240   M    M   0        30 190
 8  87  53  70   2   0   5 0.00    M    M  8.5 21 230   M    M   0        28 190
 9  88  56  72   3   0   7 0.00    M    M 11.5 29 240   M    M   0        39 240
10  83  55  69   0   0   4 0.00    M    M 11.2 24 190   M    M   0        34 220
11  80  60  70   1   0   5 0.00    M    M 12.8 28 200   M    M   0        36 210
12  75  48  62  -8   3   0 0.00  0.0    0 12.5 24 240   M    M   0        31 230
13  83  41  62  -8   3   0 0.00  0.0    0  6.1 16 280   M    M   0        22 250
14  90  47  69  -1   0   4 0.00  0.0    0  6.1 17 240   M    M   0        23 230
15  94  50  72   1   0   7 0.00  0.0    0  6.7 18 250   M    M   0        24 250
16  96  53  75   4   0  10 0.00  0.0    0  6.6 20 230   M    M   0        27 250
17  97  58  78   7   0  13 0.00  0.0    0  7.1 18 240   M    M   0        25 230
18 102  59  81  10   0  16 0.00    M    M  7.3 20 240   M    M   0        25 230
19 102  64  83  11   0  18 0.00    M    M  6.3 18 140   M    M   0        23 130
20 103  66  85  13   0  20 0.00    M    M  6.5 23 150   M    M   0        27 150
21 103  66  85  13   0  20 0.00    M    M  7.8 22 260   M    M   0        27 260
22 100  68  84  11   0  19 0.00    M    M 10.5 26 250   M    M   0 8      33 240
23 101  67  84  11   0  19 0.00    M    M  8.7 23 250   M    M   0        29 250
24 101  66  84  11   0  19 0.00    M    M  6.7 21 220   M    M   1 8      29 220
================================================================================
SM 2211 1370         6 242  0.00     0.0 196.0          M        4
================================================================================
AV 92.1 57.1                               8.2 FASTST   M    M   0    MAX(MPH)
                                 MISC ---->  # 29 240               # 39  240
================================================================================
NOTES:
# LAST OF SEVERAL OCCURRENCES

COLUMN 17 PEAK WIND IN M.P.H.

PRELIMINARY LOCAL CLIMATOLOGICAL DATA (WS FORM: F-6) , PAGE 2

                                          STATION:  PRESCOTT AZ AIRPORT
                                          MONTH:    JUNE
                                          YEAR:     2017
                                          LATITUDE:   34 39 N
                                          LONGITUDE: 112 26 W

[TEMPERATURE DATA]      [PRECIPITATION DATA]       SYMBOLS USED IN COLUMN 16

AVERAGE MONTHLY: 74.6   TOTAL FOR MONTH:   0.00    1 = FOG OR MIST
DPTR FM NORMAL:   4.8   DPTR FM NORMAL:   -0.26    2 = FOG REDUCING VISIBILITY
HIGHEST:   103 ON 21,20 GRTST 24HR  0.15 ON 31- 1      TO 1/4 MILE OR LESS
LOWEST:     41 ON 13                               3 = THUNDER
                        SNOW, ICE PELLETS, HAIL    4 = ICE PELLETS
                        TOTAL MONTH:   0.0 INCH    5 = HAIL
                        GRTST 24HR     0.0         6 = FREEZING RAIN OR DRIZZLE
                        GRTST DEPTH:   0           7 = DUSTSTORM OR SANDSTORM:
                                                       VSBY 1/2 MILE OR LESS
                                                   8 = SMOKE OR HAZE
[NO. OF DAYS WITH]      [WEATHER - DAYS WITH]      9 = BLOWING SNOW
                                                   X = TORNADO
MAX 32 OR BELOW:   0    0.01 INCH OR MORE:   0
MAX 90 OR ABOVE:  16    0.10 INCH OR MORE:   0
MIN 32 OR BELOW:   0    0.50 INCH OR MORE:   0
MIN  0 OR BELOW:   0    1.00 INCH OR MORE:   0

[HDD (BASE 65) ]
TOTAL THIS MO.     6    CLEAR  (SCALE 0-3)  24
DPTR FM NORMAL   -10    PTCLDY (SCALE 4-7)   0
TOTAL FM JUL 1  3543    CLOUDY (SCALE 8-10)  0
DPTR FM NORMAL  -736

[CDD (BASE 65) ]
TOTAL THIS MO.   242
DPTR FM NORMAL   111    [PRESSURE DATA]
TOTAL FM JAN 1   275    HIGHEST SLP M ON M
DPTR FM NORMAL   102    LOWEST  SLP 29.66 ON 11

[REMARKS]
