000
CXUS56 KPDT 161032
CF6PSC
PRELIMINARY LOCAL CLIMATOLOGICAL DATA (WS FORM: F-6)

                                          STATION:   PASCO WA
                                          MONTH:     APRIL
                                          YEAR:      2014
                                          LATITUDE:   46 16 N
                                          LONGITUDE: 119  7 W

  TEMPERATURE IN F:       :PCPN:    SNOW:  WIND      :SUNSHINE: SKY     :PK WND
================================================================================
1   2   3   4   5  6A  6B    7    8   9   10  11  12  13   14  15   16   17  18
                                     12Z  AVG MX 2MIN
DY MAX MIN AVG DEP HDD CDD  WTR  SNW DPTH SPD SPD DIR MIN PSBL S-S WX    SPD DR
================================================================================

 1  65  43  54   4  11   0    T    M    0  8.1 16 340   M    M   5        22 140
 2  65  32  49  -2  16   0 0.00  0.0    0  6.9 21 230   M    M   1        25 220
 3  65  38  52   1  13   0 0.00  0.0    0  7.5 18 160   M    M   3        22 160
 4  65  41  53   2  12   0 0.01  0.0    0 11.9 25 240   M    M   6        38 280
 5  65  38  52   1  13   0 0.01  0.0    0 12.0 25 230   M    M   7        31 210
 6  73  49  61  10   4   0 0.00  0.0    0 11.1 23 240   M    M   1        31 240
 7  78  37  58   7   7   0 0.00  0.0    0  3.2 12 160   M    M   0        16 220
 8  81  47  64  12   1   0 0.00  0.0    0 10.4 28 230   M    M   0        32 240
 9  69  47  58   6   7   0 0.00  0.0    0  6.8 16 330   M    M   2        20 240
10  69  38  54   2  11   0 0.00  0.0    0  3.3 10 140   M    M   0        15 320
11  73  36  55   3  10   0 0.00  0.0    0  6.4 21 330   M    M   0        26 330
12  70  37  54   2  11   0 0.00  0.0    0  8.2 18  50   M    M   2        24  40
13  67  33  50  -2  15   0 0.00  0.0    0  6.7 17  20   M    M   0        22 360
14  70  27  49  -3  16   0 0.00  0.0    0  4.6 16 290   M    M   0        20 290
15  69  50  60   7   5   0 0.00  0.0    0 12.5 25 260   M    M   2        31 260
================================================================================
SM 1044  593       152   0  0.02     0.0 119.6          M       29
================================================================================
AV 69.6 39.5                               8.0 FASTST   M    M   2    MAX(MPH)
                                 MISC ---->  # 28 230               # 38  280
================================================================================
NOTES:
# LAST OF SEVERAL OCCURRENCES

COLUMN 17 PEAK WIND IN M.P.H.

PRELIMINARY LOCAL CLIMATOLOGICAL DATA (WS FORM: F-6) , PAGE 2

                                          STATION:  PASCO WA
                                          MONTH:    APRIL
                                          YEAR:     2014
                                          LATITUDE:   46 16 N
                                          LONGITUDE: 119  7 W

[TEMPERATURE DATA]      [PRECIPITATION DATA]       SYMBOLS USED IN COLUMN 16

AVERAGE MONTHLY: 54.6   TOTAL FOR MONTH:   0.02    1 = FOG OR MIST
DPTR FM NORMAL:   3.0   DPTR FM NORMAL:   -0.33    2 = FOG REDUCING VISIBILITY
HIGHEST:    81 ON  8    GRTST 24HR  0.01 ON  5- 5      TO 1/4 MILE OR LESS
LOWEST:     27 ON 14                               3 = THUNDER
                        SNOW, ICE PELLETS, HAIL    4 = ICE PELLETS
                        TOTAL MONTH:   0.0 INCH    5 = HAIL
                        GRTST 24HR     0.0         6 = FREEZING RAIN OR DRIZZLE
                        GRTST DEPTH:   0           7 = DUSTSTORM OR SANDSTORM:
                                                       VSBY 1/2 MILE OR LESS
                                                   8 = SMOKE OR HAZE
[NO. OF DAYS WITH]      [WEATHER - DAYS WITH]      9 = BLOWING SNOW
                                                   X = TORNADO
MAX 32 OR BELOW:   0    0.01 INCH OR MORE:   2
MAX 90 OR ABOVE:   0    0.10 INCH OR MORE:   0
MIN 32 OR BELOW:   2    0.50 INCH OR MORE:   0
MIN  0 OR BELOW:   0    1.00 INCH OR MORE:   0

[HDD (BASE 65) ]
TOTAL THIS MO.   152    CLEAR  (SCALE 0-3)  11
DPTR FM NORMAL   -49    PTCLDY (SCALE 4-7)   4
TOTAL FM JUL 1  4940    CLOUDY (SCALE 8-10)  0
DPTR FM NORMAL   278

[CDD (BASE 65) ]
TOTAL THIS MO.     0
DPTR FM NORMAL     0    [PRESSURE DATA]
TOTAL FM JAN 1     0    HIGHEST SLP M ON M
DPTR FM NORMAL     0    LOWEST  SLP 29.69 ON  1

[REMARKS]
