000
CXUS54 KHGX 231415
CF6PSX
PRELIMINARY LOCAL CLIMATOLOGICAL DATA (WS FORM: F-6)

                                          STATION:   PALACIOS
                                          MONTH:     APRIL
                                          YEAR:      2014
                                          LATITUDE:   28 43 N
                                          LONGITUDE:  96 15 W

  TEMPERATURE IN F:       :PCPN:    SNOW:  WIND      :SUNSHINE: SKY     :PK WND
================================================================================
1   2   3   4   5  6A  6B    7    8   9   10  11  12  13   14  15   16   17  18
                                     12Z  AVG MX 2MIN
DY MAX MIN AVG DEP HDD CDD  WTR  SNW DPTH SPD SPD DIR MIN PSBL S-S WX    SPD DR
================================================================================

 1  79  68  74   8   0   9 0.00  0.0    0 15.8 23 170   M    M  10        28 160
 2  78  71  75   8   0  10 0.00  0.0    0 17.4 23 150   M    M  10 1      32 160
 3  77  71  74   7   0   9 0.00  0.0    0 15.5 23 120   M    M  10 18     28 150
 4  78  58  68   1   0   3 0.02  0.0    0 13.8 32  20   M    M   3 18     39  10
 5  72  55  64  -3   1   0    T  0.0    0 15.1 23  90   M    M   9 1      28  80
 6  75  54  65  -3   0   0 0.02  0.0    0 13.9 24 340   M    M  10 12     30 340
 7  78  49  64  -4   1   0 0.00  0.0    0 10.4 24 340   M    M   4        28 340
 8  78  48  63  -5   2   0 0.00  0.0    0 15.1 33 330   M    M   0        43 320
 9  76  48  62  -6   3   0 0.00  0.0    0  8.8 17 170   M    M   0        22 170
10  76  65  71   2   0   6 0.00  0.0    0 15.3 24 160   M    M   0        30 180
11  79  67  73   4   0   8 0.00  0.0    0 13.8 23 150   M    M   4        27 140
12  80  69  75   6   0  10 0.00  0.0    0 18.0 29 140   M    M   4        35 140
13  80  71  76   7   0  11 0.00  0.0    0 17.2 25 150   M    M   8 1      32 150
14  75  49  62  -8   3   0 0.13    M    0 20.1 38 350   M    M   9 18     46 330
15  66  41  54 -16  11   0 0.00  0.0    0 11.6 25  30   M    M   0        33  20
16  69  42  56 -14   9   0 0.00    M    0 10.9 21 130   M    M   4        26 140
17  73  63  68  -2   0   3 0.00  0.0    0 12.7 28 110   M    M   9 1      34 110
18  79  59  69  -1   0   4 0.00  0.0    0  8.7 18  30   M    M   5        23  30
19  78  53  66  -5   0   1 0.00  0.0    0  8.5 18 150   M    M   0 12     24 150
20  77  60  69  -2   0   4 0.00  0.0    0 10.3 21 150   M    M   2 12     25 130
21  77  63  70  -1   0   5 0.00  0.0    0 10.9 18 170   M    M   4        22 160
22  80  67  74   2   0   9 0.00  0.0    0  6.8 16 180   M    M   4 1      22 190
================================================================================
SM 1680 1291        30  92  0.17     0.0 290.6          M      109
================================================================================
AV 76.4 58.7                              13.2 FASTST   M    M   5    MAX(MPH)
                                 MISC ---->  # 38 350               # 46  330
================================================================================
NOTES:
# LAST OF SEVERAL OCCURRENCES

COLUMN 17 PEAK WIND IN M.P.H.

PRELIMINARY LOCAL CLIMATOLOGICAL DATA (WS FORM: F-6) , PAGE 2

                                          STATION:  PALACIOS
                                          MONTH:    APRIL
                                          YEAR:     2014
                                          LATITUDE:   28 43 N
                                          LONGITUDE:  96 15 W

[TEMPERATURE DATA]      [PRECIPITATION DATA]       SYMBOLS USED IN COLUMN 16

AVERAGE MONTHLY: 67.5   TOTAL FOR MONTH:   0.17    1 = FOG OR MIST
DPTR FM NORMAL:  -1.4   DPTR FM NORMAL:   -1.73    2 = FOG REDUCING VISIBILITY
HIGHEST:    80 ON 22,13 GRTST 24HR  0.13 ON 14-14      TO 1/4 MILE OR LESS
LOWEST:     41 ON 15                               3 = THUNDER
                        SNOW, ICE PELLETS, HAIL    4 = ICE PELLETS
                        TOTAL MONTH:   0.0 INCH    5 = HAIL
                        GRTST 24HR     0.0         6 = FREEZING RAIN OR DRIZZLE
                        GRTST DEPTH:   0           7 = DUSTSTORM OR SANDSTORM:
                                                       VSBY 1/2 MILE OR LESS
                                                   8 = SMOKE OR HAZE
[NO. OF DAYS WITH]      [WEATHER - DAYS WITH]      9 = BLOWING SNOW
                                                   X = TORNADO
MAX 32 OR BELOW:   0    0.01 INCH OR MORE:   3
MAX 90 OR ABOVE:   0    0.10 INCH OR MORE:   1
MIN 32 OR BELOW:   0    0.50 INCH OR MORE:   0
MIN  0 OR BELOW:   0    1.00 INCH OR MORE:   0

[HDD (BASE 65) ]
TOTAL THIS MO.    30    CLEAR  (SCALE 0-3)   6
DPTR FM NORMAL     2    PTCLDY (SCALE 4-7)   9
TOTAL FM JUL 1  1539    CLOUDY (SCALE 8-10)  7
DPTR FM NORMAL   346

[CDD (BASE 65) ]
TOTAL THIS MO.    92
DPTR FM NORMAL   -23    [PRESSURE DATA]
TOTAL FM JAN 1   159    HIGHEST SLP M ON M
DPTR FM NORMAL   -47    LOWEST  SLP 29.65 ON 13

[REMARKS]
