000
CXUS56 KOTX 280900
CF6PUW
PRELIMINARY LOCAL CLIMATOLOGICAL DATA (WS FORM: F-6)

                                          STATION:   PULLMAN-MOSCOW  AIRPORT
                                          MONTH:     MAY
                                          YEAR:      2017
                                          LATITUDE:   46 44 N
                                          LONGITUDE: 117  7 W

  TEMPERATURE IN F:       :PCPN:    SNOW:  WIND      :SUNSHINE: SKY     :PK WND
================================================================================
1   2   3   4   5  6A  6B    7    8   9   10  11  12  13   14  15   16   17  18
                                     12Z  AVG MX 2MIN
DY MAX MIN AVG DEP HDD CDD  WTR  SNW DPTH SPD SPD DIR MIN PSBL S-S WX    SPD DR
================================================================================

 1  51  32  42  -8  23   0 0.09    M    M  6.2 18 270   M    M   5 1      24 260
 2  56  40  48  -2  17   0 0.00    M    M  3.4 10  90   M    M   6 8      12  80
 3  70  43  57   7   8   0 0.00    M    M  6.9 14 100   M    M   1        16 100
 4  83  55  69  19   0   4 0.00    M    M 12.4 22 110   M    M   0        27  90
 5  66  45  56   5   9   0 0.33    M    M  7.8 20 290   M    M   5 13     28 260
 6  47  40  44  -7  21   0 0.17    M    M  7.2 16 260   M    M  10 1      22 270
 7  58  39  49  -2  16   0 0.02    M    M  5.4 14 260   M    M   5        21 260
 8  64  38  51  -1  14   0 0.00    M    M  4.5 10 100   M    M   0        15  90
 9  68  39  54   2  11   0 0.00    M    M  1.6  9 230   M    M   0        15 330
10  76  45  61   9   4   0 0.00    M    M  3.2 12 110   M    M   0        15 110
11  74  44  59   7   6   0 0.14    M    M  8.2 28 260   M    M   2 1      36 270
12  48  38  43  -9  22   0 0.18    M    M  5.9 14 280   M    M   7 1      19 260
13  50  35  43 -10  22   0    T    M    M  7.7 20 220   M    M   4        25 220
14  54  38  46  -7  19   0 0.01    M    M  5.4 18 210   M    M   6        23 210
15  58  34  46  -7  19   0    T    M    M  2.2 12 250   M    M   3        15 310
16  55  37  46  -7  19   0 0.79    M    M  7.2 25 260   M    M   9 1      34 250
17  50  37  44 -10  21   0 0.22    M    M  7.8 16 270   M    M  10 1      23 260
18  62  43  53  -1  12   0 0.00    M    M  1.7  8  90   M    M   6        10 100
19  69  43  56   2   9   0 0.00    M    M  2.3  8 340   M    M   1        12  30
20  65  48  57   3   8   0 0.03    M    M  3.8 13 340   M    M   4        17 350
21  75  45  60   6   5   0 0.00    M    M  2.9  9 340   M    M   0        13 130
22  80  48  64  10   1   0 0.00    M    M  2.2  9  70   M    M   0        12  20
23  80  54  67  12   0   2 0.00    M    M  9.7 22 240   M    M   0        31 240
24  60  45  53  -2  12   0 0.00    M    M 14.3 26 250   M    M   4        35 240
25  59  43  51  -4  14   0    T    M    M  4.0 12 280   M    M   4        14 280
26  70  40  55   0  10   0 0.00    M    M  4.8 16 280   M    M   0        22 280
27  77  46  62   7   3   0 0.00    M    M  3.3 13 190   M    M   0        16 160
================================================================================
SM 1725 1134       325   6  1.98    M    152.0          M       92
================================================================================
AV 63.9 42.0                               5.6 FASTST   M    M   3    MAX(MPH)
                                 MISC ---->  # 28 260               # 36  270
================================================================================
NOTES:
# LAST OF SEVERAL OCCURRENCES

COLUMN 17 PEAK WIND IN M.P.H.

PRELIMINARY LOCAL CLIMATOLOGICAL DATA (WS FORM: F-6) , PAGE 2

                                          STATION:  PULLMAN-MOSCOW  AIRPORT
                                          MONTH:    MAY
                                          YEAR:     2017
                                          LATITUDE:   46 44 N
                                          LONGITUDE: 117  7 W

[TEMPERATURE DATA]      [PRECIPITATION DATA]       SYMBOLS USED IN COLUMN 16

AVERAGE MONTHLY: 52.9   TOTAL FOR MONTH:   1.98    1 = FOG OR MIST
DPTR FM NORMAL:   0.2   DPTR FM NORMAL:    0.58    2 = FOG REDUCING VISIBILITY
HIGHEST:    83 ON  4    GRTST 24HR  0.79 ON 16-16      TO 1/4 MILE OR LESS
LOWEST:     32 ON  1                               3 = THUNDER
                        SNOW, ICE PELLETS, HAIL    4 = ICE PELLETS
                        TOTAL MONTH:    M          5 = HAIL
                        GRTST 24HR    M  ON   M    6 = FREEZING RAIN OR DRIZZLE
                        GRTST DEPTH:  M  ON   M    7 = DUSTSTORM OR SANDSTORM:
                                                       VSBY 1/2 MILE OR LESS
                                                   8 = SMOKE OR HAZE
[NO. OF DAYS WITH]      [WEATHER - DAYS WITH]      9 = BLOWING SNOW
                                                   X = TORNADO
MAX 32 OR BELOW:   0    0.01 INCH OR MORE:  10
MAX 90 OR ABOVE:   0    0.10 INCH OR MORE:   6
MIN 32 OR BELOW:   1    0.50 INCH OR MORE:   1
MIN  0 OR BELOW:   0    1.00 INCH OR MORE:   0

[HDD (BASE 65) ]
TOTAL THIS MO.   325    CLEAR  (SCALE 0-3)  12
DPTR FM NORMAL    -9    PTCLDY (SCALE 4-7)  12
TOTAL FM JUL 1  6365    CLOUDY (SCALE 8-10)  3
DPTR FM NORMAL     4

[CDD (BASE 65) ]
TOTAL THIS MO.     6
DPTR FM NORMAL     6    [PRESSURE DATA]
TOTAL FM JAN 1     6    HIGHEST SLP M ON M
DPTR FM NORMAL     6    LOWEST  SLP 29.52 ON 16

[REMARKS]
