000
CXUS51 KBOX 011543
CF6PVD
PRELIMINARY LOCAL CLIMATOLOGICAL DATA (WS FORM: F-6)

                                          STATION:   PROVIDENCE RI
                                          MONTH:     SEPTEMBER
                                          YEAR:      2016
                                          LATITUDE:   41 43 N
                                          LONGITUDE:  71 26 W

  TEMPERATURE IN F:       :PCPN:    SNOW:  WIND      :SUNSHINE: SKY     :PK WND
================================================================================
1   2   3   4   5  6A  6B    7    8   9   10  11  12  13   14  15   16   17  18
                                     12Z  AVG MX 2MIN
DY MAX MIN AVG DEP HDD CDD  WTR  SNW DPTH SPD SPD DIR MIN PSBL S-S WX    SPD DR
================================================================================

 1  76  67  72   2   0   7 0.49  0.0    0  4.2 12 240   M    M   8 1      14 230
 2  80  61  71   2   0   6 0.00  0.0    0  7.6 14  20   M    M   5        18 350
 3  76  60  68  -1   0   3 0.00  0.0    0  5.9 13  60   M    M   7        18  90
 4  77  60  69   0   0   4 0.00  0.0    0 13.7 23  40   M    M   2        30  40
 5  76  61  69   0   0   4 0.02  0.0    0 21.2 37  20   M    M   7 1      55  10
 6  79  63  71   3   0   6 0.15  0.0    0 13.6 24  10   M    M   9 1      33  10
 7  81  69  75   7   0  10 0.01  0.0    0  7.7 13  60   M    M   8 1      16  70
 8  85  69  77   9   0  12    T  0.0    0  7.7 13 220   M    M   7 1      17 220
 9  92  71  82  15   0  17 0.00  0.0    0  6.6 17 270   M    M   6 18     23 270
10  85  72  79  12   0  14 0.00  0.0    0  7.4 18 180   M    M   8 1      22 170
11  82  61  72   5   0   7 0.01  0.0    0 11.8 28 330   M    M   7        40 330
12  78  52  65  -1   0   0 0.00  0.0    0  6.6 16 200   M    M   1        19 260
13  81  56  69   3   0   4 0.00  0.0    0  7.9 20 200   M    M   1        24 200
14  90  63  77  11   0  12 0.07  0.0    0  9.9 23  20   M    M   4 13     30  10
15  73  55  64  -1   1   0 0.00  0.0    0  7.2 16  10   M    M   3        20  30
16  73  50  62  -3   3   0 0.00  0.0    0  3.8 14 180   M    M   3        19 150
17  76  50  63  -1   2   0 0.00  0.0    0  6.9 18 190   M    M   4        23 150
18  86  65  76  12   0  11    T  0.0    0  9.4 21 220   M    M   7        27 240
19  74  68  71   7   0   6 0.83  0.0    0  4.2 18 190   M    M   9 1      23 190
20  80  67  74  11   0   9 0.05  0.0    0  3.5 13 170   M    M   9 1      14 180
21  85  62  74  11   0   9 0.00  0.0    0  5.3 13 350   M    M   6 1      17  20
22  82  58  70   8   0   5 0.00  0.0    0  4.9 12 170   M    M   2        14 170
23  83  56  70   8   0   5 0.29  0.0    0  6.8 20  50   M    M   5 1      26  50
24  69  52  61  -1   4   0 0.02  0.0    0  9.3 17 360   M    M   5 1      26 350
25  68  49  59  -2   6   0 0.00  0.0    0 10.0 18  10   M    M   0        25 320
26  67  42  55  -6  10   0 0.00  0.0    0  5.8 17 160   M    M   4        21 160
27  72  58  65   5   0   0 0.26  0.0    0  4.2 12 190   M    M   8 1      14 160
28  63  56  60   0   5   0    T  0.0    0 13.8 24  30   M    M  10 18     29  30
29  62  55  59  -1   6   0 0.00  0.0    0 15.6 24  60   M    M   9        32  30
30  63  55  59   0   6   0 0.54  0.0    0 14.3 24  60   M    M   9 1      34  10
================================================================================
SM 2314 1783        43 151  2.74     0.0 256.8          M      173
================================================================================
AV 77.1 59.4                               8.6 FASTST   M    M   6    MAX(MPH)
                                 MISC ---->  # 37  20               # 55   10
================================================================================
NOTES:
# LAST OF SEVERAL OCCURRENCES

COLUMN 17 PEAK WIND IN M.P.H.

PRELIMINARY LOCAL CLIMATOLOGICAL DATA (WS FORM: F-6) , PAGE 2

                                          STATION:  PROVIDENCE RI
                                          MONTH:    SEPTEMBER
                                          YEAR:     2016
                                          LATITUDE:   41 43 N
                                          LONGITUDE:  71 26 W

[TEMPERATURE DATA]      [PRECIPITATION DATA]       SYMBOLS USED IN COLUMN 16

AVERAGE MONTHLY: 68.3   TOTAL FOR MONTH:   2.74    1 = FOG OR MIST
DPTR FM NORMAL:   3.6   DPTR FM NORMAL:   -1.18    2 = FOG REDUCING VISIBILITY
HIGHEST:    92 ON  9    GRTST 24HR  0.87 ON 19-20      TO 1/4 MILE OR LESS
LOWEST:     42 ON 26                               3 = THUNDER
                        SNOW, ICE PELLETS, HAIL    4 = ICE PELLETS
                        TOTAL MONTH:   0.0 INCH    5 = HAIL
                        GRTST 24HR     0.0         6 = FREEZING RAIN OR DRIZZLE
                        GRTST DEPTH:   0           7 = DUSTSTORM OR SANDSTORM:
                                                       VSBY 1/2 MILE OR LESS
                                                   8 = SMOKE OR HAZE
[NO. OF DAYS WITH]      [WEATHER - DAYS WITH]      9 = BLOWING SNOW
                                                   X = TORNADO
MAX 32 OR BELOW:   0    0.01 INCH OR MORE:  12
MAX 90 OR ABOVE:   2    0.10 INCH OR MORE:   6
MIN 32 OR BELOW:   0    0.50 INCH OR MORE:   2
MIN  0 OR BELOW:   0    1.00 INCH OR MORE:   0

[HDD (BASE 65) ]
TOTAL THIS MO.    43    CLEAR  (SCALE 0-3)   6
DPTR FM NORMAL   -45    PTCLDY (SCALE 4-7)  17
TOTAL FM JUL 1    43    CLOUDY (SCALE 8-10)  7
DPTR FM NORMAL   -54

[CDD (BASE 65) ]
TOTAL THIS MO.   151
DPTR FM NORMAL    71    [PRESSURE DATA]
TOTAL FM JAN 1  1034    HIGHEST SLP 30.48 ON 29
DPTR FM NORMAL   298    LOWEST  SLP 29.80 ON  9

[REMARKS]
#FINAL-09-16#
