451
CXUS51 KGYX 260900
CF6PWM
PRELIMINARY LOCAL CLIMATOLOGICAL DATA (WS FORM: F-6)

                                          STATION:   PORTLAND ME
                                          MONTH:     SEPTEMBER
                                          YEAR:      2017
                                          LATITUDE:   43 39 N
                                          LONGITUDE:  70 19 W

  TEMPERATURE IN F:       :PCPN:    SNOW:  WIND      :SUNSHINE: SKY     :PK WND
================================================================================
1   2   3   4   5  6A  6B    7    8   9   10  11  12  13   14  15   16   17  18
                                     12Z  AVG MX 2MIN
DY MAX MIN AVG DEP HDD CDD  WTR  SNW DPTH SPD SPD DIR MIN PSBL S-S WX    SPD DR
================================================================================

 1  66  46  56  -9   9   0 0.00  0.0    0 10.9 22 280   M    M   4        30 270
 2  71  43  57  -8   8   0 0.00  0.0    0  7.2 15 130   M    M   3        22 270
 3  64  51  58  -7   7   0 0.91  0.0    0 11.7 24 140   M    M   8 1      32  80
 4  76  55  66   2   0   1 0.01  0.0    0 11.0 20 230   M    M   3        26 270
 5  79  62  71   7   0   6    T  0.0    0 10.0 16 180   M    M   4        24 220
 6  72  59  66   2   0   1 0.62  0.0    0  5.7 22 350   M    M   8 13     27 350
 7  74  57  66   3   0   1 0.61  0.0    0  8.5 17 260   M    M   7 1      23 240
 8  72  49  61  -2   4   0 0.01  0.0    0  5.7 15 250   M    M   4        24 270
 9  72  51  62  -1   3   0 0.00  0.0    0  6.1 14 360   M    M   4        17 350
10  72  51  62   0   3   0 0.00  0.0    0  8.1 15 360   M    M   3        19 350
11  79  49  64   2   1   0 0.00  0.0    0  8.5 16 290   M    M   0        22 270
12  77  50  64   2   1   0 0.00  0.0    0  4.9 14 250   M    M   1        19 240
13  80  52  66   5   0   1 0.00  0.0    0  5.3 17 180   M    M   1        23 170
14  80  55  68   7   0   3    T  0.0    0  3.9 12 170   M    M   5        18 140
15  72  62  67   7   0   2    T  0.0    0  5.4 12 110   M    M   7 1      17 130
16  80  61  71  11   0   6 0.00  0.0    0  2.4 12 150   M    M   7 128    17 180
17  74  60  67   7   0   2 0.00  0.0    0  4.0 10 150   M    M   8 12     18 140
18  67  59  63   4   2   0 0.00  0.0    0  5.0 14  90   M    M  10 12     17 130
19  69  60  65   6   0   0 0.04  0.0    0  7.2 12  40   M    M  10 1      16 130
20  75  65  70  11   0   5    T  0.0    0 10.0 16  30   M    M   8 18     22  60
21  75  61  68  10   0   3 0.00  0.0    0 12.4 21  30   M    M   6        29  60
22  70  56  63   5   2   0 0.00  0.0    0  9.7 16  30   M    M   7        23  30
23  82  56  69  12   0   4 0.00  0.0    0  4.3  9 200   M    M   3        16 160
24  86  61  74  17   0   9 0.00  0.0    0  3.5 14 180   M    M   0        22 180
25  83  62  73  16   0   8    T  0.0    0  3.6 13  90   M    M   1 1      19  90
================================================================================
SM 1867 1393        40  52  2.20     0.0 175.0          M      122
================================================================================
AV 74.7 55.7                               7.0 FASTST   M    M   5    MAX(MPH)
                                 MISC ---->  # 24 140               # 32   80
================================================================================
NOTES:
# LAST OF SEVERAL OCCURRENCES

COLUMN 17 PEAK WIND IN M.P.H.

PRELIMINARY LOCAL CLIMATOLOGICAL DATA (WS FORM: F-6) , PAGE 2

                                          STATION:  PORTLAND ME
                                          MONTH:    SEPTEMBER
                                          YEAR:     2017
                                          LATITUDE:   43 39 N
                                          LONGITUDE:  70 19 W

[TEMPERATURE DATA]      [PRECIPITATION DATA]       SYMBOLS USED IN COLUMN 16

AVERAGE MONTHLY: 65.2   TOTAL FOR MONTH:   2.20    1 = FOG OR MIST
DPTR FM NORMAL:   4.1   DPTR FM NORMAL:   -0.76    2 = FOG REDUCING VISIBILITY
HIGHEST:    86 ON 24    GRTST 24HR  0.91 ON  3- 3      TO 1/4 MILE OR LESS
LOWEST:     43 ON  2                               3 = THUNDER
                        SNOW, ICE PELLETS, HAIL    4 = ICE PELLETS
                        TOTAL MONTH:   0.0 INCH    5 = HAIL
                        GRTST 24HR     0.0         6 = FREEZING RAIN OR DRIZZLE
                        GRTST DEPTH:   0           7 = DUSTSTORM OR SANDSTORM:
                                                       VSBY 1/2 MILE OR LESS
                                                   8 = SMOKE OR HAZE
[NO. OF DAYS WITH]      [WEATHER - DAYS WITH]      9 = BLOWING SNOW
                                                   X = TORNADO
MAX 32 OR BELOW:   0    0.01 INCH OR MORE:   6
MAX 90 OR ABOVE:   0    0.10 INCH OR MORE:   3
MIN 32 OR BELOW:   0    0.50 INCH OR MORE:   3
MIN  0 OR BELOW:   0    1.00 INCH OR MORE:   0

[HDD (BASE 65) ]
TOTAL THIS MO.    40    CLEAR  (SCALE 0-3)   8
DPTR FM NORMAL   -85    PTCLDY (SCALE 4-7)  13
TOTAL FM JUL 1    73    CLOUDY (SCALE 8-10)  4
DPTR FM NORMAL   -97

[CDD (BASE 65) ]
TOTAL THIS MO.    52
DPTR FM NORMAL    25    [PRESSURE DATA]
TOTAL FM JAN 1   416    HIGHEST SLP M ON M
DPTR FM NORMAL    61    LOWEST  SLP 29.64 ON  7

[REMARKS]
