000
CXUS56 KMFR 191000
CF6RBG
PRELIMINARY LOCAL CLIMATOLOGICAL DATA (WS FORM: F-6)

                                          STATION:   ROSEBURG OR
                                          MONTH:     OCTOBER
                                          YEAR:      2017
                                          LATITUDE:   43 13 N
                                          LONGITUDE: 123 22 W

  TEMPERATURE IN F:       :PCPN:    SNOW:  WIND      :SUNSHINE: SKY     :PK WND
================================================================================
1   2   3   4   5  6A  6B    7    8   9   10  11  12  13   14  15   16   17  18
                                     12Z  AVG MX 2MIN
DY MAX MIN AVG DEP HDD CDD  WTR  SNW DPTH SPD SPD DIR MIN PSBL S-S WX    SPD DR
================================================================================

 1  67  47  57  -3   8   0 0.08    M    M  3.9 15 340   M    M   4 1      21  10
 2  66  45  56  -4   9   0    T    M    M  2.9 21 360   M    M   6        26  10
 3  72  39  56  -4   9   0 0.00    M    M  4.1 18 360   M    M   0        23  10
 4  77  40  59  -1   6   0 0.00    M    M  1.3  8 330   M    M   0        10 330
 5  78  40  59   0   6   0 0.00    M    M  1.8  9  10   M    M   0        11  10
 6  80  41  61   2   4   0 0.00    M    M  1.5 12 360   M    M   0        17 360
 7  63  48  56  -2   9   0    T    M    M  3.3 15  20   M    M   8        18 360
 8  67  43  55  -3  10   0 0.00    M    M  5.4 20  10   M    M   2        26  10
 9  65  38  52  -6  13   0 0.00    M    M  0.8  9 360   M    M   0        12  10
10  63  38  51  -7  14   0 0.03    M    M  1.8 15 330   M    M   4 1      21 330
11  57  40  49  -8  16   0 0.22    M    M  2.6 24 360   M    M   9 12     32 360
12  53  39  46 -11  19   0 0.09    M    M  2.3  8 140   M    M  10 12     10 140
13  60  43  52  -4  13   0 0.01    M    M  3.9 17 360   M    M   7        22  10
14  59  39  49  -7  16   0 0.00    M    M  3.5 14 360   M    M   5 12     17  10
15  66  41  54  -2  11   0 0.00    M    M  1.2  7 340   M    M   5 1       9 300
16  74  40  57   2   8   0 0.00    M    M  0.7  6 330   M    M   2 12      8 320
17  69  43  56   1   9   0 0.00    M    M  2.3 12  10   M    M   0 1      18  10
18  76  44  60   5   5   0 0.00    M    M  1.0  8 340   M    M   1 12     12 290
================================================================================
SM 1212  748       185   0  0.43    M     44.3          M       63
================================================================================
AV 67.3 41.6                               2.5 FASTST   M    M   4    MAX(MPH)
                                 MISC ---->  # 24 360               # 32  360
================================================================================
NOTES:
# LAST OF SEVERAL OCCURRENCES

COLUMN 17 PEAK WIND IN M.P.H.

PRELIMINARY LOCAL CLIMATOLOGICAL DATA (WS FORM: F-6) , PAGE 2

                                          STATION:  ROSEBURG OR
                                          MONTH:    OCTOBER
                                          YEAR:     2017
                                          LATITUDE:   43 13 N
                                          LONGITUDE: 123 22 W

[TEMPERATURE DATA]      [PRECIPITATION DATA]       SYMBOLS USED IN COLUMN 16

AVERAGE MONTHLY: 54.4   TOTAL FOR MONTH:   0.43    1 = FOG OR MIST
DPTR FM NORMAL:  -3.2   DPTR FM NORMAL:   -0.70    2 = FOG REDUCING VISIBILITY
HIGHEST:    80 ON  6    GRTST 24HR  0.22 ON 11-11      TO 1/4 MILE OR LESS
LOWEST:     38 ON 10, 9                            3 = THUNDER
                        SNOW, ICE PELLETS, HAIL    4 = ICE PELLETS
                        TOTAL MONTH:    M          5 = HAIL
                        GRTST 24HR    M  ON   M    6 = FREEZING RAIN OR DRIZZLE
                        GRTST DEPTH:  M  ON   M    7 = DUSTSTORM OR SANDSTORM:
                                                       VSBY 1/2 MILE OR LESS
                                                   8 = SMOKE OR HAZE
[NO. OF DAYS WITH]      [WEATHER - DAYS WITH]      9 = BLOWING SNOW
                                                   X = TORNADO
MAX 32 OR BELOW:   0    0.01 INCH OR MORE:   5
MAX 90 OR ABOVE:   0    0.10 INCH OR MORE:   1
MIN 32 OR BELOW:   0    0.50 INCH OR MORE:   0
MIN  0 OR BELOW:   0    1.00 INCH OR MORE:   0

[HDD (BASE 65) ]
TOTAL THIS MO.   185    CLEAR  (SCALE 0-3)   9
DPTR FM NORMAL    49    PTCLDY (SCALE 4-7)   7
TOTAL FM JUL 1   251    CLOUDY (SCALE 8-10)  2
DPTR FM NORMAL    26

[CDD (BASE 65) ]
TOTAL THIS MO.     0
DPTR FM NORMAL    -2    [PRESSURE DATA]
TOTAL FM JAN 1   863    HIGHEST SLP  0.00 ON M
DPTR FM NORMAL   385    LOWEST  SLP  0.00 ON 10

[REMARKS]
