000
CXUS56 KMFR 261000
CF6RBG
PRELIMINARY LOCAL CLIMATOLOGICAL DATA (WS FORM: F-6)

                                          STATION:   ROSEBURG OR
                                          MONTH:     JULY
                                          YEAR:      2016
                                          LATITUDE:   43 13 N
                                          LONGITUDE: 123 22 W

  TEMPERATURE IN F:       :PCPN:    SNOW:  WIND      :SUNSHINE: SKY     :PK WND
================================================================================
1   2   3   4   5  6A  6B    7    8   9   10  11  12  13   14  15   16   17  18
                                     12Z  AVG MX 2MIN
DY MAX MIN AVG DEP HDD CDD  WTR  SNW DPTH SPD SPD DIR MIN PSBL S-S WX    SPD DR
================================================================================

 1  87  55  71   3   0   6 0.00    M    M  7.6 20  10   M    M   0        26  10
 2  91  60  76   8   0  11 0.00    M    M  6.8 17 320   M    M   0        22 330
 3  85  57  71   3   0   6 0.00    M    M  8.3 20  10   M    M   0        25  10
 4  83  58  71   3   0   6 0.00    M    M  8.8 18  10   M    M   0        23  10
 5  84  55  70   2   0   5 0.00    M    M  5.7 15 330   M    M   0        21 330
 6  87  55  71   2   0   6 0.00    M    M  4.0 15 310   M    M   0        21 330
 7  82  55  69   0   0   4 0.20    M    M  3.2 14 320   M    M   3 1      19 320
 8  71  60  66  -3   0   1 0.52    M    M  3.1 10 120   M    M  10 18     13 120
 9  72  58  65  -4   0   0    T    M    M  5.1 18 230   M    M   7 1      26 270
10  67  56  62  -8   3   0 0.05    M    M  4.4 14 220   M    M   9        18 230
11  80  54  67  -3   0   2 0.00    M    M  4.5 12 300   M    M   4 1      18 320
12  76  59  68  -2   0   3 0.00    M    M  5.5 15  10   M    M   6        20  30
13  83  54  69  -1   0   4 0.00    M    M  4.9 17  10   M    M   2        20  20
14  87  56  72   2   0   7 0.00    M    M  6.9 17  10   M    M   0        22  40
15  82  58  70   0   0   5 0.00    M    M  7.6 18  20   M    M   0        24  20
16  80  58  69  -2   0   4 0.00    M    M  5.4 15 360   M    M   5        19 360
17  76  60  68  -3   0   3 0.00    M    M  5.2 15  20   M    M   9        20  20
18  78  62  70  -1   0   5    T    M    M  5.3 14 320   M    M   9        19 340
19  79  60  70  -1   0   5 0.00    M    M  6.5 16 350   M    M   6        22 300
20  88  53  71   0   0   6 0.00    M    M  3.9 15  20   M    M   1        20  20
21  75  59  67  -4   0   2 0.00    M    M  5.2 16 330   M    M   6        21 320
22  83  60  72   1   0   7 0.00    M    M  5.7 15  10   M    M   3        20 360
23  86  55  71   0   0   6 0.00    M    M  6.5 20  10   M    M   2        24  10
24  90  55  73   1   0   8 0.00    M    M  6.0 15  10   M    M   0        19  10
25  87  59  73   1   0   8 0.00    M    M  5.5 15  10   M    M   3        21  10
================================================================================
SM 2039 1431         3 120  0.77    M    141.6          M       85
================================================================================
AV 81.6 57.2                               5.7 FASTST   M    M   3    MAX(MPH)
                                 MISC ---->  # 20  10               # 26   10
================================================================================
NOTES:
# LAST OF SEVERAL OCCURRENCES

COLUMN 17 PEAK WIND IN M.P.H.

PRELIMINARY LOCAL CLIMATOLOGICAL DATA (WS FORM: F-6) , PAGE 2

                                          STATION:  ROSEBURG OR
                                          MONTH:    JULY
                                          YEAR:     2016
                                          LATITUDE:   43 13 N
                                          LONGITUDE: 123 22 W

[TEMPERATURE DATA]      [PRECIPITATION DATA]       SYMBOLS USED IN COLUMN 16

AVERAGE MONTHLY: 69.4   TOTAL FOR MONTH:   0.77    1 = FOG OR MIST
DPTR FM NORMAL:  -0.5   DPTR FM NORMAL:    0.41    2 = FOG REDUCING VISIBILITY
HIGHEST:    91 ON  2    GRTST 24HR  0.64 ON  7- 8      TO 1/4 MILE OR LESS
LOWEST:     53 ON 20                               3 = THUNDER
                        SNOW, ICE PELLETS, HAIL    4 = ICE PELLETS
                        TOTAL MONTH:    M          5 = HAIL
                        GRTST 24HR    M  ON   M    6 = FREEZING RAIN OR DRIZZLE
                        GRTST DEPTH:  M  ON   M    7 = DUSTSTORM OR SANDSTORM:
                                                       VSBY 1/2 MILE OR LESS
                                                   8 = SMOKE OR HAZE
[NO. OF DAYS WITH]      [WEATHER - DAYS WITH]      9 = BLOWING SNOW
                                                   X = TORNADO
MAX 32 OR BELOW:   0    0.01 INCH OR MORE:   3
MAX 90 OR ABOVE:   2    0.10 INCH OR MORE:   2
MIN 32 OR BELOW:   0    0.50 INCH OR MORE:   1
MIN  0 OR BELOW:   0    1.00 INCH OR MORE:   0

[HDD (BASE 65) ]
TOTAL THIS MO.     3    CLEAR  (SCALE 0-3)  14
DPTR FM NORMAL    -5    PTCLDY (SCALE 4-7)   7
TOTAL FM JUL 1     3    CLOUDY (SCALE 8-10)  4
DPTR FM NORMAL    -5

[CDD (BASE 65) ]
TOTAL THIS MO.   120
DPTR FM NORMAL   -14    [PRESSURE DATA]
TOTAL FM JAN 1   299    HIGHEST SLP M ON M
DPTR FM NORMAL    95    LOWEST  SLP  0.00 ON 17

[REMARKS]
