000
CXUS52 KRAH 301345
CF6RDU
PRELIMINARY LOCAL CLIMATOLOGICAL DATA (WS FORM: F-6)

                                          STATION:   RALEIGH-DURHAM INTL AIRPORT NC
                                          MONTH:     JULY
                                          YEAR:      2016
                                          LATITUDE:   35 52 N
                                          LONGITUDE:  78 47 W

  TEMPERATURE IN F:       :PCPN:    SNOW:  WIND      :SUNSHINE: SKY     :PK WND
================================================================================
1   2   3   4   5  6A  6B    7    8   9   10  11  12  13   14  15   16   17  18
                                     12Z  AVG MX 2MIN
DY MAX MIN AVG DEP HDD CDD  WTR  SNW DPTH SPD SPD DIR MIN PSBL S-S WX    SPD DR
================================================================================

 1  89  72  81   1   0  16 0.00  0.0    0  5.9 15 240   M    M   5 1      18 240
 2  88  71  80   0   0  15 1.66  0.0    0  4.3 17 310   M    M   6 13     35 290
 3  78  70  74  -6   0   9 1.48  0.0    0  5.9 14  70   M    M   9 13     17  70
 4  85  69  77  -3   0  12 0.02  0.0    0  4.3 15 180   M    M   9 128    18 180
 5  95  73  84   4   0  19 0.42  0.0    0  6.7 31 240   M    M   6 13     39 240
 6  91  72  82   2   0  17    T  0.0    0  6.0 17 250   M    M   5        25  20
 7  93  73  83   3   0  18 0.06  0.0    0  7.6 23 240   M    M   5 13     31 260
 8  94  71  83   3   0  18 0.25  0.0    0  6.0 22  20   M    M   6 13     36  20
 9  91  68  80   0   0  15 0.00  0.0    0  5.8 14 250   M    M   8        18 270
10  88  69  79  -1   0  14 0.00  0.0    0  2.0 14 290   M    M   7        16 300
11  90  73  82   2   0  17    T  0.0    0  3.0  9 230   M    M   8        17 140
12  91  70  81   1   0  16 0.37  0.0    0  3.1 20 280   M    M   7 13     30 240
13  94  72  83   3   0  18    T  0.0    0  3.1 12 240   M    M   7        21 320
14  95  73  84   4   0  19 0.00  0.0    0  3.3 12 200   M    M   3 1      16 210
15  95  71  83   3   0  18 1.58  0.0    0  6.5 30 200   M    M   6 13     38 210
16  87  70  79  -1   0  14 1.98  0.0    0  6.3 15 180   M    M   8 13     17 210
17  90  68  79  -1   0  14 0.00  0.0    0  4.0 14 210   M    M   6 1      16 220
18  93  72  83   3   0  18 0.00  0.0    0  7.3 14 240   M    M   5        18 230
19  93  74  84   4   0  19 0.00  0.0    0  4.6 18 140   M    M   5        26  80
20  89  70  80   0   0  15 0.00  0.0    0  4.8 13  40   M    M   4        17  90
21  90  70  80   0   0  15 0.00  0.0    0  4.1  9 150   M    M   3        14 120
22  93  73  83   3   0  18 0.00  0.0    0  7.9 15 180   M    M   6        19 240
23  95  72  84   4   0  19 0.00  0.0    0  4.4 12 210   M    M   3        13 220
24  95  74  85   5   0  20 0.00  0.0    0  5.5 10 210   M    M   6 1      13 160
25  96  77  87   7   0  22 0.00  0.0    0  8.8 15 220   M    M   4 3      20 210
26  97  75  86   6   0  21 0.13  0.0    0  7.9 23 220   M    M   6 13     31 210
27  95  76  86   6   0  21 0.00  0.0    0  2.0 10  40   M    M   7 1      20 350
28  96  74  85   5   0  20 0.00  0.0    0  7.2 20 250   M    M   3        24 240
29  92  75  84   4   0  19 0.00  0.0    0  4.8 10  20   M    M   3        17  30
================================================================================
SM 2658 2087         0 496  7.95     0.0 153.1          M      166
================================================================================
AV 91.7 72.0                               5.3 FASTST   M    M   6    MAX(MPH)
                                 MISC ---->  # 31 240               # 39  240
================================================================================
NOTES:
# LAST OF SEVERAL OCCURRENCES

COLUMN 17 PEAK WIND IN M.P.H.

PRELIMINARY LOCAL CLIMATOLOGICAL DATA (WS FORM: F-6) , PAGE 2

                                          STATION:  RALEIGH-DURHAM INTL AIRPORT NC
                                          MONTH:    JULY
                                          YEAR:     2016
                                          LATITUDE:   35 52 N
                                          LONGITUDE:  78 47 W

[TEMPERATURE DATA]      [PRECIPITATION DATA]       SYMBOLS USED IN COLUMN 16

AVERAGE MONTHLY: 81.8   TOTAL FOR MONTH:   7.95    1 = FOG OR MIST
DPTR FM NORMAL:   1.8   DPTR FM NORMAL:    3.55    2 = FOG REDUCING VISIBILITY
HIGHEST:    97 ON 26    GRTST 24HR  1.99 ON 15-16      TO 1/4 MILE OR LESS
LOWEST:     68 ON 17, 9                            3 = THUNDER
                        SNOW, ICE PELLETS, HAIL    4 = ICE PELLETS
                        TOTAL MONTH:   0.0 INCH    5 = HAIL
                        GRTST 24HR     0.0         6 = FREEZING RAIN OR DRIZZLE
                        GRTST DEPTH:   0           7 = DUSTSTORM OR SANDSTORM:
                                                       VSBY 1/2 MILE OR LESS
                                                   8 = SMOKE OR HAZE
[NO. OF DAYS WITH]      [WEATHER - DAYS WITH]      9 = BLOWING SNOW
                                                   X = TORNADO
MAX 32 OR BELOW:   0    0.01 INCH OR MORE:  10
MAX 90 OR ABOVE:  22    0.10 INCH OR MORE:   8
MIN 32 OR BELOW:   0    0.50 INCH OR MORE:   4
MIN  0 OR BELOW:   0    1.00 INCH OR MORE:   4

[HDD (BASE 65) ]
TOTAL THIS MO.     0    CLEAR  (SCALE 0-3)   4
DPTR FM NORMAL     0    PTCLDY (SCALE 4-7)  22
TOTAL FM JUL 1     0    CLOUDY (SCALE 8-10)  3
DPTR FM NORMAL     0

[CDD (BASE 65) ]
TOTAL THIS MO.   496
DPTR FM NORMAL    61    [PRESSURE DATA]
TOTAL FM JAN 1  1091    HIGHEST SLP M ON M
DPTR FM NORMAL   100    LOWEST  SLP 29.79 ON 28

[REMARKS]
