000
CXUS53 KGRB 260741
CF6RHI
PRELIMINARY LOCAL CLIMATOLOGICAL DATA (WS FORM: F-6)

                                          STATION:   RHINELANDER WI
                                          MONTH:     MAY
                                          YEAR:      2015
                                          LATITUDE:   45 37 N
                                          LONGITUDE:  89 27 W

  TEMPERATURE IN F:       :PCPN:    SNOW:  WIND      :SUNSHINE: SKY     :PK WND
================================================================================
1   2   3   4   5  6A  6B    7    8   9   10  11  12  13   14  15   16   17  18
                                     12Z  AVG MX 2MIN
DY MAX MIN AVG DEP HDD CDD  WTR  SNW DPTH SPD SPD DIR MIN PSBL S-S WX    SPD DR
================================================================================

 1  68  33  51   3  14   0 0.00  0.0    0  5.6 15 230   M    M   3        20 230
 2  76  51  64  15   1   0 0.00  0.0    0  9.1 21 220   M    M   3        27 220
 3  80  52  66  17   0   1 0.39  0.0    0 10.0 28 320   M    M   3 13     37 310
 4  67  44  56   7   9   0 0.00  0.0    0  4.7 13 350   M    M   0        20  50
 5  70  36  53   3  12   0 0.00  0.0    0  6.6 17 120   M    M   0        23 130
 6  70  46  58   8   7   0 0.07  0.0    0  7.3 15 130   M    M   6 13     19 130
 7  80  57  69  19   0   4 0.09  0.0    0 13.1 29 200   M    M   6 138    43 220
 8  67  49  58   8   7   0 0.13  0.0    0  9.5 17 260   M    M   9 1      24 260
 9  62  43  53   2  12   0 0.00  0.0    0  6.1 13  70   M    M   6 1      19  30
10  62  37  50  -1  15   0    T  0.0    0 11.7 22  90   M    M   6 1      29 100
11  64  45  55   4  10   0 0.23  0.0    0 10.6 22 260   M    M   9 1      30 110
12  47  32  40 -12  25   0 0.06  0.0    0  9.3 20 300   M    M   9 1      26 290
13  58  26  42 -10  23   0 0.00  0.0    0  4.6 14  90   M    M   2        18 110
14  62  37  50  -2  15   0 0.12  0.0    0  8.9 20 120   M    M   4 1      27 140
15  58  46  52  -1  13   0 0.08  0.0    0  3.5 13 120   M    M  10 1      17 120
16  75  47  61   8   4   0    T  0.0    0  6.9 15 120   M    M   8 12     20 140
17  72  57  65  12   0   0 0.12  0.0    0 10.8 24 230   M    M   8 12     39 180
18  61  35  48  -6  17   0 0.01    T    0 14.1 24 230   M    M   9 18     32 260
19  49  27  38 -16  27   0    T    M    0  7.1 16 340   M    M   5 18     23 330
20  60  24  42 -12  23   0 0.00  0.0    0  6.9 17 270   M    M   0        20 270
21  69  33  51  -3  14   0 0.00  0.0    0  7.7 21 280   M    M   2        28 290
22  68  31  50  -5  15   0 0.00  0.0    0  3.8 16 270   M    M   0        26  20
23  77  34  56   1   9   0 0.00  0.0    0  5.6 18 270   M    M   3        22 270
24  73  52  63   8   2   0 0.62  0.0    0  6.0 16 230   M    M   7 1      21 230
25  70  55  63   7   2   0 0.45  0.0    0  9.3 21 260   M    M   9 1      27 230
================================================================================
SM 1665 1029       276   5  2.37    T    198.8          M      127
================================================================================
AV 66.6 41.2                               8.0 FASTST   M    M   5    MAX(MPH)
                                 MISC ---->  # 29 200               # 43  220
================================================================================
NOTES:
# LAST OF SEVERAL OCCURRENCES

COLUMN 17 PEAK WIND IN M.P.H.

PRELIMINARY LOCAL CLIMATOLOGICAL DATA (WS FORM: F-6) , PAGE 2

                                          STATION:  RHINELANDER WI
                                          MONTH:    MAY
                                          YEAR:     2015
                                          LATITUDE:   45 37 N
                                          LONGITUDE:  89 27 W

[TEMPERATURE DATA]      [PRECIPITATION DATA]       SYMBOLS USED IN COLUMN 16

AVERAGE MONTHLY: 53.9   TOTAL FOR MONTH:   2.37    1 = FOG OR MIST
DPTR FM NORMAL:   1.9   DPTR FM NORMAL:   -0.40    2 = FOG REDUCING VISIBILITY
HIGHEST:    80 ON  7, 3 GRTST 24HR  1.04 ON 24-25      TO 1/4 MILE OR LESS
LOWEST:     24 ON 20                               3 = THUNDER
                        SNOW, ICE PELLETS, HAIL    4 = ICE PELLETS
                        TOTAL MONTH:    T          5 = HAIL
                        GRTST 24HR    T  ON 18-18  6 = FREEZING RAIN OR DRIZZLE
                        GRTST DEPTH:   0           7 = DUSTSTORM OR SANDSTORM:
                                                       VSBY 1/2 MILE OR LESS
                                                   8 = SMOKE OR HAZE
[NO. OF DAYS WITH]      [WEATHER - DAYS WITH]      9 = BLOWING SNOW
                                                   X = TORNADO
MAX 32 OR BELOW:   0    0.01 INCH OR MORE:  12
MAX 90 OR ABOVE:   0    0.10 INCH OR MORE:   7
MIN 32 OR BELOW:   5    0.50 INCH OR MORE:   1
MIN  0 OR BELOW:   0    1.00 INCH OR MORE:   0

[HDD (BASE 65) ]
TOTAL THIS MO.   276    CLEAR  (SCALE 0-3)  10
DPTR FM NORMAL   -57    PTCLDY (SCALE 4-7)   9
TOTAL FM JUL 1  9432    CLOUDY (SCALE 8-10)  6
DPTR FM NORMAL   599

[CDD (BASE 65) ]
TOTAL THIS MO.     5
DPTR FM NORMAL     2    [PRESSURE DATA]
TOTAL FM JAN 1     5    HIGHEST SLP M ON M
DPTR FM NORMAL     1    LOWEST  SLP 29.65 ON 11

[REMARKS]
