312
CXUS55 KGJT 261000
CF6RIL
PRELIMINARY LOCAL CLIMATOLOGICAL DATA (WS FORM: F-6)

                                          STATION:   RIFLE CO
                                          MONTH:     MAY
                                          YEAR:      2017
                                          LATITUDE:   39 31 N
                                          LONGITUDE: 107 43 W

  TEMPERATURE IN F:       :PCPN:    SNOW:  WIND      :SUNSHINE: SKY     :PK WND
================================================================================
1   2   3   4   5  6A  6B    7    8   9   10  11  12  13   14  15   16   17  18
                                     12Z  AVG MX 2MIN
DY MAX MIN AVG DEP HDD CDD  WTR  SNW DPTH SPD SPD DIR MIN PSBL S-S WX    SPD DR
================================================================================

 1  68  38  53   1  12   0 0.00    M    M  4.3 15 280   M    M   8        20 300
 2  60  35  48  -4  17   0    T    M    M  4.0 15 260   M    M   6        18 260
 3  70  31  51  -2  14   0 0.00    M    M  3.1 17  10   M    M   1        23 360
 4  80  33  57   4   8   0 0.00    M    M  4.5 12 320   M    M   0        15 310
 5  85  42  64  11   1   0 0.00    M    M  4.6 17 280   M    M   0        24 280
 6  84  42  63   9   2   0 0.01    M    M  6.4 43 250   M    M   1        52 150
 7  73  48  61   7   4   0 0.13    M    M  6.1 24 270   M    M   3 3      31 270
 8  74  42  58   4   7   0 0.04    M    M  5.6 29 110   M    M   1 3      36 250
 9  72  40  56   2   9   0 0.01    M    M  7.4 37 250   M    M   2 3      47 240
10  66  42  54  -1  11   0 0.04    M    M  8.6 36 150   M    M   5 13     43 150
11  76  36  56   1   9   0 0.00    M    M  4.6 14 310   M    M   1        19 240
12  83  40  62   7   3   0 0.00    M    M  7.1 20 220   M    M   1        25 210
13  83  54  69  13   0   4 0.00    M    M 14.4 32 210   M    M   1        40 220
14  79  42  61   5   4   0 0.00    M    M  8.5 28 220   M    M   0        39 220
15  79  44  62   6   3   0    T    M    M  9.5 37 190   M    M   2 3      51 200
16  71  45  58   2   7   0 0.00    M    M  8.8 25 250   M    M   1        34 240
17  56  35  46 -11  19   0 0.19    M    M  8.8 37 320   M    M   7 1      46 320
18  52  33  43 -14  22   0 0.14    M    M  9.2 20 300   M    M   7 1      24 310
19  56  37  47 -10  18   0 0.00    M    M  7.7 26 310   M    M   8        33 310
20  63  30  47 -11  18   0 0.00    M    M  3.2  9 140   M    M   4        14 260
21  71  33  52  -6  13   0    T    M    M  5.7 25 320   M    M   5 8      32 320
22  71  41  56  -2   9   0    T    M    M  7.7 25 320   M    M   6        33  10
23  70  36  53  -6  12   0 0.00    M    M  5.8 21 310   M    M   0        25 320
24  84  38  61   2   4   0    T    M    M  9.9 45 230   M    M   0 8      72 260
25  81  52  67   8   0   2    T    M    M 12.1 40 250   M    M   4 38     54 260
================================================================================
SM 1807  989       226   6  0.56    M    177.6          M       74
================================================================================
AV 72.3 39.6                               7.1 FASTST   M    M   3    MAX(MPH)
                                 MISC ---->  # 45 230               # 72  260
================================================================================
NOTES:
# LAST OF SEVERAL OCCURRENCES

COLUMN 17 PEAK WIND IN M.P.H.

PRELIMINARY LOCAL CLIMATOLOGICAL DATA (WS FORM: F-6) , PAGE 2

                                          STATION:  RIFLE CO
                                          MONTH:    MAY
                                          YEAR:     2017
                                          LATITUDE:   39 31 N
                                          LONGITUDE: 107 43 W

[TEMPERATURE DATA]      [PRECIPITATION DATA]       SYMBOLS USED IN COLUMN 16

AVERAGE MONTHLY: 55.9   TOTAL FOR MONTH:   0.56    1 = FOG OR MIST
DPTR FM NORMAL:   0.3   DPTR FM NORMAL:   -0.66    2 = FOG REDUCING VISIBILITY
HIGHEST:    85 ON  5    GRTST 24HR  0.19 ON 17-17      TO 1/4 MILE OR LESS
LOWEST:     30 ON 20                               3 = THUNDER
                        SNOW, ICE PELLETS, HAIL    4 = ICE PELLETS
                        TOTAL MONTH:    M          5 = HAIL
                        GRTST 24HR    M  ON   M    6 = FREEZING RAIN OR DRIZZLE
                        GRTST DEPTH:  M  ON   M    7 = DUSTSTORM OR SANDSTORM:
                                                       VSBY 1/2 MILE OR LESS
                                                   8 = SMOKE OR HAZE
[NO. OF DAYS WITH]      [WEATHER - DAYS WITH]      9 = BLOWING SNOW
                                                   X = TORNADO
MAX 32 OR BELOW:   0    0.01 INCH OR MORE:   7
MAX 90 OR ABOVE:   0    0.10 INCH OR MORE:   3
MIN 32 OR BELOW:   2    0.50 INCH OR MORE:   0
MIN  0 OR BELOW:   0    1.00 INCH OR MORE:   0

[HDD (BASE 65) ]
TOTAL THIS MO.   226    CLEAR  (SCALE 0-3)  14
DPTR FM NORMAL   -10    PTCLDY (SCALE 4-7)  10
TOTAL FM JUL 1  5439    CLOUDY (SCALE 8-10)  1
DPTR FM NORMAL -1094

[CDD (BASE 65) ]
TOTAL THIS MO.     6
DPTR FM NORMAL     6    [PRESSURE DATA]
TOTAL FM JAN 1     6    HIGHEST SLP M ON M
DPTR FM NORMAL     6    LOWEST  SLP 29.36 ON 25

[REMARKS]
