000
CXUS55 KRIW 300945
CF6RKS
PRELIMINARY LOCAL CLIMATOLOGICAL DATA (WS FORM: F-6)

                                          STATION:   ROCK SPRINGS WY
                                          MONTH:     MARCH
                                          YEAR:      2017
                                          LATITUDE:   41 35 N
                                          LONGITUDE: 109  4 W

  TEMPERATURE IN F:       :PCPN:    SNOW:  WIND      :SUNSHINE: SKY     :PK WND
================================================================================
1   2   3   4   5  6A  6B    7    8   9   10  11  12  13   14  15   16   17  18
                                     12Z  AVG MX 2MIN
DY MAX MIN AVG DEP HDD CDD  WTR  SNW DPTH SPD SPD DIR MIN PSBL S-S WX    SPD DR
================================================================================

 1  26  15  21  -7  44   0    T    M    M 23.7 39 260   M    M   5        47 270
 2  30  18  24  -5  41   0 0.00  0.0    M 12.6 29 260   M    M   0        34 260
 3  39  11  25  -4  40   0 0.00  0.0    M  2.4  9 210   M    M   0        11 210
 4  46  23  35   5  30   0 0.00  0.0    M  6.9 21 210   M    M   0        26 210
 5  44  24  34   4  31   0    T    M    M 23.9 47 200   M    M   2 13     60 200
 6  25  15  20 -10  45   0 0.01    M    M 27.2 43 260   M    M   7 12     53 260
 7  31  16  24  -7  41   0 0.02    M    M 23.3 40 270   M    M   6 1289   47 260
 8  43  25  34   3  31   0 0.00  0.0    M 18.4 29 250   M    M   4        35 260
 9  46  33  40   9  25   0 0.00  0.0    M 20.4 45 260   M    M   0        54 270
10  50  35  43  11  22   0 0.00  0.0    M 16.2 31 270   M    M   3        37 280
11  49  31  40   8  25   0 0.00  0.0    M  7.9 16 280   M    M   1        19 280
12  44  30  37   5  28   0 0.00    M    M 19.4 38 280   M    M   2        45 290
13  49  29  39   6  26   0 0.00    M    M 18.4 38 260   M    M   1        46 260
14  58  38  48  15  17   0 0.00    M    M 11.4 25 280   M    M   2        33 260
15  63  33  48  14  17   0 0.00    M    M  6.6 18 260   M    M   0        23 300
16  57  38  48  14  17   0 0.00    M    M 16.0 25 250   M    M   0        37 270
17  61  35  48  14  17   0 0.00  0.0    M  6.4 16 280   M    M   0        21 250
18  69  36  53  19  12   0 0.00  0.0    M  8.5 24 200   M    M   0        28 200
19  61  41  51  16  14   0 0.00  0.0    M 10.7 25 250   M    M   0        31 280
20  63  38  51  16  14   0    T    M    M  6.5 26 310   M    M   3 3      38 320
21  65  40  53  18  12   0    T    M    M  6.8 25 180   M    M   3        32 180
22  61  38  50  14  15   0 0.18    M    M  7.8 33 240   M    M   6 13     41 240
23  47  35  41   5  24   0 0.22    M    M 10.4 20 230   M    M   9 13     26  30
24  52  33  43   7  22   0 0.00  0.0    M  5.5 14  70   M    M   4        17 230
25  52  34  43   7  22   0 0.04    M    M  6.9 20 340   M    M   4 1      24 330
26  48  30  39   3  26   0    T    M    M  8.9 16 270   M    M   4        20 260
27  51  34  43   6  22   0 0.10    M    M  6.0 15  20   M    M   9 1      18  20
28  43  32  38   1  27   0 0.48    M    M  7.6 15 350   M    M   9 12     19  10
29  52  27  40   3  25   0 0.00    M    M 13.9 28 260   M    M   0        31 260
================================================================================
SM 1425  867       732   0  1.05     0.0 360.6          M       84
================================================================================
AV 49.1 29.9                              12.4 FASTST   M    M   3    MAX(MPH)
                                 MISC ---->  # 47 200               # 60  200
================================================================================
NOTES:
# LAST OF SEVERAL OCCURRENCES

COLUMN 17 PEAK WIND IN M.P.H.

PRELIMINARY LOCAL CLIMATOLOGICAL DATA (WS FORM: F-6) , PAGE 2

                                          STATION:  ROCK SPRINGS WY
                                          MONTH:    MARCH
                                          YEAR:     2017
                                          LATITUDE:   41 35 N
                                          LONGITUDE: 109  4 W

[TEMPERATURE DATA]      [PRECIPITATION DATA]       SYMBOLS USED IN COLUMN 16

AVERAGE MONTHLY: 39.5   TOTAL FOR MONTH:   1.05    1 = FOG OR MIST
DPTR FM NORMAL:   6.3   DPTR FM NORMAL:    0.42    2 = FOG REDUCING VISIBILITY
HIGHEST:    69 ON 18    GRTST 24HR  0.48 ON 28-28      TO 1/4 MILE OR LESS
LOWEST:     11 ON  3                               3 = THUNDER
                        SNOW, ICE PELLETS, HAIL    4 = ICE PELLETS
                        TOTAL MONTH:   0.0 INCH    5 = HAIL
                        GRTST 24HR     0.0         6 = FREEZING RAIN OR DRIZZLE
                        GRTST DEPTH:  M  ON   M    7 = DUSTSTORM OR SANDSTORM:
                                                       VSBY 1/2 MILE OR LESS
                                                   8 = SMOKE OR HAZE
[NO. OF DAYS WITH]      [WEATHER - DAYS WITH]      9 = BLOWING SNOW
                                                   X = TORNADO
MAX 32 OR BELOW:   4    0.01 INCH OR MORE:   7
MAX 90 OR ABOVE:   0    0.10 INCH OR MORE:   4
MIN 32 OR BELOW:  14    0.50 INCH OR MORE:   0
MIN  0 OR BELOW:   0    1.00 INCH OR MORE:   0

[HDD (BASE 65) ]
TOTAL THIS MO.   732    CLEAR  (SCALE 0-3)  18
DPTR FM NORMAL  -190    PTCLDY (SCALE 4-7)   8
TOTAL FM JUL 1  6470    CLOUDY (SCALE 8-10)  3
DPTR FM NORMAL  -304

[CDD (BASE 65) ]
TOTAL THIS MO.     0
DPTR FM NORMAL     0    [PRESSURE DATA]
TOTAL FM JAN 1     0    HIGHEST SLP M ON M
DPTR FM NORMAL     0    LOWEST  SLP 29.39 ON  5

[REMARKS]
