000
CXUS54 KLZK 011130
CF6RUE
PRELIMINARY LOCAL CLIMATOLOGICAL DATA (WS FORM: F-6)

                                          STATION:   Russellville
                                          MONTH:     APRIL
                                          YEAR:      2016
                                          LATITUDE:   35 15 N
                                          LONGITUDE:  93  6 W

  TEMPERATURE IN F:       :PCPN:    SNOW:  WIND      :SUNSHINE: SKY     :PK WND
================================================================================
1   2   3   4   5  6A  6B    7    8   9   10  11  12  13   14  15   16   17  18
                                     12Z  AVG MX 2MIN
DY MAX MIN AVG DEP HDD CDD  WTR  SNW DPTH SPD SPD DIR MIN PSBL S-S WX    SPD DR
================================================================================

 1  62  41  52  -5  13   0 0.00    M    M  6.4 15 320   M    M   0        21 320
 2  67  35  51  -6  14   0 0.00    M    M  6.3 21 270   M    M   0        28 270
 3  76  36  56  -2   9   0 0.00    M    M  3.7 16 240   M    M   0 8      24 250
 4  83  42  63   5   2   0 0.00    M    M  2.7 14 290   M    M   0 8      20 310
 5  73  47  60   2   5   0 0.00    M    M  6.7 14 110   M    M   0        23 100
 6  73  46  60   2   5   0    T    M    M  9.2 28 280   M    M   1        36 280
 7  78  41  60   1   5   0 0.00    M    M  7.5 22 280   M    M   0        28 320
 8  70  38  54  -5  11   0 0.00    M    M  6.4 22 290   M    M   0        31 360
 9  69  38  54  -5  11   0 0.14    M    M  4.7 14  80   M    M   2 1      19 100
10  77  52  65   5   0   0 0.03    M    M  5.9 17 190   M    M   7        26 190
11  70  50  60   0   5   0 0.36    M    M  4.3 17  20   M    M   6 13     23  20
12  67  45  56  -4   9   0 0.00    M    M  5.8 17  70   M    M   1        23  70
13  64  45  55  -6  10   0 0.08    M    M  2.1 10  70   M    M   6        13  70
14  71  50  61   0   4   0 0.00    M    M  2.4 12 110   M    M   6        17 110
15  68  50  59  -2   6   0 0.04    M    M  5.3 13 110   M    M   9 1      22 100
16  65  59  62   0   3   0 0.01    M    M  6.2 12 100   M    M  10 1      20 130
17  78  61  70   8   0   5 0.00    M    M  6.5 15 100   M    M   7        25 110
18  69  60  65   3   0   0 0.14    M    M  2.9 10 220   M    M   9 1      17 120
19  65  59  62   0   3   0 0.01    M    M  5.1 12  90   M    M  10 1      20 110
20  73  54  64   1   1   0 0.10    M    M  1.7  9 260   M    M   7 1      11 260
21  78  50  64   1   1   0 0.00    M    M  4.5 16 280   M    M   2 12     22 260
22  79  50  65   2   0   0 0.00    M    M  4.0 14 290   M    M   1        19 310
23  81  49  65   1   0   0 0.00    M    M  2.1  9 270   M    M   0 1      13 260
24  80  53  67   3   0   2 0.00    M    M  3.7 15 200   M    M   3 1      21 180
25  81  55  68   4   0   3 0.00    M    M  3.3 13 180   M    M   6        18 200
26  83  69  76  12   0  11 0.00    M    M  5.6 14 190   M    M   8        21 200
27  82  60  71   6   0   6 0.04    M    M  6.1 26 290   M    M   3 3      40 310
28  83  52  68   3   0   3 0.00    M    M  2.3  8  70   M    M   0        14  90
29  69  57  63  -2   2   0 3.30    M    M  8.5 29  60   M    M   7 13     41  50
30  81  62  72   6   0   7 1.13    M    M  3.5 12 280   M    M   6 13     18 130
================================================================================
SM 2215 1506       119  37  5.38    M    145.4          M      117
================================================================================
AV 73.8 50.2                               4.8 FASTST   M    M   4    MAX(MPH)
                                 MISC ---->  # 29  60               # 41   50
================================================================================
NOTES:
# LAST OF SEVERAL OCCURRENCES

COLUMN 17 PEAK WIND IN M.P.H.

PRELIMINARY LOCAL CLIMATOLOGICAL DATA (WS FORM: F-6) , PAGE 2

                                          STATION:  Russellville
                                          MONTH:    APRIL
                                          YEAR:     2016
                                          LATITUDE:   35 15 N
                                          LONGITUDE:  93  6 W

[TEMPERATURE DATA]      [PRECIPITATION DATA]       SYMBOLS USED IN COLUMN 16

AVERAGE MONTHLY: 62.0   TOTAL FOR MONTH:   5.38    1 = FOG OR MIST
DPTR FM NORMAL:   0.6   DPTR FM NORMAL:    0.48    2 = FOG REDUCING VISIBILITY
HIGHEST:    83 ON 28,26 GRTST 24HR  4.06 ON 29-30      TO 1/4 MILE OR LESS
LOWEST:     35 ON  2                               3 = THUNDER
                        SNOW, ICE PELLETS, HAIL    4 = ICE PELLETS
                        TOTAL MONTH:    M          5 = HAIL
                        GRTST 24HR    M  ON   M    6 = FREEZING RAIN OR DRIZZLE
                        GRTST DEPTH:  M  ON   M    7 = DUSTSTORM OR SANDSTORM:
                                                       VSBY 1/2 MILE OR LESS
                                                   8 = SMOKE OR HAZE
[NO. OF DAYS WITH]      [WEATHER - DAYS WITH]      9 = BLOWING SNOW
                                                   X = TORNADO
MAX 32 OR BELOW:   0    0.01 INCH OR MORE:  12
MAX 90 OR ABOVE:   0    0.10 INCH OR MORE:   6
MIN 32 OR BELOW:   0    0.50 INCH OR MORE:   2
MIN  0 OR BELOW:   0    1.00 INCH OR MORE:   2

[HDD (BASE 65) ]
TOTAL THIS MO.   119    CLEAR  (SCALE 0-3)  16
DPTR FM NORMAL   -36    PTCLDY (SCALE 4-7)  10
TOTAL FM JUL 1  2665    CLOUDY (SCALE 8-10)  4
DPTR FM NORMAL  -569

[CDD (BASE 65) ]
TOTAL THIS MO.    37
DPTR FM NORMAL    -8    [PRESSURE DATA]
TOTAL FM JAN 1    45    HIGHEST SLP 30.28 ON 12
DPTR FM NORMAL   -13    LOWEST  SLP 29.57 ON 27

[REMARKS]
#FINAL-04-16#
