000
CXUS55 KCYS 201000
CF6RWL
PRELIMINARY LOCAL CLIMATOLOGICAL DATA (WS FORM: F-6)

                                          STATION:   RAWLINS WYOMING AIRPORT
                                          MONTH:     JANUARY
                                          YEAR:      2018
                                          LATITUDE:   41 47 N
                                          LONGITUDE: 107 12 W

  TEMPERATURE IN F:       :PCPN:    SNOW:  WIND      :SUNSHINE: SKY     :PK WND
================================================================================
1   2   3   4   5  6A  6B    7    8   9   10  11  12  13   14  15   16   17  18
                                     12Z  AVG MX 2MIN
DY MAX MIN AVG DEP HDD CDD  WTR  SNW DPTH SPD SPD DIR MIN PSBL S-S WX    SPD DR
================================================================================

 1  35  10  23   1  42   0 0.00    M    M 10.7 28 250   M    M   3        34 240
 2  31  -3  14  -8  51   0 0.00    M    M  6.3 29 240   M    M   0        36 250
 3  39   5  22   0  43   0 0.00    M    M  4.9 24 240   M    M   2        29 240
 4  42  11  27   5  38   0 0.00    M    M  6.2 18 250   M    M   0        23 250
 5  44  29  37  15  28   0 0.00    M    M  9.5 20 230   M    M   3        25 230
 6  42  28  35  13  30   0    T    M    M 13.6 25 250   M    M   4 1      31 250
 7  37  23  30   8  35   0    T    M    M 14.8 37 260   M    M   4        46 260
 8  47  27  37  15  28   0 0.00    M    M 13.5 29 240   M    M   0        35 240
 9  48  36  42  20  23   0    T    M    M 22.3 41 220   M    M   6        53 210
10  42  24  33  11  32   0    T    M    M 16.0 33 220   M    M   6 1      44 210
11  33  17  25   3  40   0    T    M    M 20.5 36 230   M    M   4 1      53 220
12  41  28  35  13  30   0    T    M    M 22.1 38 240   M    M   4        49 250
13  39  26  33  11  32   0    T    M    M 21.0 36 260   M    M   4        43 240
14  42  25  34  12  31   0    T    M    M 17.3 36 250   M    M   0        42 250
15  34   2  18  -4  47   0    T    M    M  5.3 15 360   M    M   4        19 280
16  35  -3  16  -6  49   0 0.00    M    M  4.8 20 250   M    M   0        25 250
17  40   7  24   2  41   0 0.00    M    M  5.8 20 220   M    M   0        24 260
18  47  26  37  15  28   0    T    M    M 14.1 31 210   M    M   1        40 210
19  48  35  42  20  23   0 0.00    M    M 21.9 37 210   M    M   0        49 210
================================================================================
SM  766  353       671   0    T     M    250.6          M       45
================================================================================
AV 40.3 18.6                              13.2 FASTST   M    M   2    MAX(MPH)
                                 MISC ---->  # 41 220               # 53  210
================================================================================
NOTES:
# LAST OF SEVERAL OCCURRENCES

COLUMN 17 PEAK WIND IN M.P.H.

PRELIMINARY LOCAL CLIMATOLOGICAL DATA (WS FORM: F-6) , PAGE 2

                                          STATION:  RAWLINS WYOMING AIRPORT
                                          MONTH:    JANUARY
                                          YEAR:     2018
                                          LATITUDE:   41 47 N
                                          LONGITUDE: 107 12 W

[TEMPERATURE DATA]      [PRECIPITATION DATA]       SYMBOLS USED IN COLUMN 16

AVERAGE MONTHLY: 29.5   TOTAL FOR MONTH:      T    1 = FOG OR MIST
DPTR FM NORMAL:   7.4   DPTR FM NORMAL:   -0.23    2 = FOG REDUCING VISIBILITY
HIGHEST:    48 ON 19, 9 GRTST 24HR    T  ON 18-18      TO 1/4 MILE OR LESS
LOWEST:     -3 ON 16, 2                            3 = THUNDER
                        SNOW, ICE PELLETS, HAIL    4 = ICE PELLETS
                        TOTAL MONTH:    M          5 = HAIL
                        GRTST 24HR    M  ON   M    6 = FREEZING RAIN OR DRIZZLE
                        GRTST DEPTH:  M  ON   M    7 = DUSTSTORM OR SANDSTORM:
                                                       VSBY 1/2 MILE OR LESS
                                                   8 = SMOKE OR HAZE
[NO. OF DAYS WITH]      [WEATHER - DAYS WITH]      9 = BLOWING SNOW
                                                   X = TORNADO
MAX 32 OR BELOW:   1    0.01 INCH OR MORE:   0
MAX 90 OR ABOVE:   0    0.10 INCH OR MORE:   0
MIN 32 OR BELOW:  17    0.50 INCH OR MORE:   0
MIN  0 OR BELOW:   2    1.00 INCH OR MORE:   0

[HDD (BASE 65) ]
TOTAL THIS MO.   671    CLEAR  (SCALE 0-3)  11
DPTR FM NORMAL  -146    PTCLDY (SCALE 4-7)   8
TOTAL FM JUL 1  3702    CLOUDY (SCALE 8-10)  0
DPTR FM NORMAL  -569

[CDD (BASE 65) ]
TOTAL THIS MO.     0
DPTR FM NORMAL     0    [PRESSURE DATA]
TOTAL FM JAN 1     0    HIGHEST SLP M ON M
DPTR FM NORMAL     0    LOWEST  SLP 29.34 ON 10

[REMARKS]
