000
CXUS55 KCYS 261000
CF6RWL
PRELIMINARY LOCAL CLIMATOLOGICAL DATA (WS FORM: F-6)

                                          STATION:   RAWLINS WYOMING AIRPORT
                                          MONTH:     MARCH
                                          YEAR:      2017
                                          LATITUDE:   41 47 N
                                          LONGITUDE: 107 12 W

  TEMPERATURE IN F:       :PCPN:    SNOW:  WIND      :SUNSHINE: SKY     :PK WND
================================================================================
1   2   3   4   5  6A  6B    7    8   9   10  11  12  13   14  15   16   17  18
                                     12Z  AVG MX 2MIN
DY MAX MIN AVG DEP HDD CDD  WTR  SNW DPTH SPD SPD DIR MIN PSBL S-S WX    SPD DR
================================================================================

 1  24  11  18 -10  47   0    M    M    M 21.6 45 260   M    M   5 8      58 240
 2  29  17  23  -5  42   0 0.00    M    M 18.3 36 240   M    M   0        44 240
 3  40  25  33   5  32   0 0.00    M    M 12.8 26 240   M    M   0        31 240
 4  45  32  39  10  26   0 0.00    M    M 22.7 40 220   M    M   0        51 210
 5  44  33  39  10  26   0 0.02    M    M 23.4 44 210   M    M   3 1      57 200
 6  34  16  25  -4  40   0 0.03    M    M 30.5 47 260   M    M   6        58 270
 7  33  16  25  -5  40   0    T    M    M 26.9 44 250   M    M   6        56 250
 8  45  27  36   6  29   0 0.00    M    M 25.9 41 260   M    M   6        55 240
 9  51  35  43  13  22   0 0.00    M    M 22.8 35 260   M    M   1        44 250
10  56  36  46  15  19   0    T    M    M 18.9 38 240   M    M   4        48 240
11  52  32  42  11  23   0 0.00    M    M  9.2 21 230   M    M   2        27 220
12  49  25  37   6  28   0    T    M    M 18.0 38 280   M    M   3        48 290
13  51  27  39   7  26   0 0.00    M    M 17.6 35 250   M    M   3        43 240
14  61  39  50  18  15   0 0.00    M    M 17.9 31 250   M    M   4        37 260
15  67  36  52  20  13   0 0.00    M    M 13.6 32 260   M    M   0        39 270
16  61  38  50  18  15   0 0.00    M    M 21.9 45 270   M    M   0        55 260
17  62  36  49  16  16   0 0.00    M    M 11.0 26 250   M    M   2        33 260
18  71  29  50  17  15   0 0.00    M    M 12.0 36 250   M    M   0        49 220
19  64  39  52  19  13   0 0.00    M    M 16.4 36 250   M    M   1        51 250
20  67  32  50  16  15   0    T    M    M  9.1 35 220   M    M   3        45 210
21  66  32  49  15  16   0 0.00    M    M  8.6 29 200   M    M   4        36 200
22  66  40  53  19  12   0 0.00    M    M 15.1 33 230   M    M   4        45 230
23  57  31  44  10  21   0 0.01    M    M 12.3 30 240   M    M   7        39 200
24  53  33  43   8  22   0 0.00    M    M  8.8 17  40   M    M   4        23 210
25  55  39  47  12  18   0    T    M    M 11.5 23 220   M    M   5        27 240
================================================================================
SM 1303  756       591   0  0.06    M    426.8          M       73
================================================================================
AV 52.1 30.2                              17.1 FASTST   M    M   3    MAX(MPH)
                                 MISC ---->  # 47 260               # 58  240
================================================================================
NOTES:
# LAST OF SEVERAL OCCURRENCES

COLUMN 17 PEAK WIND IN M.P.H.

PRELIMINARY LOCAL CLIMATOLOGICAL DATA (WS FORM: F-6) , PAGE 2

                                          STATION:  RAWLINS WYOMING AIRPORT
                                          MONTH:    MARCH
                                          YEAR:     2017
                                          LATITUDE:   41 47 N
                                          LONGITUDE: 107 12 W

[TEMPERATURE DATA]      [PRECIPITATION DATA]       SYMBOLS USED IN COLUMN 16

AVERAGE MONTHLY: 41.2   TOTAL FOR MONTH:   0.06    1 = FOG OR MIST
DPTR FM NORMAL:   9.7   DPTR FM NORMAL:   -0.46    2 = FOG REDUCING VISIBILITY
HIGHEST:    71 ON 18    GRTST 24HR  0.03 ON  6- 6      TO 1/4 MILE OR LESS
LOWEST:     11 ON  1                               3 = THUNDER
                        SNOW, ICE PELLETS, HAIL    4 = ICE PELLETS
                        TOTAL MONTH:    M          5 = HAIL
                        GRTST 24HR    M  ON   M    6 = FREEZING RAIN OR DRIZZLE
                        GRTST DEPTH:  M  ON   M    7 = DUSTSTORM OR SANDSTORM:
                                                       VSBY 1/2 MILE OR LESS
                                                   8 = SMOKE OR HAZE
[NO. OF DAYS WITH]      [WEATHER - DAYS WITH]      9 = BLOWING SNOW
                                                   X = TORNADO
MAX 32 OR BELOW:   2    0.01 INCH OR MORE:   3
MAX 90 OR ABOVE:   0    0.10 INCH OR MORE:   0
MIN 32 OR BELOW:  14    0.50 INCH OR MORE:   0
MIN  0 OR BELOW:   0    1.00 INCH OR MORE:   0

[HDD (BASE 65) ]
TOTAL THIS MO.   591    CLEAR  (SCALE 0-3)  12
DPTR FM NORMAL  -247    PTCLDY (SCALE 4-7)  13
TOTAL FM JUL 1  6087    CLOUDY (SCALE 8-10)  0
DPTR FM NORMAL  -708

[CDD (BASE 65) ]
TOTAL THIS MO.     0
DPTR FM NORMAL     0    [PRESSURE DATA]
TOTAL FM JAN 1     0    HIGHEST SLP M ON M
DPTR FM NORMAL     0    LOWEST  SLP 29.14 ON  6

[REMARKS]
