000
CXUS55 KPIH 311200
CF6RXE

PRELIMINARY LOCAL CLIMATOLOGICAL DATA (WS FORM: F-6)

                                          STATION:   REXBURG ID
                                          MONTH:     MAY
                                          YEAR:      2016
                                          LATITUDE:   43 49 N
                                          LONGITUDE: 111 48 W

  TEMPERATURE IN F:       :PCPN:    SNOW:  WIND      :SUNSHINE: SKY     :PK WND
================================================================================
1   2   3   4   5  6A  6B    7    8   9   10  11  12  13   14  15   16   17  18
                                     12Z  AVG MX 2MIN
DY MAX MIN AVG DEP HDD CDD  WTR  SNW DPTH SPD SPD DIR MIN PSBL S-S WX    SPD DR
================================================================================

 1  65  35  50   2  15   0 0.00    M    M  6.2 17  30   M    M   0        22  70
 2  65  31  48   0  17   0 0.00    M    M  3.3 10 280   M    M   0        15 270
 3  73  33  53   4  12   0 0.00    M    M  3.4 12 280   M    M   0        15 260
 4  76  37  57   8   8   0 0.00    M    M  5.8 18 220   M    M   0        26 230
 5  81  44  63  14   2   0 0.00    M    M  5.1 16 200   M    M   0        22 190
 6  63  50  57   7   8   0 0.04    M    M  7.4 21 190   M    M   5        28 190
 7  66  43  55   5  10   0 0.04    M    M  6.1 18  40   M    M   5 3      24  50
 8  69  44  57   7   8   0 0.21    M    M  8.0 25 280   M    M   6 3      40 260
 9  59  37  48  -2  17   0 0.11    M    M 14.8 39 220   M    M   6 1      54 230
10  51  35  43  -8  22   0 0.00    M    M  7.8 18  30   M    M   7        25  30
11  56  27  42  -9  23   0 0.00    M    M  4.6 13 180   M    M   1        21  30
12  70  31  51   0  14   0 0.00    M    M  8.9 20 250   M    M   0        28 200
13  78  40  59   7   6   0 0.00    M    M  6.9 16 200   M    M   1        20 210
14  78  45  62  10   3   0 0.02    M    M  9.5 33 210   M    M   1        45 200
15  61  46  54   2  11   0 0.20    M    M  6.9 18 220   M    M   6 1      24 230
16  62  43  53   0  12   0 0.00    M    M  7.7 16 190   M    M   6        22 190
17  67  42  55   2  10   0 0.00    M    M  3.3 10  30   M    M   4        13 270
18  72  40  56   3   9   0 0.00    M    M  6.9 16 210   M    M   3        22 230
19  70  42  56   2   9   0 0.37    M    M  9.0 29 240   M    M   5 13     37 240
20  63  42  53  -1  12   0 0.36    M    M  6.2 22 280   M    M   6 13     33 190
21  51  42  47  -7  18   0 0.40    M    M  7.4 20 230   M    M   7 1      25 230
22  57  38  48  -6  17   0 0.01    M    M 14.4 25 230   M    M   2        36 230
23  62  37  50  -4  15   0 0.00    M    M 12.0 20 230   M    M   2        27 240
24  65  34  50  -5  15   0 0.16    M    M  5.1 23 180   M    M   4 1      30 180
25  60  43  52  -3  13   0 0.11    M    M  5.3 14 240   M    M   7 13     17 240
26  67  37  52  -3  13   0 0.00    M    M  4.6 12  70   M    M   1        17  80
27  67  42  55  -1  10   0 0.01    M    M  9.0 24 230   M    M   4 3      32 250
28  65  42  54  -2  11   0 0.00    M    M 10.4 20 210   M    M   0        31 210
29  73  36  55  -1  10   0 0.00    M    M  8.7 22 210   M    M   0        30 210
30  70  48  59   3   6   0 0.00    M    M  8.4 20 200   M    M   3        25 200
================================================================================
SM 1982 1186       356   0  2.04    M    223.1          M       92
================================================================================
AV 66.1 39.5                               7.4 FASTST   M    M   3    MAX(MPH)
                                 MISC ---->  # 39 220               # 54  230
================================================================================
NOTES:
# LAST OF SEVERAL OCCURRENCES
PRECIPITATION SUSPECT DURING FREEZING/FROZEN EVENTS

COLUMN 17 PEAK WIND IN M.P.H.

PRELIMINARY LOCAL CLIMATOLOGICAL DATA (WS FORM: F-6) , PAGE 2

                                          STATION:  REXBURG ID
                                          MONTH:    MAY
                                          YEAR:     2016
                                          LATITUDE:   43 49 N
                                          LONGITUDE: 111 48 W

[TEMPERATURE DATA]      [PRECIPITATION DATA]       SYMBOLS USED IN COLUMN 16

AVERAGE MONTHLY: 52.8   TOTAL FOR MONTH:   2.04    1 = FOG OR MIST
DPTR FM NORMAL:   0.5   DPTR FM NORMAL:    0.35    2 = FOG REDUCING VISIBILITY
HIGHEST:    81 ON  5    GRTST 24HR  0.71 ON 20-21      TO 1/4 MILE OR LESS
LOWEST:     27 ON 11                               3 = THUNDER
                        SNOW, ICE PELLETS, HAIL    4 = ICE PELLETS
                        TOTAL MONTH:    M          5 = HAIL
                        GRTST 24HR    M  ON   M    6 = FREEZING RAIN OR DRIZZLE
                        GRTST DEPTH:  M  ON   M    7 = DUSTSTORM OR SANDSTORM:
                                                       VSBY 1/2 MILE OR LESS
                                                   8 = SMOKE OR HAZE
[NO. OF DAYS WITH]      [WEATHER - DAYS WITH]      9 = BLOWING SNOW
                                                   X = TORNADO
MAX 32 OR BELOW:   0    0.01 INCH OR MORE:  13
MAX 90 OR ABOVE:   0    0.10 INCH OR MORE:   8
MIN 32 OR BELOW:   3    0.50 INCH OR MORE:   0
MIN  0 OR BELOW:   0    1.00 INCH OR MORE:   0

[HDD (BASE 65) ]
TOTAL THIS MO.   356    CLEAR  (SCALE 0-3)  16
DPTR FM NORMAL   -27    PTCLDY (SCALE 4-7)  14
TOTAL FM JUL 1  7293    CLOUDY (SCALE 8-10)  0
DPTR FM NORMAL  -655

[CDD (BASE 65) ]
TOTAL THIS MO.     0
DPTR FM NORMAL     0    [PRESSURE DATA]
TOTAL FM JAN 1     0    HIGHEST SLP M ON M
DPTR FM NORMAL     0    LOWEST  SLP 29.52 ON  8

[REMARKS]
