847
CXUS55 KTWC 230855
CF6SAD
PRELIMINARY LOCAL CLIMATOLOGICAL DATA (WS FORM: F-6)

                                          STATION:   SAFFORD AZ AIRPORT
                                          MONTH:     JULY
                                          YEAR:      2016
                                          LATITUDE:   32 50 N
                                          LONGITUDE: 109 38 W

  TEMPERATURE IN F:       :PCPN:    SNOW:  WIND      :SUNSHINE: SKY     :PK WND
================================================================================
1   2   3   4   5  6A  6B    7    8   9   10  11  12  13   14  15   16   17  18
                                     12Z  AVG MX 2MIN
DY MAX MIN AVG DEP HDD CDD  WTR  SNW DPTH SPD SPD DIR MIN PSBL S-S WX    SPD DR
================================================================================

 1  79  66  73 -13   0   8 0.88    M    M  7.8 17  10   M    M   6 13     20 360
 2  94  65  80  -6   0  15    T    M    M 10.1 24 310   M    M   1 18     31 320
 3 101  68  85  -1   0  20 0.00    M    M 10.1 23 270   M    M   0        28 270
 4 104  69  87   1   0  22 0.00    M    M  8.6 23 300   M    M   0        28 280
 5 104  71  88   2   0  23 0.00    M    M  9.7 23 300   M    M   0        29 290
 6 101  73  87   1   0  22 0.00    M    M  7.8 21 290   M    M   0        30 290
 7  99  80  90   4   0  25 0.00    M    M 11.5 20 300   M    M   1        25 280
 8 103  74  89   3   0  24 0.00    M    M 10.4 23 320   M    M   0        35 290
 9 105  71  88   2   0  23 0.00    M    M 12.0 26 290   M    M   0        33 300
10 105  73  89   3   0  24 0.00    M    M 11.7 26 310   M    M   0        38 310
11 105  73  89   3   0  24 0.00    M    M 10.1 25 300   M    M   0        32 310
12 105  75  90   4   0  25 0.00    M    M  9.0 23 300   M    M   0        27 310
13 105  77  91   5   0  26 0.00    M    M 13.2 23 300   M    M   0        32 310
14 107  73  90   4   0  25 0.00    M    M 14.9 26 280   M    M   0        41 300
15 108  72  90   4   0  25 0.00    M    M 13.8 28 280   M    M   0        34 290
16 104  79  92   6   0  27 0.00    M    M 12.3 31 190   M    M   0        38 180
17 103  77  90   4   0  25 0.00    M    M  9.2 31 150   M    M   0 8      40 150
18 101  70  86   0   0  21    T  0.0    M  9.5 33 290   M    M   M 3      42 140
19 102  68  85   0   0  20 0.78  0.0    M  8.2 33 150   M    M   M 13     42 150
20  99   M   M   M   M   M    M  0.0    M  5.8 10 180   M    M   M 3       M  M
21 105  72  89   4   0  24 0.01  0.0    M  7.3 23 130   M    M   M 3      30 140
22 105  74  90   5   0  25 0.01  0.0    M  8.1 30  70   M    M   M 3      38  70
================================================================================
SM 2244 1520         0 473  1.68     0.0 221.1          M        8
================================================================================
AV102.0 72.4                              10.1 FASTST   M    M   0    MAX(MPH)
                                 MISC ---->  # 33 290               # 42  140
================================================================================
NOTES:
# LAST OF SEVERAL OCCURRENCES

COLUMN 17 PEAK WIND IN M.P.H.

PRELIMINARY LOCAL CLIMATOLOGICAL DATA (WS FORM: F-6) , PAGE 2

                                          STATION:  SAFFORD AZ AIRPORT
                                          MONTH:    JULY
                                          YEAR:     2016
                                          LATITUDE:   32 50 N
                                          LONGITUDE: 109 38 W

[TEMPERATURE DATA]      [PRECIPITATION DATA]       SYMBOLS USED IN COLUMN 16

AVERAGE MONTHLY: 87.2   TOTAL FOR MONTH:   1.68    1 = FOG OR MIST
DPTR FM NORMAL:   1.4   DPTR FM NORMAL:    0.70    2 = FOG REDUCING VISIBILITY
HIGHEST:   108 ON 15    GRTST 24HR  0.88 ON  1- 1      TO 1/4 MILE OR LESS
LOWEST:     65 ON  2                               3 = THUNDER
                        SNOW, ICE PELLETS, HAIL    4 = ICE PELLETS
                        TOTAL MONTH:   0.0 INCH    5 = HAIL
                        GRTST 24HR     0.0         6 = FREEZING RAIN OR DRIZZLE
                        GRTST DEPTH:  M  ON   M    7 = DUSTSTORM OR SANDSTORM:
                                                       VSBY 1/2 MILE OR LESS
                                                   8 = SMOKE OR HAZE
[NO. OF DAYS WITH]      [WEATHER - DAYS WITH]      9 = BLOWING SNOW
                                                   X = TORNADO
MAX 32 OR BELOW:   0    0.01 INCH OR MORE:   4
MAX 90 OR ABOVE:  21    0.10 INCH OR MORE:   2
MIN 32 OR BELOW:   0    0.50 INCH OR MORE:   2
MIN  0 OR BELOW:   0    1.00 INCH OR MORE:   0

[HDD (BASE 65) ]
TOTAL THIS MO.     0    CLEAR  (SCALE 0-3)  16
DPTR FM NORMAL     0    PTCLDY (SCALE 4-7)   1
TOTAL FM JUL 1     0    CLOUDY (SCALE 8-10)  0
DPTR FM NORMAL     0

[CDD (BASE 65) ]
TOTAL THIS MO.   473
DPTR FM NORMAL    15    [PRESSURE DATA]
TOTAL FM JAN 1  1415    HIGHEST SLP M ON M
DPTR FM NORMAL    69    LOWEST  SLP 29.65 ON M

[REMARKS]
