000
CXUS56 KSGX 281445
CF6SAN
PRELIMINARY LOCAL CLIMATOLOGICAL DATA (WS FORM: F-6)

                                          STATION:   SAN DIEGO/LINDBERGH FIELD CA
                                          MONTH:     MARCH
                                          YEAR:      2015
                                          LATITUDE:   32 43 N
                                          LONGITUDE: 117 10 W

  TEMPERATURE IN F:       :PCPN:    SNOW:  WIND      :SUNSHINE: SKY     :PK WND
================================================================================
1   2   3   4   5  6A  6B    7    8   9   10  11  12  13   14  15   16   17  18
                                     12Z  AVG MX 2MIN
DY MAX MIN AVG DEP HDD CDD  WTR  SNW DPTH SPD SPD DIR MIN PSBL S-S WX    SPD DR
================================================================================

 1  60  55  58   0   7   0 0.68  0.0    0  7.2 18  80   M    M   8 1      23  80
 2  61  53  57  -2   8   0 0.25  0.0    0  6.4 20 220   M    M   6 38     25 160
 3  65  52  59   0   6   0 0.00  0.0    0  5.0 15 270   M    M   5        18 270
 4  68  51  60   1   5   0 0.00  0.0    0  3.4 14 320   M    M   2        17 290
 5  75  50  63   4   2   0 0.00  0.0    0  5.5 18 340   M    M   1 8      23 340
 6  77  51  64   5   1   0 0.00  0.0    0  4.4 15 320   M    M   0        18 320
 7  84  54  69  10   0   4 0.00  0.0    0  3.0 13 310   M    M   0        16 320
 8  71  56  64   5   1   0 0.00  0.0    0  3.2  9 290   M    M   2        13 290
 9  66  57  62   3   3   0 0.00  0.0    0  4.0 10 320   M    M   4        14 290
10  72  54  63   4   2   0 0.00  0.0    0  4.1 13 320   M    M   5 128    16 310
11  72  60  66   7   0   1 0.00  0.0    0  4.9 16 310   M    M   8 18     20 340
12  77  60  69  10   0   4 0.00  0.0    0  4.8 16 300   M    M   2        21 320
13  89  61  75  16   0  10 0.00  0.0    0  6.9 18 300   M    M   2        24 300
14  90  64  77  18   0  12 0.00  0.0    0  3.7 14 300   M    M   3        16 300
15  89  68  79  20   0  14 0.00  0.0    0  3.5 14 320   M    M   6        16 340
16  87  66  77  18   0  12 0.00  0.0    0  3.0 10 230   M    M   8        14 220
17  77  63  70  10   0   5 0.00  0.0    0  5.3 13 180   M    M   8        16 180
18  68  63  66   6   0   1 0.00  0.0    0  7.4 14 180   M    M   8        16 190
19  70  63  67   7   0   2 0.00  0.0    0  4.7 14 290   M    M   7        17 290
20  72  61  67   7   0   2 0.00  0.0    0  4.8 15 300   M    M   5        20 310
21  70  62  66   6   0   1 0.00  0.0    0  4.7 10 280   M    M   7 18     15 250
22  69  60  65   5   0   0 0.00  0.0    0  4.6 13 290   M    M   8        16 270
23  69  59  64   4   1   0 0.00  0.0    0  4.3 12 290   M    M   5        16 290
24  71  58  65   5   0   0 0.00  0.0    0  4.7 13 260   M    M   5        17 270
25  77  60  69   9   0   4 0.00  0.0    0  3.9 14 290   M    M   2        18 300
26  84  60  72  12   0   7 0.00  0.0    0  4.6 14 310   M    M   0        18 310
27  82  62  72  12   0   7 0.00  0.0    0  3.5 15 300   M    M   2 1      18 300
================================================================================
SM 2012 1583        36  86  0.93     0.0 125.5          M      119
================================================================================
AV 74.5 58.6                               4.6 FASTST   M    M   4    MAX(MPH)
                                 MISC ---->  # 20 220               # 25  160
================================================================================
NOTES:
# LAST OF SEVERAL OCCURRENCES

COLUMN 17 PEAK WIND IN M.P.H.

PRELIMINARY LOCAL CLIMATOLOGICAL DATA (WS FORM: F-6) , PAGE 2

                                          STATION:  SAN DIEGO/LINDBERGH FIELD CA
                                          MONTH:    MARCH
                                          YEAR:     2015
                                          LATITUDE:   32 43 N
                                          LONGITUDE: 117 10 W

[TEMPERATURE DATA]      [PRECIPITATION DATA]       SYMBOLS USED IN COLUMN 16

AVERAGE MONTHLY: 66.6   TOTAL FOR MONTH:   0.93    1 = FOG OR MIST
DPTR FM NORMAL:   7.2   DPTR FM NORMAL:   -0.71    2 = FOG REDUCING VISIBILITY
HIGHEST:    90 ON 14    GRTST 24HR  0.68 ON  1- 1      TO 1/4 MILE OR LESS
LOWEST:     50 ON  5                               3 = THUNDER
                        SNOW, ICE PELLETS, HAIL    4 = ICE PELLETS
                        TOTAL MONTH:   0.0 INCH    5 = HAIL
                        GRTST 24HR     0.0         6 = FREEZING RAIN OR DRIZZLE
                        GRTST DEPTH:   0           7 = DUSTSTORM OR SANDSTORM:
                                                       VSBY 1/2 MILE OR LESS
                                                   8 = SMOKE OR HAZE
[NO. OF DAYS WITH]      [WEATHER - DAYS WITH]      9 = BLOWING SNOW
                                                   X = TORNADO
MAX 32 OR BELOW:   0    0.01 INCH OR MORE:   2
MAX 90 OR ABOVE:   1    0.10 INCH OR MORE:   2
MIN 32 OR BELOW:   0    0.50 INCH OR MORE:   1
MIN  0 OR BELOW:   0    1.00 INCH OR MORE:   0

[HDD (BASE 65) ]
TOTAL THIS MO.    36    CLEAR  (SCALE 0-3)  10
DPTR FM NORMAL  -122    PTCLDY (SCALE 4-7)  16
TOTAL FM JUL 1   382    CLOUDY (SCALE 8-10)  1
DPTR FM NORMAL  -634

[CDD (BASE 65) ]
TOTAL THIS MO.    86
DPTR FM NORMAL    86    [PRESSURE DATA]
TOTAL FM JAN 1   108    HIGHEST SLP M ON M
DPTR FM NORMAL   103    LOWEST  SLP 29.85 ON  3

[REMARKS]
