000
CXUS53 KMKX 200657
CF6SBM
PRELIMINARY LOCAL CLIMATOLOGICAL DATA (WS FORM: F-6)

                                          STATION:   SHEBOYGAN WI
                                          MONTH:     OCTOBER
                                          YEAR:      2014
                                          LATITUDE:   43 46 N
                                          LONGITUDE:  87 51 W

  TEMPERATURE IN F:       :PCPN:    SNOW:  WIND      :SUNSHINE: SKY     :PK WND
================================================================================
1   2   3   4   5  6A  6B    7    8   9   10  11  12  13   14  15   16   17  18
                                     12Z  AVG MX 2MIN
DY MAX MIN AVG DEP HDD CDD  WTR  SNW DPTH SPD SPD DIR MIN PSBL S-S WX    SPD DR
================================================================================

 1  62  49  56   2   9   0    T  0.0    M  7.3 18 150   M    M  10        22 150
 2  66  59  63  10   2   0 0.11  0.0    M  6.4 10 180   M    M   9 1       M  M
 3   M   M   M   M   M   M 0.82  0.0    0 16.0 24 280   M    M   8 1      36 270
 4  46  38  42 -11  23   0 0.06    M    0 11.7 21 280   M    M   9        30 270
 5  53  34  44  -8  21   0 0.00  0.0    0 10.5 22 260   M    M   6        28 260
 6  58  38  48  -4  17   0 0.00    M    M  7.5 20 240   M    M   5        23 240
 7  64  46  55   3  10   0 0.00    M    M 10.8 20 250   M    M   3        24 270
 8  60  33  47  -4  18   0 0.00    M    M  8.9 31 280   M    M   1        40 290
 9  56  34  45  -6  20   0 0.00  0.0    0  7.6 12 280   M    M   0         M  M
10  57  34  46  -4  19   0 0.00  0.0    M  4.2  5 250   M    M   7         M  M
11  58  29  44  -6  21   0 0.00  0.0    0   M   M   M   M    M   M         M  M
12  58  31  45  -5  20   0 0.05  0.0    M  5.7 21 170   M    M   9 1      29 180
13  62  50  56   7   9   0 1.65  0.0    0  6.8 21  50   M    M   9 1      35  30
14  62  50  56   7   9   0 0.41  0.0    0 13.9 40  30   M    M   9 12     50  30
15  55  49  52   3  13   0 0.15    M    0 10.5 25  50   M    M  10 1      32  50
16  54  47  51   3  14   0 0.00    M    M  5.3 12 180   M    M   8 12     14 180
17  57  46  52   4  13   0    T    M    M 12.8 23 350   M    M   7 18     31 340
18  50  30  40  -8  25   0 0.02    M    M  8.4 20 350   M    M   5        26 340
19  56  29  43  -4  22   0 0.02    M    M  9.7 21 210   M    M   2        26 210
================================================================================
SM 1034  726       285   0  3.29     0.0 164.0          M      117
================================================================================
AV 57.4 40.3                               9.1 FASTST   M    M   7    MAX(MPH)
                                 MISC ---->  # 40  30               # 50   30
================================================================================
NOTES:
# LAST OF SEVERAL OCCURRENCES

COLUMN 17 PEAK WIND IN M.P.H.

PRELIMINARY LOCAL CLIMATOLOGICAL DATA (WS FORM: F-6) , PAGE 2

                                          STATION:  SHEBOYGAN WI
                                          MONTH:    OCTOBER
                                          YEAR:     2014
                                          LATITUDE:   43 46 N
                                          LONGITUDE:  87 51 W

[TEMPERATURE DATA]      [PRECIPITATION DATA]       SYMBOLS USED IN COLUMN 16

AVERAGE MONTHLY: 48.9   TOTAL FOR MONTH:   3.29    1 = FOG OR MIST
DPTR FM NORMAL:  -1.6   DPTR FM NORMAL:    1.56    2 = FOG REDUCING VISIBILITY
HIGHEST:    66 ON  2    GRTST 24HR  1.86 ON 13-14      TO 1/4 MILE OR LESS
LOWEST:     29 ON 19,11                            3 = THUNDER
                        SNOW, ICE PELLETS, HAIL    4 = ICE PELLETS
                        TOTAL MONTH:   0.0 INCH    5 = HAIL
                        GRTST 24HR     0.0         6 = FREEZING RAIN OR DRIZZLE
                        GRTST DEPTH:   0           7 = DUSTSTORM OR SANDSTORM:
                                                       VSBY 1/2 MILE OR LESS
                                                   8 = SMOKE OR HAZE
[NO. OF DAYS WITH]      [WEATHER - DAYS WITH]      9 = BLOWING SNOW
                                                   X = TORNADO
MAX 32 OR BELOW:   0    0.01 INCH OR MORE:   9
MAX 90 OR ABOVE:   0    0.10 INCH OR MORE:   5
MIN 32 OR BELOW:   4    0.50 INCH OR MORE:   2
MIN  0 OR BELOW:   0    1.00 INCH OR MORE:   1

[HDD (BASE 65) ]
TOTAL THIS MO.   285    CLEAR  (SCALE 0-3)   3
DPTR FM NORMAL     7    PTCLDY (SCALE 4-7)   7
TOTAL FM JUL 1   567    CLOUDY (SCALE 8-10)  8
DPTR FM NORMAL    47

[CDD (BASE 65) ]
TOTAL THIS MO.     0
DPTR FM NORMAL     0    [PRESSURE DATA]
TOTAL FM JAN 1   260    HIGHEST SLP M ON M
DPTR FM NORMAL  -131    LOWEST  SLP 29.44 ON M

[REMARKS]
