000
CXUS55 KPSR 011005
CF6SDL
PRELIMINARY LOCAL CLIMATOLOGICAL DATA (WS FORM: F-6)

                                          STATION:   SCOTTSDALE AZ
                                          MONTH:     JUNE
                                          YEAR:      2015
                                          LATITUDE:   33 37 N
                                          LONGITUDE: 111 55 W

  TEMPERATURE IN F:       :PCPN:    SNOW:  WIND      :SUNSHINE: SKY     :PK WND
================================================================================
1   2   3   4   5  6A  6B    7    8   9   10  11  12  13   14  15   16   17  18
                                     12Z  AVG MX 2MIN
DY MAX MIN AVG DEP HDD CDD  WTR  SNW DPTH SPD SPD DIR MIN PSBL S-S WX    SPD DR
================================================================================

 1 102  74  88   4   0  23 0.00  0.0    0  4.0 17 250   M    M   0        28 210
 2 100  74  87   3   0  22 0.00  0.0    0  4.0 16 230   M    M   0        24 180
 3  98  71  85   1   0  20 0.00  0.0    0  4.4 15 250   M    M   0        20 260
 4  94  67  81  -4   0  16    T  0.0    0  4.9 25 150   M    M   2 38     38 150
 5  87  71  79  -6   0  14 0.30  0.0    0  5.8 15  40   M    M   2 38     21  80
 6  93  70  82  -3   0  17 0.04  0.0    0  2.9 12 270   M    M   6 13     18 150
 7  98  70  84  -2   0  19 0.00  0.0    0  2.4 10 270   M    M   1        15 150
 8 105  72  89   3   0  24 0.00  0.0    0  2.1 10 210   M    M   0        14 210
 9  92  81  87   1   0  22    M  0.0    0  4.3  9 270   M    M   7        14 260
10  93  78  86   0   0  21 0.00  0.0    0  3.8 13 230   M    M   6        17 220
11  97  80  89   2   0  24 0.00  0.0    0  4.0 15 220   M    M   1        20 230
12 101  74  88   1   0  23 0.00  0.0    0  2.0 12 240   M    M   0        16 220
13 103  78  91   4   0  26 0.00  0.0    0  3.3 13 260   M    M   0        21 190
14 105  80  93   5   0  28 0.00  0.0    0  3.1 14 240   M    M   0        18 270
15 109  84  97   9   0  32 0.00  0.0    0  3.1 13 240   M    M   0        18 230
16 109  82  96   8   0  31 0.00  0.0    0  3.1  9 240   M    M   0        21 270
17 111  84  98  10   0  33 0.00  0.0    0  4.1 14 240   M    M   0        22 250
18 112  81  97   8   0  32 0.00  0.0    0  4.8 16 240   M    M   0        24 250
19 110  82  96   7   0  31 0.00  0.0    0  4.0 15 230   M    M   0        21 210
20 109  77  93   4   0  28 0.00  0.0    0  3.1 12 280   M    M   0        18 230
21 105  83  94   5   0  29 0.00  0.0    0  3.8 12 260   M    M   0        17 230
22 107  83  95   5   0  30 0.00  0.0    0  3.1 13 260   M    M   0        18 220
23 108  84  96   6   0  31 0.00  0.0    0  4.2 15 260   M    M   0        20 270
24 110  84  97   7   0  32 0.00  0.0    0  4.6 20  80   M    M   0        26  90
25 108  86  97   7   0  32 0.00  0.0    0  4.6 15 240   M    M   0        20 270
26 105  86  96   6   0  31 0.00  0.0    0  5.2 14 250   M    M   M        20 260
27 106  83  95   4   0  30    T  0.0    0  6.0 30  80   M    M   M 38     43  80
28 107  84  96   5   0  31 0.00  0.0    0  3.6 13 190   M    M   0        18 190
29 107  85  96   5   0  31    M  0.0    0  4.1 14 240   M    M   0 3      20 320
30 104  83  94   3   0  29 0.00  0.0    0  5.8 14 250   M    M   0 3      21 260
================================================================================
SM 3095 2371         0 792  0.34     0.0 118.2          M       25
================================================================================
AV103.2 79.0                               3.9 FASTST   M    M   1    MAX(MPH)
                                 MISC ---->  # 30  80               # 43   80
================================================================================
NOTES:
# LAST OF SEVERAL OCCURRENCES

COLUMN 17 PEAK WIND IN M.P.H.

PRELIMINARY LOCAL CLIMATOLOGICAL DATA (WS FORM: F-6) , PAGE 2

                                          STATION:  SCOTTSDALE AZ
                                          MONTH:    JUNE
                                          YEAR:     2015
                                          LATITUDE:   33 37 N
                                          LONGITUDE: 111 55 W

[TEMPERATURE DATA]      [PRECIPITATION DATA]       SYMBOLS USED IN COLUMN 16

AVERAGE MONTHLY: 91.1   TOTAL FOR MONTH:   0.34    1 = FOG OR MIST
DPTR FM NORMAL:   3.2   DPTR FM NORMAL:    0.27    2 = FOG REDUCING VISIBILITY
HIGHEST:   112 ON 18    GRTST 24HR  0.33 ON  5- 6      TO 1/4 MILE OR LESS
LOWEST:     67 ON  4                               3 = THUNDER
                        SNOW, ICE PELLETS, HAIL    4 = ICE PELLETS
                        TOTAL MONTH:   0.0 INCH    5 = HAIL
                        GRTST 24HR     0.0         6 = FREEZING RAIN OR DRIZZLE
                        GRTST DEPTH:   0           7 = DUSTSTORM OR SANDSTORM:
                                                       VSBY 1/2 MILE OR LESS
                                                   8 = SMOKE OR HAZE
[NO. OF DAYS WITH]      [WEATHER - DAYS WITH]      9 = BLOWING SNOW
                                                   X = TORNADO
MAX 32 OR BELOW:   0    0.01 INCH OR MORE:   2
MAX 90 OR ABOVE:  29    0.10 INCH OR MORE:   1
MIN 32 OR BELOW:   0    0.50 INCH OR MORE:   0
MIN  0 OR BELOW:   0    1.00 INCH OR MORE:   0

[HDD (BASE 65) ]
TOTAL THIS MO.     0    CLEAR  (SCALE 0-3)  25
DPTR FM NORMAL     0    PTCLDY (SCALE 4-7)   3
TOTAL FM JUL 1   762    CLOUDY (SCALE 8-10)  0
DPTR FM NORMAL  -433

[CDD (BASE 65) ]
TOTAL THIS MO.   792
DPTR FM NORMAL   107    [PRESSURE DATA]
TOTAL FM JAN 1  1516    HIGHEST SLP 29.91 ON 27
DPTR FM NORMAL   173    LOWEST  SLP 29.54 ON 13

[REMARKS]
#FINAL-06-15#
