000
CXUS54 KFWD 300730
CF6SEP
PRELIMINARY LOCAL CLIMATOLOGICAL DATA (WS FORM: F-6)

                                          STATION:   STEPHENVILLE
                                          MONTH:     JANUARY
                                          YEAR:      2015
                                          LATITUDE:   32 13 N
                                          LONGITUDE:  98 11 W

  TEMPERATURE IN F:       :PCPN:    SNOW:  WIND      :SUNSHINE: SKY     :PK WND
================================================================================
1   2   3   4   5  6A  6B    7    8   9   10  11  12  13   14  15   16   17  18
                                     12Z  AVG MX 2MIN
DY MAX MIN AVG DEP HDD CDD  WTR  SNW DPTH SPD SPD DIR MIN PSBL S-S WX    SPD DR
================================================================================

 1  33  28  31 -12  34   0 0.07    M    0  3.7  8 330   M    M  10         M  M
 2  36  32  34  -9  31   0 0.34    M    0  5.6  9 360   M    M  10         M  M
 3  57  35  46   3  19   0 0.17    M    0  8.4 24 250   M    M   4        29 250
 4  43  28  36  -7  29   0 0.00  0.0    0 11.5 22 340   M    M   1        29 340
 5  50  22  36  -7  29   0 0.00  0.0    0  4.3  9 180   M    M   0         M  M
 6  62  34  48   5  17   0 0.00  0.0    0  3.6  9 330   M    M   0         M  M
 7  41  21  31 -12  34   0 0.00  0.0    0 15.0 28 360   M    M   0        33 360
 8  40  17  29 -14  36   0 0.00  0.0    0  6.4 14 190   M    M   0        18 190
 9  35  30  33 -10  32   0 0.00  0.0    0  7.6 14 360   M    M   9        22  20
10  36  32  34  -9  31   0 0.01  0.0    0  5.2  9 170   M    M  10         M  M
11  46  33  40  -3  25   0 0.32  0.0    0  5.2  9 180   M    M  10         M  M
12  42  32  37  -6  28   0 0.00  0.0    0 10.5 15 340   M    M  10        22 360
13  38  32  35  -8  30   0 0.00  0.0    0  7.6 13 360   M    M  10        18 350
14  39  34  37  -6  28   0 0.00  0.0    0  5.3  8 350   M    M  10         M  M
15  56  31  44   0  21   0 0.00  0.0    0  4.6 10 340   M    M   2        17 310
16  65  31  48   4  17   0 0.00  0.0    0  3.3 12 220   M    M   0        16 190
17  68  38  53   9  12   0 0.00  0.0    0  9.3 22 260   M    M   0        31 350
18  71  32  52   8  13   0 0.00  0.0    0  4.4 12 210   M    M   0        16 220
19  72  44  58  14   7   0 0.00  0.0    0  3.7 12 250   M    M   0        18 240
20  75  38  57  13   8   0 0.00  0.0    0  3.9 10  30   M    M   0         M  M
21  56  43  50   6  15   0 0.41  0.0    0  8.2 13  50   M    M   8        18  50
22  46  37  42  -2  23   0 0.93    M    0 14.0 22  40   M    M  10        27  40
23  50  37  44   0  21   0 0.00  0.0    0  8.2 14 300   M    M   5        22  10
24  59  33  46   2  19   0 0.00  0.0    0  5.7 12 310   M    M   0         M  M
25  65  42  54  10  11   0 0.00  0.0    0  9.3 23 340   M    M   0        37 340
26  74  35  55  11  10   0 0.00  0.0    0  5.4 13 260   M    M   0        21 260
27  79  47  63  19   2   0 0.00  0.0    0  2.9  7 300   M    M   0         M  M
28  81  46  64  20   1   0 0.00  0.0    0  5.6 16 210   M    M   0        22 230
29  68  47  58  13   7   0 0.00  0.0    0  8.7 16 360   M    M   2        27  30
================================================================================
SM 1583  991       590   0  2.25     0.0 197.1          M      111
================================================================================
AV 54.6 34.2                               6.8 FASTST   M    M   4    MAX(MPH)
                                 MISC ---->    28   M                 37    M
================================================================================
NOTES:
# LAST OF SEVERAL OCCURRENCES

COLUMN 17 PEAK WIND IN M.P.H.

PRELIMINARY LOCAL CLIMATOLOGICAL DATA (WS FORM: F-6) , PAGE 2

                                          STATION:  STEPHENVILLE
                                          MONTH:    JANUARY
                                          YEAR:     2015
                                          LATITUDE:   32 13 N
                                          LONGITUDE:  98 11 W

[TEMPERATURE DATA]      [PRECIPITATION DATA]       SYMBOLS USED IN COLUMN 16

AVERAGE MONTHLY: 44.4   TOTAL FOR MONTH:   2.25    1 = FOG OR MIST
DPTR FM NORMAL:   0.8   DPTR FM NORMAL:    0.91    2 = FOG REDUCING VISIBILITY
HIGHEST:    81 ON 28    GRTST 24HR  0.93 ON 22-22      TO 1/4 MILE OR LESS
LOWEST:     17 ON  8                               3 = THUNDER
                        SNOW, ICE PELLETS, HAIL    4 = ICE PELLETS
                        TOTAL MONTH:   0.0 INCH    5 = HAIL
                        GRTST 24HR     0.0         6 = FREEZING RAIN OR DRIZZLE
                        GRTST DEPTH:   0           7 = DUSTSTORM OR SANDSTORM:
                                                       VSBY 1/2 MILE OR LESS
                                                   8 = SMOKE OR HAZE
[NO. OF DAYS WITH]      [WEATHER - DAYS WITH]      9 = BLOWING SNOW
                                                   X = TORNADO
MAX 32 OR BELOW:   0    0.01 INCH OR MORE:   7
MAX 90 OR ABOVE:   0    0.10 INCH OR MORE:   5
MIN 32 OR BELOW:  13    0.50 INCH OR MORE:   1
MIN  0 OR BELOW:   0    1.00 INCH OR MORE:   0

[HDD (BASE 65) ]
TOTAL THIS MO.   590    CLEAR  (SCALE 0-3)  17
DPTR FM NORMAL   -32    PTCLDY (SCALE 4-7)   3
TOTAL FM JUL 1  1461    CLOUDY (SCALE 8-10)  9
DPTR FM NORMAL  -246

[CDD (BASE 65) ]
TOTAL THIS MO.     0
DPTR FM NORMAL     0    [PRESSURE DATA]
TOTAL FM JAN 1     0    HIGHEST SLP M ON M
DPTR FM NORMAL     0    LOWEST  SLP M ON M

[REMARKS]
