000
CXUS53 KLSX 241600
CF6SET
PRELIMINARY LOCAL CLIMATOLOGICAL DATA (WS FORM: F-6)

                                          STATION:   ST_CHARLES MO
                                          MONTH:     NOVEMBER
                                          YEAR:      2017
                                          LATITUDE:   38 55 N
                                          LONGITUDE:  90 26 W

  TEMPERATURE IN F:       :PCPN:    SNOW:  WIND      :SUNSHINE: SKY     :PK WND
================================================================================
1   2   3   4   5  6A  6B    7    8   9   10  11  12  13   14  15   16   17  18
                                     12Z  AVG MX 2MIN
DY MAX MIN AVG DEP HDD CDD  WTR  SNW DPTH SPD SPD DIR MIN PSBL S-S WX    SPD DR
================================================================================

 1  51  39  45  -6  20   0    T  0.0    0  8.8 18 140   M    M  10 1      21 150
 2  79  48  64  13   1   0 0.00  0.0    0  8.7 21  10   M    M   8 12     29  10
 3  59  44  52   2  13   0 0.00  0.0    0  9.5 16 100   M    M   5 18     22  20
 4  69  52  61  11   4   0    T  0.0    0  6.6 15 210   M    M  10 18     20 210
 5  79  50  65  15   0   0 0.00  0.0    0  9.6 37 290   M    M   8 138    44 290
 6  49  39  44  -5  21   0 0.05  0.0    0  9.9 18 360   M    M  10 18     23 360
 7  52  41  47  -2  18   0 0.00  0.0    0 12.6 21  20   M    M   7        26  20
 8  53  28  41  -7  24   0 0.00  0.0    0  7.0 16  20   M    M   1 12     20  30
 9  58  25  42  -6  23   0 0.00  0.0    0  8.0 20 300   M    M   3 12     25 290
10  41  25  33 -15  32   0 0.00  0.0    0  8.1 16  20   M    M   0        21 360
11  50  32  41  -6  24   0    T  0.0    0  9.2 14 100   M    M   5        18 130
12  48  41  45  -2  20   0 0.02  0.0    0  6.7 13 350   M    M  10 1      16 340
13  51  35  43  -3  22   0 0.00  0.0    0  6.2 14 100   M    M   5        16  80
14  54  32  43  -3  22   0 0.00  0.0    0  9.8 16 150   M    M   9        21 140
15  62  40  51   5  14   0 0.09  0.0    0  8.3 24 300   M    M   5 13     29 310
16  47  29  38  -7  27   0 0.00  0.0    0  6.3 16 330   M    M   0        22 320
17  59  28  44  -1  21   0 0.00  0.0    0 11.5 20 140   M    M   8 18     25 140
18  70  38  54  10  11   0 0.19  0.0    0 15.3 31 330   M    M   5 1      41 320
19  43  25  34 -10  31   0 0.00  0.0    0  9.4 26 310   M    M   0        33 310
20  62  25  44   1  21   0 0.00  0.0    0 10.2 23 190   M    M   0        31 210
21  57  29  43   0  22   0 0.00  0.0    0  9.2 21 330   M    M   1        24 330
22  41  23  32 -10  33   0 0.00  0.0    0  4.4 13 330   M    M   0 8      19 320
23  58  25  42   0  23   0 0.00  0.0    0  4.4 15 230   M    M   1 8      19 240
================================================================================
SM 1292  793       447   0  0.35     0.0 199.7          M      111
================================================================================
AV 56.2 34.5                               8.7 FASTST   M    M   5    MAX(MPH)
                                 MISC ---->  # 37 290               # 44  290
================================================================================
NOTES:
# LAST OF SEVERAL OCCURRENCES

COLUMN 17 PEAK WIND IN M.P.H.

PRELIMINARY LOCAL CLIMATOLOGICAL DATA (WS FORM: F-6) , PAGE 2

                                          STATION:  ST_CHARLES MO
                                          MONTH:    NOVEMBER
                                          YEAR:     2017
                                          LATITUDE:   38 55 N
                                          LONGITUDE:  90 26 W

[TEMPERATURE DATA]      [PRECIPITATION DATA]       SYMBOLS USED IN COLUMN 16

AVERAGE MONTHLY: 45.3   TOTAL FOR MONTH:   0.35    1 = FOG OR MIST
DPTR FM NORMAL:  -1.4   DPTR FM NORMAL:   -2.74    2 = FOG REDUCING VISIBILITY
HIGHEST:    79 ON  5, 2 GRTST 24HR  0.19 ON 18-18      TO 1/4 MILE OR LESS
LOWEST:     23 ON 22                               3 = THUNDER
                        SNOW, ICE PELLETS, HAIL    4 = ICE PELLETS
                        TOTAL MONTH:   0.0 INCH    5 = HAIL
                        GRTST 24HR     0.0         6 = FREEZING RAIN OR DRIZZLE
                        GRTST DEPTH:   0           7 = DUSTSTORM OR SANDSTORM:
                                                       VSBY 1/2 MILE OR LESS
                                                   8 = SMOKE OR HAZE
[NO. OF DAYS WITH]      [WEATHER - DAYS WITH]      9 = BLOWING SNOW
                                                   X = TORNADO
MAX 32 OR BELOW:   0    0.01 INCH OR MORE:   4
MAX 90 OR ABOVE:   0    0.10 INCH OR MORE:   1
MIN 32 OR BELOW:  12    0.50 INCH OR MORE:   0
MIN  0 OR BELOW:   0    1.00 INCH OR MORE:   0

[HDD (BASE 65) ]
TOTAL THIS MO.   447    CLEAR  (SCALE 0-3)   8
DPTR FM NORMAL    25    PTCLDY (SCALE 4-7)  10
TOTAL FM JUL 1   691    CLOUDY (SCALE 8-10)  5
DPTR FM NORMAL   -73

[CDD (BASE 65) ]
TOTAL THIS MO.     0
DPTR FM NORMAL     0    [PRESSURE DATA]
TOTAL FM JAN 1  1504    HIGHEST SLP M ON M
DPTR FM NORMAL   160    LOWEST  SLP 29.31 ON 18

[REMARKS]
