000
CXUS55 KSEW 290930
CF6SEW
PRELIMINARY LOCAL CLIMATOLOGICAL DATA (WS FORM: F-6)
STATION: SEATTLE WA WFO
MONTH: MARCH
YEAR: 2024
LATITUDE: 47 41 N
LONGITUDE: 122 15 W
TEMPERATURE IN F: :PCPN: SNOW: WIND :SUNSHINE: SKY :PK WND
================================================================================
1 2 3 4 5 6A 6B 7 8 9 10 11 12 13 14 15 16 17 18
12Z AVG MX 2MIN
DY MAX MIN AVG DEP HDD CDD WTR SNW DPTH SPD SPD DIR MIN PSBL S-S WX SPD DR
================================================================================
1 43 38 41 -3 24 0 0.19 T 0 M M M M M M M M
2 46 37 42 -3 23 0 0.11 0.0 0 M M M M M M M M
3 44 36 40 -5 25 0 0.10 0.0 0 M M M M M M M M
4 46 35 41 -4 24 0 0.17 0.0 0 M M M M M M M M
5 47 32 40 -5 25 0 T 0.0 0 M M M M M M M M
6 44 29 37 -8 28 0 0.00 0.0 0 M M M M M M M M
7 50 30 40 -5 25 0 0.00 0.0 0 M M M M M M M M
8 55 38 47 2 18 0 0.00 0.0 0 M M M M M M M M
9 55 39 47 1 18 0 0.09 0.0 0 M M M M M M M M
10 50 44 47 1 18 0 0.31 0.0 0 M M M M M M M M
11 51 43 47 1 18 0 0.22 0.0 0 M M M M M M M M
12 53 42 48 2 17 0 0.16 0.0 0 M M M M M M M M
13 55 39 47 1 18 0 0.00 0.0 0 M M M M M M M M
14 57 35 46 0 19 0 0.00 0.0 0 M M M M M M M M
15 58 40 49 3 16 0 0.00 0.0 0 M M M M M M M M
16 72 38 55 8 10 0 0.00 0.0 0 M M M M M M M M
17 72 41 57 10 8 0 0.00 0.0 0 M M M M M M M M
18 66 43 55 8 10 0 0.00 0.0 0 M M M M M M M M
19 67 41 54 7 11 0 0.00 0.0 0 M M M M M M M M
20 53 47 50 3 15 0 0.06 0.0 0 M M M M M M M M
21 60 46 53 6 12 0 0.16 0.0 0 M M M M M M 1 M M
22 54 47 51 4 14 0 0.15 0.0 0 M M M M M M 1 M M
23 51 47 49 1 16 0 0.38 0.0 0 M M M M M M M M
24 59 45 52 4 13 0 0.01 0.0 0 M M M M M M M M
25 53 46 50 2 15 0 0.07 0.0 0 M M M M M M M M
26 56 45 51 3 14 0 0.11 0.0 0 M M M M M M M M
27 55 44 50 2 15 0 0.31 0.0 0 M M M M M M M M
28 54 42 48 0 17 0 0.38 0.0 0 M M M M M M M M
================================================================================
SM 1526 1129 486 0 2.98 T M M M
================================================================================
AV 54.5 40.3 M FASTST M M M MAX(MPH)
MISC ----> M M M M
================================================================================
NOTES:
# LAST OF SEVERAL OCCURRENCES
COLUMN 17 PEAK WIND IN M.P.H.
PRELIMINARY LOCAL CLIMATOLOGICAL DATA (WS FORM: F-6) , PAGE 2
STATION: SEATTLE WA WFO
MONTH: MARCH
YEAR: 2024
LATITUDE: 47 41 N
LONGITUDE: 122 15 W
[TEMPERATURE DATA] [PRECIPITATION DATA] SYMBOLS USED IN COLUMN 16
AVERAGE MONTHLY: 47.4 TOTAL FOR MONTH: 2.98 1 = FOG OR MIST
DPTR FM NORMAL: 1.1 DPTR FM NORMAL: -0.53 2 = FOG REDUCING VISIBILITY
HIGHEST: 72 ON 17,16 GRTST 24HR 0.38 ON 23-23 TO 1/4 MILE OR LESS
LOWEST: 29 ON 6 3 = THUNDER
SNOW, ICE PELLETS, HAIL 4 = ICE PELLETS
TOTAL MONTH: T 5 = HAIL
GRTST 24HR T ON 1- 1 6 = FREEZING RAIN OR DRIZZLE
GRTST DEPTH: 0 7 = DUSTSTORM OR SANDSTORM:
VSBY 1/2 MILE OR LESS
8 = SMOKE OR HAZE
[NO. OF DAYS WITH] [WEATHER - DAYS WITH] 9 = BLOWING SNOW
X = TORNADO
MAX 32 OR BELOW: 0 0.01 INCH OR MORE: 17
MAX 90 OR ABOVE: 0 0.10 INCH OR MORE: 13
MIN 32 OR BELOW: 3 0.50 INCH OR MORE: 0
MIN 0 OR BELOW: 0 1.00 INCH OR MORE: 0
[HDD (BASE 65) ]
TOTAL THIS MO. 486 CLEAR (SCALE 0-3) 0
DPTR FM NORMAL -36 PTCLDY (SCALE 4-7) 0
TOTAL FM JUL 1 3253 CLOUDY (SCALE 8-10) 28
DPTR FM NORMAL -371
[CDD (BASE 65) ]
TOTAL THIS MO. 0
DPTR FM NORMAL 0 [PRESSURE DATA]
TOTAL FM JAN 1 0 HIGHEST SLP M ON M
DPTR FM NORMAL 0 LOWEST SLP M ON M
[REMARKS]