515
CXUS52 KMLB 190627
CF6SFB
PRELIMINARY LOCAL CLIMATOLOGICAL DATA (WS FORM: F-6)

                                          STATION:   SANFORD
                                          MONTH:     JANUARY
                                          YEAR:      2018
                                          LATITUDE:   28 46 N
                                          LONGITUDE:  81 15 W

  TEMPERATURE IN F:       :PCPN:    SNOW:  WIND      :SUNSHINE: SKY     :PK WND
================================================================================
1   2   3   4   5  6A  6B    7    8   9   10  11  12  13   14  15   16   17  18
                                     12Z  AVG MX 2MIN
DY MAX MIN AVG DEP HDD CDD  WTR  SNW DPTH SPD SPD DIR MIN PSBL S-S WX    SPD DR
================================================================================

 1  57  45  51  -9  14   0 0.12  0.0    0 13.9 26 360   M    M  10 18     34  10
 2  53  45  49 -11  16   0    T  0.0    0 16.6 24 360   M    M  10 18     32 360
 3  53  33  43 -17  22   0 1.13  0.0    0 14.8 37 300   M    M   8 1      48 290
 4  51  30  41 -19  24   0 0.00  0.0    0 11.5 24 290   M    M   0        28 290
 5  52  33  43 -16  22   0 0.00  0.0    0  7.4 15 340   M    M   0        21 330
 6  56  35  46 -13  19   0 0.00  0.0    0  8.0 14  50   M    M   0        18 350
 7  67  40  54  -5  11   0 0.00  0.0    0  9.5 21  80   M    M   2        27  70
 8  69  45  57  -2   8   0    T  0.0    0  5.2 14 100   M    M   3 1      17 110
 9  76  55  66   7   0   1 0.02  0.0    0  8.3 16  80   M    M   5 1      22  80
10  75  63  69  10   0   4 0.11  0.0    0  6.8 16 100   M    M   6 1      20  50
11  81  62  72  13   0   7 0.02  0.0    0  6.6 14 130   M    M   5 12     18 220
12  80  63  72  13   0   7 0.05  0.0    0 11.4 25 230   M    M   8 1      35 240
13  63  45  54  -6  11   0 0.00  0.0    0 11.2 21 280   M    M  10        26 280
14  61  39  50 -10  15   0 0.00  0.0    0 12.1 18 350   M    M   4        24 350
15  63  46  55  -5  10   0 0.00  0.0    0 12.6 22 350   M    M   2        27 350
16  71  46  59  -1   6   0 0.00  0.0    0  7.1 15  20   M    M   1        18  30
17  72  38  55  -5  10   0 0.00  0.0    0  9.8 23 330   M    M   1        32 320
18  52  25  39 -21  26   0 0.00  0.0    0  7.4 16 350   M    M   0        20 340
================================================================================
SM 1152  788       214  19  1.45     0.0 180.2          M       75
================================================================================
AV 64.0 43.8                              10.0 FASTST   M    M   4    MAX(MPH)
                                 MISC ---->  # 37 300               # 48  290
================================================================================
NOTES:
# LAST OF SEVERAL OCCURRENCES

COLUMN 17 PEAK WIND IN M.P.H.

PRELIMINARY LOCAL CLIMATOLOGICAL DATA (WS FORM: F-6) , PAGE 2

                                          STATION:  SANFORD
                                          MONTH:    JANUARY
                                          YEAR:     2018
                                          LATITUDE:   28 46 N
                                          LONGITUDE:  81 15 W

[TEMPERATURE DATA]      [PRECIPITATION DATA]       SYMBOLS USED IN COLUMN 16

AVERAGE MONTHLY: 53.9   TOTAL FOR MONTH:   1.45    1 = FOG OR MIST
DPTR FM NORMAL:  -5.7   DPTR FM NORMAL:   -0.21    2 = FOG REDUCING VISIBILITY
HIGHEST:    81 ON 11    GRTST 24HR  1.13 ON  3- 3      TO 1/4 MILE OR LESS
LOWEST:     25 ON 18                               3 = THUNDER
                        SNOW, ICE PELLETS, HAIL    4 = ICE PELLETS
                        TOTAL MONTH:   0.0 INCH    5 = HAIL
                        GRTST 24HR     0.0         6 = FREEZING RAIN OR DRIZZLE
                        GRTST DEPTH:   0           7 = DUSTSTORM OR SANDSTORM:
                                                       VSBY 1/2 MILE OR LESS
                                                   8 = SMOKE OR HAZE
[NO. OF DAYS WITH]      [WEATHER - DAYS WITH]      9 = BLOWING SNOW
                                                   X = TORNADO
MAX 32 OR BELOW:   0    0.01 INCH OR MORE:   6
MAX 90 OR ABOVE:   0    0.10 INCH OR MORE:   3
MIN 32 OR BELOW:   2    0.50 INCH OR MORE:   1
MIN  0 OR BELOW:   0    1.00 INCH OR MORE:   1

[HDD (BASE 65) ]
TOTAL THIS MO.   214    CLEAR  (SCALE 0-3)   9
DPTR FM NORMAL    90    PTCLDY (SCALE 4-7)   5
TOTAL FM JUL 1   355    CLOUDY (SCALE 8-10)  4
DPTR FM NORMAL    29

[CDD (BASE 65) ]
TOTAL THIS MO.    19
DPTR FM NORMAL    -3    [PRESSURE DATA]
TOTAL FM JAN 1    19    HIGHEST SLP M ON M
DPTR FM NORMAL    -3    LOWEST  SLP 29.75 ON 12

[REMARKS]
