000
CXUS56 KOTX 260911
CF6SFF
PRELIMINARY LOCAL CLIMATOLOGICAL DATA (WS FORM: F-6)

                                          STATION:   SPOKANE WA FELTS AIRPORT
                                          MONTH:     MARCH
                                          YEAR:      2017
                                          LATITUDE:   47 40 N
                                          LONGITUDE: 117 20 W

  TEMPERATURE IN F:       :PCPN:    SNOW:  WIND      :SUNSHINE: SKY     :PK WND
================================================================================
1   2   3   4   5  6A  6B    7    8   9   10  11  12  13   14  15   16   17  18
                                     12Z  AVG MX 2MIN
DY MAX MIN AVG DEP HDD CDD  WTR  SNW DPTH SPD SPD DIR MIN PSBL S-S WX    SPD DR
================================================================================

 1  45  32  39   2  26   0 0.00    M    M  9.1 24 230   M    M   6        31 220
 2  46  36  41   4  24   0 0.10    M    M  5.8 18 220   M    M   9 1      23 230
 3  49  36  43   6  22   0 0.08    M    M  7.9 22 230   M    M   9        27 240
 4  45  32  39   1  26   0 0.00    M    M  6.6 17 210   M    M   5        21 210
 5  42  30  36  -2  29   0 0.02    M    M  5.4 20 210   M    M   8 1      25 220
 6  41  29  35  -3  30   0 0.02    M    M  7.1 24 240   M    M   5 8      31 230
 7  38  25  32  -6  33   0 0.34    M    M  4.6 13 240   M    M   7 18     18 250
 8  40  33  37  -2  28   0 0.01    M    M  5.4 15 230   M    M   8 1      20 240
 9  41  34  38  -1  27   0 0.32    M    M  4.1 10  90   M    M  10 18     13  90
10  58  36  47   8  18   0 0.00    M    M 10.0 25 230   M    M   4 1      35 230
11  55  33  44   4  21   0 0.06    M    M  6.9 23 230   M    M   4 1      28 240
12  53  38  46   6  19   0 0.00    M    M  3.3 14 220   M    M   4        16 230
13  47  40  44   4  21   0 0.56    M    0  2.2  8  70   M    M  10 1      10  90
14  62  43  53  13  12   0    M    M    M  7.9 16 220   M    M  10 18     22 220
15  60  47  54  13  11   0 0.06    M    M  8.3 20 200   M    M  10        27 190
16  50  32  41   0  24   0 0.00    M    M  9.9 23 220   M    M   3        29 220
17  50  29  40  -1  25   0 0.15    M    M  3.9 15  90   M    M   5 1      17 100
18  60  38  49   7  16   0 0.26    M    M 13.0 31 230   M    M   7 1      40 220
19  50  30  40  -2  25   0 0.00    M    M  2.4 10 280   M    M   0        15 290
20  55  27  41  -1  24   0    T    M    M  3.6 15  70   M    M   4        18  70
21  56  40  48   6  17   0 0.18    M    M  2.7 21 200   M    M  10 1      25 200
22  54  42  48   6  17   0 0.01    M    M  5.0 15 260   M    M   9 1      24 270
23  51  34  43   0  22   0 0.00    M    M  5.7 15 230   M    M   5        17 230
24  47  35  41  -2  24   0 0.38    M    M  5.3 20 220   M    M   9 1      24 210
25  52  36  44   1  21   0 0.00    M    M  8.2 24 220   M    M   6        35 210
================================================================================
SM 1247  867       562   0  2.55    M    154.3          M      167
================================================================================
AV 49.9 34.7                               6.2 FASTST   M    M   7    MAX(MPH)
                                 MISC ---->  # 31 230               # 40  220
================================================================================
NOTES:
# LAST OF SEVERAL OCCURRENCES

COLUMN 17 PEAK WIND IN M.P.H.

PRELIMINARY LOCAL CLIMATOLOGICAL DATA (WS FORM: F-6) , PAGE 2

                                          STATION:  SPOKANE WA FELTS AIRPORT
                                          MONTH:    MARCH
                                          YEAR:     2017
                                          LATITUDE:   47 40 N
                                          LONGITUDE: 117 20 W

[TEMPERATURE DATA]      [PRECIPITATION DATA]       SYMBOLS USED IN COLUMN 16

AVERAGE MONTHLY: 42.3   TOTAL FOR MONTH:   2.55    1 = FOG OR MIST
DPTR FM NORMAL:   2.2   DPTR FM NORMAL:    1.34    2 = FOG REDUCING VISIBILITY
HIGHEST:    62 ON 14    GRTST 24HR  0.56 ON 13-13      TO 1/4 MILE OR LESS
LOWEST:     25 ON  7                               3 = THUNDER
                        SNOW, ICE PELLETS, HAIL    4 = ICE PELLETS
                        TOTAL MONTH:    M          5 = HAIL
                        GRTST 24HR    M  ON   M    6 = FREEZING RAIN OR DRIZZLE
                        GRTST DEPTH:   0           7 = DUSTSTORM OR SANDSTORM:
                                                       VSBY 1/2 MILE OR LESS
                                                   8 = SMOKE OR HAZE
[NO. OF DAYS WITH]      [WEATHER - DAYS WITH]      9 = BLOWING SNOW
                                                   X = TORNADO
MAX 32 OR BELOW:   0    0.01 INCH OR MORE:  15
MAX 90 OR ABOVE:   0    0.10 INCH OR MORE:   8
MIN 32 OR BELOW:   9    0.50 INCH OR MORE:   1
MIN  0 OR BELOW:   0    1.00 INCH OR MORE:   0

[HDD (BASE 65) ]
TOTAL THIS MO.   562    CLEAR  (SCALE 0-3)   2
DPTR FM NORMAL   -62    PTCLDY (SCALE 4-7)  14
TOTAL FM JUL 1  5158    CLOUDY (SCALE 8-10)  9
DPTR FM NORMAL   -37

[CDD (BASE 65) ]
TOTAL THIS MO.     0
DPTR FM NORMAL     0    [PRESSURE DATA]
TOTAL FM JAN 1     0    HIGHEST SLP M ON M
DPTR FM NORMAL     0    LOWEST  SLP 29.48 ON  5

[REMARKS]
