000
CXUS54 KHGX 291415
CF6SGR
PRELIMINARY LOCAL CLIMATOLOGICAL DATA (WS FORM: F-6)

                                          STATION:   SUGAR LAND/HULL FLD
                                          MONTH:     JUNE
                                          YEAR:      2015
                                          LATITUDE:   29 37 N
                                          LONGITUDE:  95 39 W

  TEMPERATURE IN F:       :PCPN:    SNOW:  WIND      :SUNSHINE: SKY     :PK WND
================================================================================
1   2   3   4   5  6A  6B    7    8   9   10  11  12  13   14  15   16   17  18
                                     12Z  AVG MX 2MIN
DY MAX MIN AVG DEP HDD CDD  WTR  SNW DPTH SPD SPD DIR MIN PSBL S-S WX    SPD DR
================================================================================

 1  89  66  78  -2   0  13 0.00  0.0    0  3.5 10 330   M    M   1        14 330
 2  90  67  79  -1   0  14 0.00  0.0    0  3.1 13 130   M    M   3        16 130
 3  90  68  79  -1   0  14 0.00  0.0    0  4.5 15 160   M    M   4        18 170
 4  90  67  79  -1   0  14 0.00  0.0    0  5.1 15 170   M    M   2 1      18 150
 5  90  69  80   0   0  15    T  0.0    0  4.6 14 170   M    M   3 1      18 160
 6  92  69  81   1   0  16 0.00  0.0    0  3.1 13 160   M    M   3        15 160
 7  93  69  81   0   0  16 0.00  0.0    0  4.3 15 150   M    M   0        19 160
 8  93  70  82   1   0  17 0.00  0.0    0  3.1 12 190   M    M   1        15 200
 9  93  72  83   2   0  18 0.00  0.0    0  4.0 15 130   M    M   1        19 130
10  94  74  84   3   0  19 0.00  0.0    0  5.6 12 180   M    M   1        17 150
11  94  73  84   3   0  19 0.00  0.0    0  8.2 20 160   M    M   2 8      23 150
12  93  75  84   3   0  19    T  0.0    0 10.2 23 140   M    M   2 3      30 150
13  87  75  81   0   0  16 0.46  0.0    0  9.7 28 140   M    M   6 13     39 140
14  91  75  83   1   0  18 0.02  0.0    0 10.3 22 150   M    M   3 3      26 160
15  89  76  83   1   0  18 0.58  0.0    0  8.7 23 160   M    M   4 18     34 150
16  81  76  79  -3   0  14 0.64  0.0    0 13.8 28 130   M    M   9 1      43 130
17  84  75  80  -2   0  15 0.92  0.0    0 12.0 30 160   M    M   7 13     37 160
18  88  78  83   1   0  18 0.00  0.0    0  9.2 16 160   M    M   6 3      20 180
19  90  76  83   1   0  18 0.00  0.0    0  5.3 16 160   M    M   2 13     20 170
20  92  73  83   1   0  18 0.00  0.0    0  8.4 20 170   M    M   3 1      23 160
21  91  80  86   4   0  21 0.00  0.0    0 10.6 17 180   M    M   5        23 180
22  89  77  83   1   0  18 0.00  0.0    0  8.1 14 160   M    M   2 8      17 160
23  91  76  84   1   0  19 0.00  0.0    0  6.5 14 150   M    M   0 8      19 160
24  93  73  83   0   0  18 0.00  0.0    0  5.2 14 180   M    M   1 18     19 170
25  95  72  84   1   0  19    T  0.0    0  5.7 21 210   M    M   1 1238   29 230
26  94  75  85   2   0  20 0.01  0.0    0  8.0 17 180   M    M   1 3      21 190
27  92  76  84   1   0  19 0.09  0.0    0  6.7 28 180   M    M   2 138    32 180
28  90  75  83   0   0  18    T  0.0    0  5.6 20 180   M    M   3 3      23 170
================================================================================
SM 2538 2047         0 481  2.72     0.0 193.1          M       78
================================================================================
AV 90.6 73.1                               6.9 FASTST   M    M   3    MAX(MPH)
                                 MISC ---->  # 30 160               # 43  130
================================================================================
NOTES:
# LAST OF SEVERAL OCCURRENCES

COLUMN 17 PEAK WIND IN M.P.H.

PRELIMINARY LOCAL CLIMATOLOGICAL DATA (WS FORM: F-6) , PAGE 2

                                          STATION:  SUGAR LAND/HULL FLD
                                          MONTH:    JUNE
                                          YEAR:     2015
                                          LATITUDE:   29 37 N
                                          LONGITUDE:  95 39 W

[TEMPERATURE DATA]      [PRECIPITATION DATA]       SYMBOLS USED IN COLUMN 16

AVERAGE MONTHLY: 81.9   TOTAL FOR MONTH:   2.72    1 = FOG OR MIST
DPTR FM NORMAL:   0.3   DPTR FM NORMAL:   -1.92    2 = FOG REDUCING VISIBILITY
HIGHEST:    95 ON 25    GRTST 24HR  0.92 ON 17-17      TO 1/4 MILE OR LESS
LOWEST:     66 ON  1                               3 = THUNDER
                        SNOW, ICE PELLETS, HAIL    4 = ICE PELLETS
                        TOTAL MONTH:   0.0 INCH    5 = HAIL
                        GRTST 24HR     0.0         6 = FREEZING RAIN OR DRIZZLE
                        GRTST DEPTH:   0           7 = DUSTSTORM OR SANDSTORM:
                                                       VSBY 1/2 MILE OR LESS
                                                   8 = SMOKE OR HAZE
[NO. OF DAYS WITH]      [WEATHER - DAYS WITH]      9 = BLOWING SNOW
                                                   X = TORNADO
MAX 32 OR BELOW:   0    0.01 INCH OR MORE:   7
MAX 90 OR ABOVE:  21    0.10 INCH OR MORE:   4
MIN 32 OR BELOW:   0    0.50 INCH OR MORE:   3
MIN  0 OR BELOW:   0    1.00 INCH OR MORE:   0

[HDD (BASE 65) ]
TOTAL THIS MO.     0    CLEAR  (SCALE 0-3)  21
DPTR FM NORMAL     0    PTCLDY (SCALE 4-7)   6
TOTAL FM JUL 1  1374    CLOUDY (SCALE 8-10)  1
DPTR FM NORMAL   -46

[CDD (BASE 65) ]
TOTAL THIS MO.   481
DPTR FM NORMAL    18    [PRESSURE DATA]
TOTAL FM JAN 1  1176    HIGHEST SLP M ON M
DPTR FM NORMAL   119    LOWEST  SLP 29.77 ON 10

[REMARKS]
