000
CXUS54 KHGX 201420
CF6SGR
PRELIMINARY LOCAL CLIMATOLOGICAL DATA (WS FORM: F-6)

                                          STATION:   SUGARLAND/HULL FLD
                                          MONTH:     NOVEMBER
                                          YEAR:      2014
                                          LATITUDE:   29 37 N
                                          LONGITUDE:  95 39 W

  TEMPERATURE IN F:       :PCPN:    SNOW:  WIND      :SUNSHINE: SKY     :PK WND
================================================================================
1   2   3   4   5  6A  6B    7    8   9   10  11  12  13   14  15   16   17  18
                                     12Z  AVG MX 2MIN
DY MAX MIN AVG DEP HDD CDD  WTR  SNW DPTH SPD SPD DIR MIN PSBL S-S WX    SPD DR
================================================================================

 1  67  44  56 -10   9   0 0.00  0.0    0  6.2 17  70   M    M   0        21  70
 2  75  44  60  -6   5   0 0.00  0.0    0  7.7 17 150   M    M   2        22 150
 3  82  58  70   4   0   5 0.00  0.0    0  9.8 22 160   M    M   2        28 150
 4  81  68  75  10   0  10 0.25  0.0    0  8.9 21 150   M    M   4 1      26 140
 5  73  64  69   4   0   4 0.53  0.0    0  8.1 24 270   M    M   8 18     31 270
 6  66  58  62  -3   3   0 0.23  0.0    0  9.0 18  20   M    M   6 1      22  20
 7  67  50  59  -5   6   0 0.00  0.0    0  4.3 14  50   M    M   0        17  40
 8  75  51  63  -1   2   0    T  0.0    0  2.8 15 350   M    M   5        21 340
 9  74  45  60  -4   5   0 0.00  0.0    0  2.9  8 180   M    M   0        10 340
10  81  48  65   2   0   0 0.00  0.0    0  8.8 23 180   M    M   1        30 180
11  71  50  61  -2   4   0    T  0.0    0 11.0 23 330   M    M   8        29 330
12  56  44  50 -13  15   0    T    M    0 14.9 21  10   M    M   9        30 360
13  47  36  42 -20  23   0 0.41  0.0    0 13.8 22 360   M    M   9 1      27  10
14  47  37  42 -20  23   0 0.00  0.0    0  6.3 16  20   M    M  10        22 360
15  55  46  51 -11  14   0 0.15  0.0    0  9.6 16  90   M    M  10 18     22  80
16  58  43  51 -10  14   0 0.53    M    0  7.9 28 350   M    M  10 12     35 340
17  52  36  44 -17  21   0 0.00  0.0    0 12.6 23 330   M    M   3        32 340
18  55  32  44 -17  21   0 0.00  0.0    0  3.3 14  50   M    M   0        20  70
19  73  32  53  -7  12   0 0.00  0.0    0  5.4 18 180   M    M   4 1      22 160
================================================================================
SM 1255  886       177  19  2.10     0.0 153.3          M       91
================================================================================
AV 66.1 46.6                               8.1 FASTST   M    M   5    MAX(MPH)
                                 MISC ---->  # 28 350               # 35  340
================================================================================
NOTES:
# LAST OF SEVERAL OCCURRENCES

COLUMN 17 PEAK WIND IN M.P.H.

PRELIMINARY LOCAL CLIMATOLOGICAL DATA (WS FORM: F-6) , PAGE 2

                                          STATION:  SUGARLAND/HULL FLD
                                          MONTH:    NOVEMBER
                                          YEAR:     2014
                                          LATITUDE:   29 37 N
                                          LONGITUDE:  95 39 W

[TEMPERATURE DATA]      [PRECIPITATION DATA]       SYMBOLS USED IN COLUMN 16

AVERAGE MONTHLY: 56.3   TOTAL FOR MONTH:   2.10    1 = FOG OR MIST
DPTR FM NORMAL:  -7.0   DPTR FM NORMAL:   -0.77    2 = FOG REDUCING VISIBILITY
HIGHEST:    82 ON  3    GRTST 24HR  0.75 ON  5- 6      TO 1/4 MILE OR LESS
LOWEST:     32 ON 19,18                            3 = THUNDER
                        SNOW, ICE PELLETS, HAIL    4 = ICE PELLETS
                        TOTAL MONTH:   0.0 INCH    5 = HAIL
                        GRTST 24HR     0.0         6 = FREEZING RAIN OR DRIZZLE
                        GRTST DEPTH:   0           7 = DUSTSTORM OR SANDSTORM:
                                                       VSBY 1/2 MILE OR LESS
                                                   8 = SMOKE OR HAZE
[NO. OF DAYS WITH]      [WEATHER - DAYS WITH]      9 = BLOWING SNOW
                                                   X = TORNADO
MAX 32 OR BELOW:   0    0.01 INCH OR MORE:   6
MAX 90 OR ABOVE:   0    0.10 INCH OR MORE:   6
MIN 32 OR BELOW:   2    0.50 INCH OR MORE:   2
MIN  0 OR BELOW:   0    1.00 INCH OR MORE:   0

[HDD (BASE 65) ]
TOTAL THIS MO.   177    CLEAR  (SCALE 0-3)   7
DPTR FM NORMAL   103    PTCLDY (SCALE 4-7)   7
TOTAL FM JUL 1   177    CLOUDY (SCALE 8-10)  5
DPTR FM NORMAL    76

[CDD (BASE 65) ]
TOTAL THIS MO.    19
DPTR FM NORMAL   -26    [PRESSURE DATA]
TOTAL FM JAN 1  3111    HIGHEST SLP M ON M
DPTR FM NORMAL   205    LOWEST  SLP 29.75 ON 10

[REMARKS]
