000
CXUS54 KHGX 311415
CF6SGR
PRELIMINARY LOCAL CLIMATOLOGICAL DATA (WS FORM: F-6)

                                          STATION:   SUGAR LAND/HULL FLD
                                          MONTH:     AUGUST
                                          YEAR:      2015
                                          LATITUDE:   29 37 N
                                          LONGITUDE:  95 39 W

  TEMPERATURE IN F:       :PCPN:    SNOW:  WIND      :SUNSHINE: SKY     :PK WND
================================================================================
1   2   3   4   5  6A  6B    7    8   9   10  11  12  13   14  15   16   17  18
                                     12Z  AVG MX 2MIN
DY MAX MIN AVG DEP HDD CDD  WTR  SNW DPTH SPD SPD DIR MIN PSBL S-S WX    SPD DR
================================================================================

 1  98  72  85   1   0  20 0.00  0.0    0  6.4 18  30   M    M   0        21  40
 2 100  70  85   1   0  20 0.00  0.0    0  4.7 17 150   M    M   0        20 150
 3  98  70  84   0   0  19 0.00  0.0    0  4.8 24 150   M    M   2 1      29 150
 4  96  74  85   1   0  20    T  0.0    0  6.2 24 140   M    M   3 38     31 160
 5 100  75  88   4   0  23 0.00  0.0    0  8.1 22 180   M    M   1        26 170
 6 101  73  87   3   0  22 0.00  0.0    0  9.5 20 190   M    M   1 1      24 230
 7  99  74  87   3   0  22 0.00  0.0    0  8.1 18 180   M    M   1 1      24 180
 8 101  77  89   5   0  24 0.00  0.0    0  8.6 21 170   M    M   1        25 180
 9 101  74  88   4   0  23 0.00  0.0    0  6.5 18 180   M    M   0 1      23 160
10 101  71  86   2   0  21 0.00  0.0    0  6.3 21 170   M    M   2 12     24 150
11 104  75  90   6   0  25 0.91  0.0    0  7.1 47 360   M    M   2 138    61 360
12  99  74  87   3   0  22 0.00  0.0    0  4.6 15 160   M    M   1 1      17 160
13  98  77  88   4   0  23 0.15  0.0    0  4.6 16 100   M    M   5 3      22 110
14  98  75  87   3   0  22 0.00  0.0    0  3.5 14 160   M    M   2        18 150
15  98  73  86   2   0  21 0.00  0.0    0  6.1 20  80   M    M   1 1      29  80
16  94  73  84   0   0  19 0.00  0.0    0  5.4 18 170   M    M   3 3      23  90
17  95  72  84   0   0  19 0.00  0.0    0  5.7 20 150   M    M   1        22 150
18  98  74  86   2   0  21 0.00  0.0    0  8.9 22 170   M    M   1        27 180
19  93  76  85   2   0  20 2.79  0.0    0  7.2 31 130   M    M   2 13     51 110
20  80  74  77  -6   0  12 1.70  0.0    0  5.8 20 150   M    M   4 13     23 210
21  90  74  82  -1   0  17 0.35  0.0    0  5.3 17 150   M    M   4 13     22 230
22  92  75  84   1   0  19 0.01  0.0    0  7.2 18 180   M    M   1 3      21 160
23  98  75  87   4   0  22 0.84  0.0    0  3.8 22 350   M    M   1 13     25 350
24  96  74  85   2   0  20 0.00  0.0    0  3.2 13 170   M    M   2 12     15 170
25  94  73  84   1   0  19 0.44  0.0    0  3.0 28  20   M    M   1 13     38  20
26  90  68  79  -4   0  14 0.00  0.0    0  6.1 13  80   M    M   1        18  60
27  92  66  79  -4   0  14 0.00  0.0    0  3.8 10  20   M    M   0 8      16 170
28  91  68  80  -3   0  15 0.00  0.0    0  3.5 12 150   M    M   1 1      13 150
29  90  67  79  -3   0  14 0.00  0.0    0  3.5 13 130   M    M   1 1      18 160
30  91  69  80  -2   0  15 0.00  0.0    0  3.2 17 150   M    M   1        19 150
================================================================================
SM 2876 2182         0 587  7.19     0.0 170.7          M       46
================================================================================
AV 95.9 72.7                               5.7 FASTST   M    M   2    MAX(MPH)
                                 MISC ---->  # 47 360               # 61  360
================================================================================
NOTES:
# LAST OF SEVERAL OCCURRENCES

COLUMN 17 PEAK WIND IN M.P.H.

PRELIMINARY LOCAL CLIMATOLOGICAL DATA (WS FORM: F-6) , PAGE 2

                                          STATION:  SUGAR LAND/HULL FLD
                                          MONTH:    AUGUST
                                          YEAR:     2015
                                          LATITUDE:   29 37 N
                                          LONGITUDE:  95 39 W

[TEMPERATURE DATA]      [PRECIPITATION DATA]       SYMBOLS USED IN COLUMN 16

AVERAGE MONTHLY: 84.3   TOTAL FOR MONTH:   7.19    1 = FOG OR MIST
DPTR FM NORMAL:   0.8   DPTR FM NORMAL:    3.18    2 = FOG REDUCING VISIBILITY
HIGHEST:   104 ON 11    GRTST 24HR  2.79 ON 19-19      TO 1/4 MILE OR LESS
LOWEST:     66 ON 27                               3 = THUNDER
                        SNOW, ICE PELLETS, HAIL    4 = ICE PELLETS
                        TOTAL MONTH:   0.0 INCH    5 = HAIL
                        GRTST 24HR     0.0         6 = FREEZING RAIN OR DRIZZLE
                        GRTST DEPTH:   0           7 = DUSTSTORM OR SANDSTORM:
                                                       VSBY 1/2 MILE OR LESS
                                                   8 = SMOKE OR HAZE
[NO. OF DAYS WITH]      [WEATHER - DAYS WITH]      9 = BLOWING SNOW
                                                   X = TORNADO
MAX 32 OR BELOW:   0    0.01 INCH OR MORE:   8
MAX 90 OR ABOVE:  29    0.10 INCH OR MORE:   7
MIN 32 OR BELOW:   0    0.50 INCH OR MORE:   4
MIN  0 OR BELOW:   0    1.00 INCH OR MORE:   2

[HDD (BASE 65) ]
TOTAL THIS MO.     0    CLEAR  (SCALE 0-3)  27
DPTR FM NORMAL     0    PTCLDY (SCALE 4-7)   3
TOTAL FM JUL 1     0    CLOUDY (SCALE 8-10)  0
DPTR FM NORMAL     0

[CDD (BASE 65) ]
TOTAL THIS MO.   587
DPTR FM NORMAL    32    [PRESSURE DATA]
TOTAL FM JAN 1  2426    HIGHEST SLP M ON M
DPTR FM NORMAL   202    LOWEST  SLP 29.76 ON 18

[REMARKS]
