000
CXUS54 KLZK 251130
CF6SGT
PRELIMINARY LOCAL CLIMATOLOGICAL DATA (WS FORM: F-6)

                                          STATION:   Stuttgart Airport
                                          MONTH:     SEPTEMBER
                                          YEAR:      2016
                                          LATITUDE:   34 35 N
                                          LONGITUDE:  91 34 W

  TEMPERATURE IN F:       :PCPN:    SNOW:  WIND      :SUNSHINE: SKY     :PK WND
================================================================================
1   2   3   4   5  6A  6B    7    8   9   10  11  12  13   14  15   16   17  18
                                     12Z  AVG MX 2MIN
DY MAX MIN AVG DEP HDD CDD  WTR  SNW DPTH SPD SPD DIR MIN PSBL S-S WX    SPD DR
================================================================================

 1  88  70  79   0   0  14 0.00  0.0    0 10.3 14  20   M    M   1        21  10
 2  82  63  73  -5   0   8 0.00  0.0    0 11.1 16  10   M    M   1        22  10
 3  84  61  73  -5   0   8 0.00  0.0    0  7.5 12  40   M    M   0        16  40
 4  91  63  77  -1   0  12 0.00  0.0    0  3.9  7 360   M    M   1         M  M
 5  91  73  82   5   0  17 0.00  0.0    0  8.0 13 120   M    M   1        17 180
 6  93  73  83   6   0  18 0.00  0.0    0  6.9 12 160   M    M   3         M  M
 7  93  75  84   7   0  19 0.00  0.0    0  6.3 13 180   M    M   2         M  M
 8  95  75  85   8   0  20 0.00  0.0    0  8.3 13 170   M    M   1         M  M
 9  91  75  83   7   0  18 0.00  0.0    0  9.0 14 170   M    M   3         M  M
10  90  64  77   1   0  12 0.00  0.0    0  9.9 20 330   M    M   2        24 330
11  84  61  73  -3   0   8 0.00  0.0    0  7.3 14  50   M    M   2         M  M
12  90  63  77   2   0  12 0.00  0.0    0  5.8  8  70   M    M   6         M  M
13  91  72  82   7   0  17 0.00  0.0    0  4.2 14  70   M    M   1         M  M
14  91  72  82   8   0  17 0.00  0.0    0  4.7  9  50   M    M   0         M  M
15  95  72  84  10   0  19 0.00  0.0    0  5.6 12  40   M    M   2         M  M
16  93  70  82   8   0  17 0.00  0.0    0  6.1 15 140   M    M   3        18 140
17  88  72  80   7   0  15 0.00  0.0    0  5.5  8 360   M    M   5         M  M
18  82  70  76   3   0  11 1.00  0.0    0  3.5 15 320   M    M   3 3       M  M
19  88  64  76   3   0  11 0.00  0.0    0  4.4  8  30   M    M   2         M  M
20  90  64  77   5   0  12 0.00  0.0    0  5.1  8 360   M    M   0         M  M
21  91  64  78   6   0  13 0.00  0.0    0  6.0  9 360   M    M   0         M  M
22  93  64  79   8   0  14 0.00  0.0    0  3.6  8 190   M    M   1         M  M
23  95  70  83  12   0  18 0.00  0.0    0  1.7  7 150   M    M   1         M  M
24  95  73  84  13   0  19 0.00  0.0    0  2.9 10 170   M    M   2         M  M
================================================================================
SM 2164 1643         0 349  1.00     0.0 147.6          M       43
================================================================================
AV 90.2 68.5                               6.2 FASTST   M    M   2    MAX(MPH)
                                 MISC ---->    20   M                 24    M
================================================================================
NOTES:
# LAST OF SEVERAL OCCURRENCES

COLUMN 17 PEAK WIND IN M.P.H.

PRELIMINARY LOCAL CLIMATOLOGICAL DATA (WS FORM: F-6) , PAGE 2

                                          STATION:  Stuttgart Airport
                                          MONTH:    SEPTEMBER
                                          YEAR:     2016
                                          LATITUDE:   34 35 N
                                          LONGITUDE:  91 34 W

[TEMPERATURE DATA]      [PRECIPITATION DATA]       SYMBOLS USED IN COLUMN 16

AVERAGE MONTHLY: 79.3   TOTAL FOR MONTH:   1.00    1 = FOG OR MIST
DPTR FM NORMAL:   4.4   DPTR FM NORMAL:   -1.17    2 = FOG REDUCING VISIBILITY
HIGHEST:    95 ON 24,23 GRTST 24HR  1.00 ON 18-18      TO 1/4 MILE OR LESS
LOWEST:     61 ON 11, 3                            3 = THUNDER
                        SNOW, ICE PELLETS, HAIL    4 = ICE PELLETS
                        TOTAL MONTH:   0.0 INCH    5 = HAIL
                        GRTST 24HR     0.0         6 = FREEZING RAIN OR DRIZZLE
                        GRTST DEPTH:   0           7 = DUSTSTORM OR SANDSTORM:
                                                       VSBY 1/2 MILE OR LESS
                                                   8 = SMOKE OR HAZE
[NO. OF DAYS WITH]      [WEATHER - DAYS WITH]      9 = BLOWING SNOW
                                                   X = TORNADO
MAX 32 OR BELOW:   0    0.01 INCH OR MORE:   1
MAX 90 OR ABOVE:  17    0.10 INCH OR MORE:   1
MIN 32 OR BELOW:   0    0.50 INCH OR MORE:   1
MIN  0 OR BELOW:   0    1.00 INCH OR MORE:   1

[HDD (BASE 65) ]
TOTAL THIS MO.     0    CLEAR  (SCALE 0-3)  21
DPTR FM NORMAL    -7    PTCLDY (SCALE 4-7)   3
TOTAL FM JUL 1     0    CLOUDY (SCALE 8-10)  0
DPTR FM NORMAL    -7

[CDD (BASE 65) ]
TOTAL THIS MO.   349
DPTR FM NORMAL   105    [PRESSURE DATA]
TOTAL FM JAN 1  2268    HIGHEST SLP M ON M
DPTR FM NORMAL   345    LOWEST  SLP M ON M

[REMARKS]
