000
CXUS54 KSJT 302352
CF6SJT
PRELIMINARY LOCAL CLIMATOLOGICAL DATA (WS FORM: F-6)

                                          STATION:   SAN ANGELO
                                          MONTH:     JANUARY
                                          YEAR:      2015
                                          LATITUDE:   31 21 N
                                          LONGITUDE: 100 30 W

  TEMPERATURE IN F:       :PCPN:    SNOW:  WIND      :SUNSHINE: SKY     :PK WND
================================================================================
1   2   3   4   5  6A  6B    7    8   9   10  11  12  13   14  15   16   17  18
                                     12Z  AVG MX 2MIN
DY MAX MIN AVG DEP HDD CDD  WTR  SNW DPTH SPD SPD DIR MIN PSBL S-S WX    SPD DR
================================================================================

 1  32  24  28 -18  37   0 0.14    T    0  5.8 16 100   M    M  10 146    20 100
 2  34  32  33 -13  32   0 0.30  0.0    0  7.5 18  90   M    M  10 1      23 100
 3  56  32  44  -2  21   0 0.00  0.0    0 12.1 30 260   M    M   3        39 260
 4  45  27  36 -10  29   0 0.00  0.0    0  7.3 20 360   M    M   1        23 360
 5  58  23  41  -5  24   0 0.00  0.0    0  6.9 21 210   M    M   0        25 190
 6  67  35  51   5  14   0 0.00  0.0    0  5.8 15 230   M    M   0        18 250
 7  40  24  32 -14  33   0 0.00  0.0    0 13.8 30  20   M    M   1 1      38  20
 8  43  19  31 -15  34   0    T  0.0    0  8.3 17 200   M    M   1        22 220
 9  38  29  34 -12  31   0 0.00  0.0    0 10.4 23  50   M    M   7        28  30
10  36  28  32 -14  33   0 0.04  0.0    0  5.2 10 190   M    M   9 6      16 210
11  63  32  48   2  17   0 0.00  0.0    0  8.0 15 220   M    M   5        18 230
12  43  32  38  -8  27   0    T  0.0    0 12.1 21  30   M    M   7 1      26  20
13  39  30  35 -11  30   0    T    T    0  8.0 17  20   M    M  10 1      22  20
14  39  34  37  -9  28   0 0.00  0.0    0  4.2 12  30   M    M  10 1      13  30
15  58  34  46   0  19   0 0.00  0.0    0  6.5 16 340   M    M   4        19 340
16  67  27  47   1  18   0 0.00  0.0    0  6.9 15 240   M    M   0        20 260
17  69  40  55   9  10   0 0.00  0.0    0 11.3 24 270   M    M   0        31 310
18  71  27  49   3  16   0 0.00  0.0    0  9.1 20 230   M    M   0        24 230
19  76  39  58  12   7   0 0.00  0.0    0  9.2 22 250   M    M   0        27 250
20  79  32  56  10   9   0 0.00  0.0    0 10.0 20  30   M    M   0        25  30
21  51  39  45  -2  20   0 0.37  0.0    0  8.9 18  80   M    M   7 13     25  80
22  45  37  41  -6  24   0 0.49  0.0    0 16.7 29  40   M    M  10 13     39  30
23  46  32  39  -8  26   0 0.16    T    0  9.7 18 350   M    M   7 1      22 360
24  62  30  46  -1  19   0 0.00  0.0    0  7.4 14 290   M    M   0        17 280
25  66  35  51   4  14   0 0.00  0.0    0  7.0 20  30   M    M   0        23  40
26  69  35  52   5  13   0 0.00  0.0    0  5.9 15 250   M    M   0        19 250
27  78  35  57  10   8   0 0.00  0.0    0  4.7 12 260   M    M   0        13 260
28  81  42  62  15   3   0 0.00  0.0    0  8.7 21 220   M    M   0        25 210
29  69  47  58  11   7   0 0.01  0.0    0 12.0 24  40   M    M   5        28  50
================================================================================
SM 1620  932       603   0  1.51    T    249.4          M      107
================================================================================
AV 55.9 32.1                               8.6 FASTST   M    M   4    MAX(MPH)
                                 MISC ---->  # 30 260               # 39  260
================================================================================
NOTES:
# LAST OF SEVERAL OCCURRENCES

COLUMN 17 PEAK WIND IN M.P.H.

PRELIMINARY LOCAL CLIMATOLOGICAL DATA (WS FORM: F-6) , PAGE 2

                                          STATION:  SAN ANGELO
                                          MONTH:    JANUARY
                                          YEAR:     2015
                                          LATITUDE:   31 21 N
                                          LONGITUDE: 100 30 W

[TEMPERATURE DATA]      [PRECIPITATION DATA]       SYMBOLS USED IN COLUMN 16

AVERAGE MONTHLY: 44.0   TOTAL FOR MONTH:   1.51    1 = FOG OR MIST
DPTR FM NORMAL:  -2.3   DPTR FM NORMAL:    0.64    2 = FOG REDUCING VISIBILITY
HIGHEST:    81 ON 28    GRTST 24HR  0.78 ON 21-22      TO 1/4 MILE OR LESS
LOWEST:     19 ON  8                               3 = THUNDER
                        SNOW, ICE PELLETS, HAIL    4 = ICE PELLETS
                        TOTAL MONTH:    T          5 = HAIL
                        GRTST 24HR    T  ON 23-23  6 = FREEZING RAIN OR DRIZZLE
                        GRTST DEPTH:   0           7 = DUSTSTORM OR SANDSTORM:
                                                       VSBY 1/2 MILE OR LESS
                                                   8 = SMOKE OR HAZE
[NO. OF DAYS WITH]      [WEATHER - DAYS WITH]      9 = BLOWING SNOW
                                                   X = TORNADO
MAX 32 OR BELOW:   1    0.01 INCH OR MORE:   7
MAX 90 OR ABOVE:   0    0.10 INCH OR MORE:   5
MIN 32 OR BELOW:  17    0.50 INCH OR MORE:   0
MIN  0 OR BELOW:   0    1.00 INCH OR MORE:   0

[HDD (BASE 65) ]
TOTAL THIS MO.   603    CLEAR  (SCALE 0-3)  15
DPTR FM NORMAL    62    PTCLDY (SCALE 4-7)   8
TOTAL FM JUL 1  1364    CLOUDY (SCALE 8-10)  6
DPTR FM NORMAL  -144

[CDD (BASE 65) ]
TOTAL THIS MO.     0
DPTR FM NORMAL     0    [PRESSURE DATA]
TOTAL FM JAN 1     0    HIGHEST SLP M ON M
DPTR FM NORMAL     0    LOWEST  SLP 29.88 ON 20

[REMARKS]
