000
CXUS56 KSLC 011727
CF6SLC

PRELIMINARY LOCAL CLIMATOLOGICAL DATA (WS FORM: F-6)

                                          STATION:   SALT LAKE CITY UT
                                          MONTH:     SEPTEMBER
                                          YEAR:      2014
                                          LATITUDE:   40 46 N
                                          LONGITUDE: 111 58 W

  TEMPERATURE IN F:       :PCPN:    SNOW:  WIND      :SUNSHINE: SKY     :PK WND
================================================================================
1   2   3   4   5  6A  6B    7    8   9   10  11  12  13   14  15   16   17  18
                                     12Z  AVG MX 2MIN
DY MAX MIN AVG DEP HDD CDD  WTR  SNW DPTH SPD SPD DIR MIN PSBL S-S WX    SPD DR
================================================================================

 1  80  55  68  -4   0   3 0.00  0.0    0  6.3 13 360   M    M   0        18 300
 2  89  57  73   1   0   8 0.00  0.0    0  7.1 15 140   M    M   0        22 150
 3  87  64  76   4   0  11 0.00  0.0    0 14.3 23 180   M    M   1 18     29 180
 4  76  54  65  -6   0   0 0.00  0.0    0  6.7 15 310   M    M   1 18     19 320
 5  84  59  72   1   0   7 0.00  0.0    0  6.8 20 180   M    M   2 8      25 180
 6  87  61  74   4   0   9 0.10  0.0    0  7.8 20 100   M    M   2 3      25 100
 7  92  64  78   8   0  13 0.00  0.0    0  9.7 22 170   M    M   1        30 170
 8  87  66  77   7   0  12 0.02  0.0    0 15.4 33 290   M    M   5 3      42 280
 9  73  57  65  -4   0   0 0.18  0.0    0  9.3 25 140   M    M   5 13     32 140
10  78  53  66  -3   0   1 0.00  0.0    0  7.9 15 310   M    M   0        20 330
11  74  49  62  -6   3   0 0.00  0.0    0  8.3 22 340   M    M   0        25 350
12  73  45  59  -9   6   0 0.00  0.0    0  4.2 10 330   M    M   0        15 330
13  85  50  68   1   0   3 0.00  0.0    0  6.6 12 150   M    M   1 8      15 340
14  88  60  74   7   0   9 0.00  0.0    0  5.6 14 270   M    M   0        17 260
15  89  64  77  11   0  12    T  0.0    0  7.1 14 150   M    M   1 8      17 150
16  93  61  77  11   0  12    T  0.0    0  7.8 15 160   M    M   0        21 160
17  94  69  82  16   0  17 0.00  0.0    0 10.8 20 170   M    M   0 8      23 170
18  92  67  80  15   0  15 0.00  0.0    0 13.6 24 340   M    M   1 8      30 340
19  82  61  72   7   0   7 0.19  0.0    0  5.8 16 280   M    M   2 138    18 280
20  84  56  70   6   0   5 0.00  0.0    0  6.0 14 280   M    M   0 8      19 270
21  71  60  66   2   0   1 0.39  0.0    0  6.2 20 140   M    M   4 1      24 140
22  77  60  69   6   0   4    T  0.0    0  4.3 13 170   M    M   6        17 180
23  85  58  72   9   0   7 0.00  0.0    0  6.4 12 150   M    M   1        14  40
24  89  59  74  12   0   9 0.00  0.0    0 10.9 24 170   M    M   0        28 170
25  91  65  78  16   0  13 0.00  0.0    0 15.1 28 150   M    M   0        35 150
26  88  64  76  15   0  11 0.01  0.0    0 12.8 33 200   M    M   2 3      46 190
27  65  56  61   0   4   0 1.25  0.0    0 11.7 31 130   M    M   8 138    37 130
28  69  52  61   1   4   0 0.14  0.0    0  7.3 22 120   M    M   5 13     28 200
29  65  50  58  -2   7   0 0.12  0.0    0  8.0 18  50   M    M   6 13     22  50
30  63  51  57  -3   8   0 0.11  0.0    0  6.1 22  10   M    M   9 13     26  10
================================================================================
SM 2450 1747        32 189  2.51     0.0 255.9          M       63
================================================================================
AV 81.7 58.2                               8.5 FASTST   M    M   2    MAX(MPH)
                                 MISC ---->  # 33 200               # 46  190
================================================================================
NOTES:
# LAST OF SEVERAL OCCURRENCES

COLUMN 17 PEAK WIND IN M.P.H.

PRELIMINARY LOCAL CLIMATOLOGICAL DATA (WS FORM: F-6) , PAGE 2

                                          STATION:  SALT LAKE CITY UT
                                          MONTH:    SEPTEMBER
                                          YEAR:     2014
                                          LATITUDE:   40 46 N
                                          LONGITUDE: 111 58 W

[TEMPERATURE DATA]      [PRECIPITATION DATA]       SYMBOLS USED IN COLUMN 16

AVERAGE MONTHLY: 69.9   TOTAL FOR MONTH:   2.51    1 = FOG OR MIST
DPTR FM NORMAL:   3.8   DPTR FM NORMAL:    1.30    2 = FOG REDUCING VISIBILITY
HIGHEST:    94 ON 17    GRTST 24HR  1.26 ON 26-27      TO 1/4 MILE OR LESS
LOWEST:     45 ON 12                               3 = THUNDER
                        SNOW, ICE PELLETS, HAIL    4 = ICE PELLETS
                        TOTAL MONTH:   0.0 INCH    5 = HAIL
                        GRTST 24HR     0.0         6 = FREEZING RAIN OR DRIZZLE
                        GRTST DEPTH:   0           7 = DUSTSTORM OR SANDSTORM:
                                                       VSBY 1/2 MILE OR LESS
                                                   8 = SMOKE OR HAZE
[NO. OF DAYS WITH]      [WEATHER - DAYS WITH]      9 = BLOWING SNOW
                                                   X = TORNADO
MAX 32 OR BELOW:   0    0.01 INCH OR MORE:  10
MAX 90 OR ABOVE:   5    0.10 INCH OR MORE:   8
MIN 32 OR BELOW:   0    0.50 INCH OR MORE:   1
MIN  0 OR BELOW:   0    1.00 INCH OR MORE:   1

[HDD (BASE 65) ]
TOTAL THIS MO.    32    CLEAR  (SCALE 0-3)  22
DPTR FM NORMAL   -52    PTCLDY (SCALE 4-7)   6
TOTAL FM JUL 1    33    CLOUDY (SCALE 8-10)  2
DPTR FM NORMAL   -56

[CDD (BASE 65) ]
TOTAL THIS MO.   189
DPTR FM NORMAL    72    [PRESSURE DATA]
TOTAL FM JAN 1  1242    HIGHEST SLP 30.20 ON 12
DPTR FM NORMAL    89    LOWEST  SLP 29.56 ON  3

[REMARKS]
SNOWFALL, SNOW DEPTH, AND WATER EQUIVALENT MEASURED 1/2 MILE EAST OF ASOS.
4TH WARMEST MONTHLY AVERAGE MINIMUM TEMPERATURE.
DAILY RECORD HIGH TEMPERATURE ESTABLISHED ON THE 17TH.
DAILY RECORD WARMEST LOW TEMPERATURE ESTABLISHED ON THE 17TH, 18TH, 25TH, AND TIED ON THE 26TH.
DAILY RECORD PRECIPITATION ESTABLISHED ON THE 27TH.
#FINAL-09-14#
