000
CXUS51 KBTV 290532
CF6SLK
PRELIMINARY LOCAL CLIMATOLOGICAL DATA (WS FORM: F-6)

                                          STATION:   SARANAC LAKE NY
                                          MONTH:     APRIL
                                          YEAR:      2017
                                          LATITUDE:   44 23 N
                                          LONGITUDE:  74 12 W

  TEMPERATURE IN F:       :PCPN:    SNOW:  WIND      :SUNSHINE: SKY     :PK WND
================================================================================
1   2   3   4   5  6A  6B    7    8   9   10  11  12  13   14  15   16   17  18
                                     12Z  AVG MX 2MIN
DY MAX MIN AVG DEP HDD CDD  WTR  SNW DPTH SPD SPD DIR MIN PSBL S-S WX    SPD DR
================================================================================

 1  37  30  34   2  31   0 0.10    M    0  3.7  9  60   M    M  10 1      12  60
 2  47  23  35   3  30   0    T    M    0  5.3 13 300   M    M   5        21 310
 3  54  16  35   3  30   0 0.00  0.0    0  3.1 16  50   M    M   2        19  40
 4  48  37  43  10  22   0 0.29    M    0  8.7 20 160   M    M  10 1      28 150
 5  42  36  39   6  26   0 0.00  0.0    0  6.7 14 230   M    M  10 1      22 220
 6  46  34  40   6  25   0 0.39    M    0  9.1 20  50   M    M   9 1      25  60
 7  37  28  33  -1  32   0 0.23    M    0  6.4 10 320   M    M  10 1      24 320
 8  41  26  34  -1  31   0    T    M    0  7.2 10 300   M    M   7 1      21 290
 9  61  20  41   6  24   0 0.00  0.0    0  6.5 16 230   M    M   1        22 220
10  77  34  56  20   9   0 0.00  0.0    0  8.8 24 230   M    M   2        35 230
11  71  38  55  19  10   0 0.10    M    0  4.4 16 230   M    M   6 12     23 220
12  48  35  42   5  23   0 0.01    M    0  8.0 20 240   M    M  10 12     28 230
13  52  22  37   0  28   0    T    M    0  5.0 15 280   M    M   4 1      22 300
14  56  18  37  -1  28   0 0.00  0.0    0  1.8 12  30   M    M   0        17 320
15  67  19  43   5  22   0 0.40    M    0  7.0 20 220   M    M   4 1      30 210
16  74  53  64  26   1   0 0.07  0.0    0 10.6 23 220   M    M   8 1      32 260
17  53  32  43   4  22   0    T    M    0  7.5 15 280   M    M  10        29 260
18  56  25  41   2  24   0 0.00  0.0    0  4.3 14  50   M    M   3        17  50
19  49  28  39  -1  26   0 0.48    M    0  9.5 24 210   M    M   7 1      33 200
20  47  39  43   3  22   0 0.08    M    0  7.5 18  60   M    M  10 1      23  50
21  52  40  46   6  19   0 0.24    M    0  7.4 17 170   M    M  10 1      27 170
22  44  31  38  -3  27   0 0.02    M    0  4.3 12 300   M    M  10 1      20 280
23  63  26  45   4  20   0    T    M    0  6.3 21 230   M    M   3 12     26 220
24  61  27  44   2  21   0 0.00  0.0    0  3.6 14  60   M    M   2        17  70
25  60  27  44   2  21   0 0.28    M    0  4.1 16 120   M    M   6 1      24 130
26  70  45  58  15   7   0 0.07    M    0  4.9 12  60   M    M   8 1      13  60
27  79  41  60  17   5   0 0.00  0.0    0  5.8 18 180   M    M   3 12     24 180
28  71  46  59  16   6   0 0.22    M    0  8.5 21 230   M    M   3 1      28 220
================================================================================
SM 1563  876       592   0  2.98     0.0 176.0          M      173
================================================================================
AV 55.8 31.3                               6.3 FASTST   M    M   6    MAX(MPH)
                                 MISC ---->  # 24 230               # 35  230
================================================================================
NOTES:
# LAST OF SEVERAL OCCURRENCES

COLUMN 17 PEAK WIND IN M.P.H.

PRELIMINARY LOCAL CLIMATOLOGICAL DATA (WS FORM: F-6) , PAGE 2

                                          STATION:  SARANAC LAKE NY
                                          MONTH:    APRIL
                                          YEAR:     2017
                                          LATITUDE:   44 23 N
                                          LONGITUDE:  74 12 W

[TEMPERATURE DATA]      [PRECIPITATION DATA]       SYMBOLS USED IN COLUMN 16

AVERAGE MONTHLY: 43.6   TOTAL FOR MONTH:   2.98    1 = FOG OR MIST
DPTR FM NORMAL:   5.9   DPTR FM NORMAL:    0.32    2 = FOG REDUCING VISIBILITY
HIGHEST:    79 ON 27    GRTST 24HR  0.48 ON 19-19      TO 1/4 MILE OR LESS
LOWEST:     16 ON  3                               3 = THUNDER
                        SNOW, ICE PELLETS, HAIL    4 = ICE PELLETS
                        TOTAL MONTH:   0.0 INCH    5 = HAIL
                        GRTST 24HR     0.0         6 = FREEZING RAIN OR DRIZZLE
                        GRTST DEPTH:   0           7 = DUSTSTORM OR SANDSTORM:
                                                       VSBY 1/2 MILE OR LESS
                                                   8 = SMOKE OR HAZE
[NO. OF DAYS WITH]      [WEATHER - DAYS WITH]      9 = BLOWING SNOW
                                                   X = TORNADO
MAX 32 OR BELOW:   0    0.01 INCH OR MORE:  15
MAX 90 OR ABOVE:   0    0.10 INCH OR MORE:  10
MIN 32 OR BELOW:  16    0.50 INCH OR MORE:   0
MIN  0 OR BELOW:   0    1.00 INCH OR MORE:   0

[HDD (BASE 65) ]
TOTAL THIS MO.   592    CLEAR  (SCALE 0-3)   8
DPTR FM NORMAL  -176    PTCLDY (SCALE 4-7)  10
TOTAL FM JUL 1  7682    CLOUDY (SCALE 8-10) 10
DPTR FM NORMAL -1048

[CDD (BASE 65) ]
TOTAL THIS MO.     0
DPTR FM NORMAL     0    [PRESSURE DATA]
TOTAL FM JAN 1     0    HIGHEST SLP M ON M
DPTR FM NORMAL     0    LOWEST  SLP 29.21 ON  6

[REMARKS]
