000
CXUS53 KICT 270800
CF6SLN
PRELIMINARY LOCAL CLIMATOLOGICAL DATA (WS FORM: F-6)

                                          STATION:   SALINA KS
                                          MONTH:     APRIL
                                          YEAR:      2017
                                          LATITUDE:   38 47 N
                                          LONGITUDE:  97 39 W

  TEMPERATURE IN F:       :PCPN:    SNOW:  WIND      :SUNSHINE: SKY     :PK WND
================================================================================
1   2   3   4   5  6A  6B    7    8   9   10  11  12  13   14  15   16   17  18
                                     12Z  AVG MX 2MIN
DY MAX MIN AVG DEP HDD CDD  WTR  SNW DPTH SPD SPD DIR MIN PSBL S-S WX    SPD DR
================================================================================

 1  56  45  51   1  14   0 0.67    M    M  9.6 21  50   M    M  10 13     27  50
 2  55  46  51   0  14   0    T    M    M  5.6  9 330   M    M  10 18     11 330
 3  71  48  60   9   5   0 0.01    M    M 11.8 26 310   M    M   5 1      34 310
 4  50  44  47  -4  18   0 0.90    M    M 11.8 26  20   M    M   8 1      36 360
 5  63  42  53   1  12   0 0.06    M    0 16.5 32 360   M    M   4        43 360
 6  64  37  51  -1  14   0 0.00  0.0    0  7.2 17 360   M    M   0        22 360
 7  70  36  53   1  12   0 0.00  0.0    0 12.7 25 170   M    M   0        33 160
 8  81  56  69  16   0   4 0.00  0.0    0 15.3 23 200   M    M   0        29 170
 9  82  56  69  16   0   4 0.00    M    0 15.0 26 320   M    M   0        33 320
10  65  42  54   1  11   0 0.00    M    0 16.6 31 310   M    M   0        37 300
11  71  34  53  -1  12   0 0.00    M    0  5.1 14 120   M    M   1 8      17 120
12  77  47  62   8   3   0 0.00    M    0 14.9 29 190   M    M   2 38     37 170
13  76  59  68  14   0   3 0.01    M    M  9.2 17 170   M    M   5 1      23 160
14  81  60  71  16   0   6 0.00    M    M 19.1 36 190   M    M   6 1      48 190
15  86  61  74  19   0   9 0.06    M    M 17.9 31 190   M    M   2 3      46 190
16  68  50  59   4   6   0 0.10    M    M 11.1 22  10   M    M   6 3      26  70
17  78  47  63   7   2   0 0.00    M    M  8.2 21 150   M    M   2 8      24 150
18  83  58  71  15   0   6 0.00  0.0    0 13.4 21 190   M    M   2        28 170
19  84  61  73  17   0   8 0.37    M    M 17.6 38 190   M    M   2 13     45 190
20  72  53  63   6   2   0 0.00  0.0    0 12.2 25 350   M    M   3        31 330
21  60  48  54  -3  11   0 0.21    M    0 11.3 21  50   M    M   8        29  70
22  67  46  57   0   8   0    T    M    0 10.6 22  30   M    M   4        29 350
23  70  36  53  -5  12   0 0.00    M    M  6.4 18 170   M    M   0        23 160
24  78  49  64   6   1   0 0.00    M    M 18.2 38 190   M    M   0        52 200
25  67  46  57  -1   8   0    T    M    M 13.4 25 350   M    M   6 8      31 340
26  55  39  47 -12  18   0 0.00  0.0    M 15.2 25 330   M    M   8        32 360
================================================================================
SM 1830 1246       183  40  2.39     0.0 325.9          M       94
================================================================================
AV 70.4 47.9                              12.5 FASTST   M    M   4    MAX(MPH)
                                 MISC ---->  # 38 190               # 52  200
================================================================================
NOTES:
# LAST OF SEVERAL OCCURRENCES

COLUMN 17 PEAK WIND IN M.P.H.

PRELIMINARY LOCAL CLIMATOLOGICAL DATA (WS FORM: F-6) , PAGE 2

                                          STATION:  SALINA KS
                                          MONTH:    APRIL
                                          YEAR:     2017
                                          LATITUDE:   38 47 N
                                          LONGITUDE:  97 39 W

[TEMPERATURE DATA]      [PRECIPITATION DATA]       SYMBOLS USED IN COLUMN 16

AVERAGE MONTHLY: 59.2   TOTAL FOR MONTH:   2.39    1 = FOG OR MIST
DPTR FM NORMAL:   4.7   DPTR FM NORMAL:   -0.20    2 = FOG REDUCING VISIBILITY
HIGHEST:    86 ON 15    GRTST 24HR  0.96 ON  4- 5      TO 1/4 MILE OR LESS
LOWEST:     34 ON 11                               3 = THUNDER
                        SNOW, ICE PELLETS, HAIL    4 = ICE PELLETS
                        TOTAL MONTH:   0.0 INCH    5 = HAIL
                        GRTST 24HR     0.0         6 = FREEZING RAIN OR DRIZZLE
                        GRTST DEPTH:   0           7 = DUSTSTORM OR SANDSTORM:
                                                       VSBY 1/2 MILE OR LESS
                                                   8 = SMOKE OR HAZE
[NO. OF DAYS WITH]      [WEATHER - DAYS WITH]      9 = BLOWING SNOW
                                                   X = TORNADO
MAX 32 OR BELOW:   0    0.01 INCH OR MORE:   9
MAX 90 OR ABOVE:   0    0.10 INCH OR MORE:   5
MIN 32 OR BELOW:   0    0.50 INCH OR MORE:   2
MIN  0 OR BELOW:   0    1.00 INCH OR MORE:   0

[HDD (BASE 65) ]
TOTAL THIS MO.   183    CLEAR  (SCALE 0-3)  14
DPTR FM NORMAL  -108    PTCLDY (SCALE 4-7)   8
TOTAL FM JUL 1  3311    CLOUDY (SCALE 8-10)  4
DPTR FM NORMAL -1430

[CDD (BASE 65) ]
TOTAL THIS MO.    40
DPTR FM NORMAL    22    [PRESSURE DATA]
TOTAL FM JAN 1    51    HIGHEST SLP M ON M
DPTR FM NORMAL    31    LOWEST  SLP 29.32 ON 25

[REMARKS]
