000
CXAK56 PASN 301121
CF6SNP

PRELIMINARY LOCAL CLIMATOLOGICAL DATA (WS FORM: F-6)

                                          STATION:   ST PAUL
                                          MONTH:     06
                                          YEAR:      2015
                                          LATITUDE:   57 10 N
                                          LONGITUDE: 170 13 W

  TEMPERATURE IN F:       :PCPN:    SNOW:  WIND      :SUNSHINE: SKY     :PK WND
================================================================================
1   2   3   4   5  6A  6B    7     8   9   10  11  12  13   14  15   16  17  18
                                      12Z  AVG MX 2MIN
DY MAX MIN AVG DEP HDD CDD  WTR   SNW DPTH SPD SPD DIR MIN PSBL S-S WX   SPD DR
================================================================================

 1  47  38  43   4  22   0     T  0.0   0  8.1 16  360   M    M   M 1     20 340
 2  45  39  42   2  23   0  0.07  0.0   0  5.6 10  240   M    M   M 1     13 240
 3  47  35  41   1  24   0  0.01  0.0   0 11.3 25  360   M    M   M 1     29 360
 4  40  35  38  -2  27   0  0.00  0.0   0 23.8 30  350   M    M   M       36 350
 5  49  32  41   1  24   0  0.00  0.0   0 11.2 22  360   M    M   M 1     26 360
 6  46  28  37  -3  28   0  0.00  0.0   0  8.5 15  220   M    M   M 2     19 210
 7  48  32  40  -1  25   0  0.00  0.0   0  6.9 13  100   M    M   M 18    15 220
 8  45  38  42   1  23   0  0.22  0.0   0 13.5 17   60   M    M   M 2     22  50
 9  44  37  41   0  24   0  0.05  0.0   0 19.6 28  340   M    M   M 1     33 350
10  51  35  43   2  22   0  0.00  0.0   0 17.5 26  250   M    M   M 1     32 250
11  46  41  44   3  21   0  0.00  0.0   0 16.1 26  270   M    M   M 1     33 270
12  45  41  43   1  22   0  0.00  0.0   0 16.4 26  190   M    M   M 1     32 190
13  48  42  45   3  20   0     T  0.0   0 20.9 29  190   M    M   M 18    34 190
14  48  43  46   4  19   0     T  0.0   0 12.7 28  180   M    M   M 1     34 180
15  48  40  44   2  21   0  0.01  0.0   0 16.1 24   20   M    M   M 1     27  20
16  50  39  45   2  20   0  0.00  0.0   0 17.9 24   10   M    M   M 12    27  10
17  50  38  44   1  21   0  0.00  0.0   0 15.6 22  340   M    M   M       25 340
18  59  39  49   6  16   0  0.00  0.0   0 11.5 17   20   M    M   M 12    19  20
19  56  33  45   2  20   0  0.00  0.0   0  5.9 12  110   M    M   M 12    14 110
20  51  40  46   3  19   0  0.00  0.0   0  6.6 12   70   M    M   M 12    14 100
21  52  44  48   4  17   0  0.00  0.0   0  7.9 13   80   M    M   M 1     16  80
22  53  46  50   6  15   0     T  0.0   0  6.9 15   60   M    M   M 18    19  70
23  49  44  47   3  18   0  0.40  0.0   0  6.4 14  360   M    M   M 13    17 360
24  50  41  46   2  19   0  0.00  0.0   0 13.7 20  330   M    M   M 2     24 320
25  52  44  48   4  17   0  0.00  0.0   0 14.5 22  310   M    M   M 1     26 300
26  53  42  48   3  17   0  0.00  0.0   0 13.1 23  280   M    M   M 1     28 280
27  51  43  47   2  18   0  0.16  0.0   0 19.9 28  310   M    M   M 1     33 320
28  53  41  47   2  18   0     T  0.0   0  9.9 21  350   M    M   M 2     26 350
29  52  38  45   0  20   0  0.00  0.0   0  5.8 12  350   M    M   M 2     16 340
================================================================================
SM 1428 1128       600   0  0.92 0.0    363.8           M        M
================================================================================
AV 49.2 38.9                             12.5 FASTST  PSBL  %   M    MAX(MPH)
                                 MISC ---->     30  350                 36 350
================================================================================
NOTES:
# LAST OF SEVERAL OCCURRENCES

COLUMN 17 PEAK WIND IN M.P.H.

PRELIMINARY LOCAL CLIMATOLOGICAL DATA (WS FORM: F-6) , PAGE 2

                                          STATION:   ST PAUL
                                          MONTH:     06
                                          YEAR:      2015
                                          LATITUDE:  57 10 N
                                          LONGITUDE: 170 13 W

[TEMPERATURE DATA]      [PRECIPITATION DATA]       SYMBOLS USED IN COLUMN 16

AVERAGE MONTHLY:44.1   TOTAL FOR MONTH: 0.92       1 = FOG
DPTR FM NORMAL:  1.8   DPTR FM NORMAL: -0.38       2 = FOG REDUCING VISIBILITY
HIGHEST:    59 ON 18    GRTST 24HR   0.40 ON 23        TO 1/4 MILE OR LESS
LOWEST:     28 ON  6                               3 = THUNDER
                        SNOW, ICE PELLETS, HAIL    4 = ICE PELLETS
                        TOTAL MONTH: 0.0         5 = HAIL
                        GRTST 24HR   0.0           6 = GLAZE OR RIME
                        GRTST DEPTH:    0          7 = BLOWING DUST OR SAND:
                                                       VSBY 1/2 MILE OR LESS
                                                   8 = SMOKE OR HAZE
[NO. OF DAYS WITH]      [WEATHER - DAYS WITH]      9 = BLOWING SNOW
                                                   X = TORNADO
MAX 32 OR BELOW:   0    0.01 INCH OR MORE:   7
MAX 70 OR ABOVE:   0    0.10 INCH OR MORE:   3
MIN 32 OR BELOW:   3    0.50 INCH OR MORE:   0
MIN  0 OR BELOW:   0    1.00 INCH OR MORE:   0

[HDD (BASE 65) ]
TOTAL THIS MO.   600    CLEAR  (SCALE 0-3)   M
DPTR FM NORMAL   -59    PTCLDY (SCALE 4-7)   M
SEASONAL TOTAL  9554    CLOUDY (SCALE 8-10)  M
DPTR FM NORMAL -1226

[CDD (BASE 65) ]
TOTAL THIS MO.     0
DPTR FM NORMAL     0    [PRESSURE DATA]
SEASONAL TOTAL     0    HIGHEST SLP     M
DPTR FM NORMAL     0    LOWEST  SLP     M

[REMARKS]
