000
CXUS55 KCYS 251000
CF6SNY
PRELIMINARY LOCAL CLIMATOLOGICAL DATA (WS FORM: F-6)

                                          STATION:   SIDNEY NEBRASKA AIRPORT
                                          MONTH:     MAY
                                          YEAR:      2015
                                          LATITUDE:   41  5 N
                                          LONGITUDE: 102 59 W

  TEMPERATURE IN F:       :PCPN:    SNOW:  WIND      :SUNSHINE: SKY     :PK WND
================================================================================
1   2   3   4   5  6A  6B    7    8   9   10  11  12  13   14  15   16   17  18
                                     12Z  AVG MX 2MIN
DY MAX MIN AVG DEP HDD CDD  WTR  SNW DPTH SPD SPD DIR MIN PSBL S-S WX    SPD DR
================================================================================

 1  70  43  57   4   8   0    T    M    M  6.9 21 200   M    M   2 3      27 190
 2  79  41  60   7   5   0 0.01    M    M 10.5 29 270   M    M   1        36 250
 3  73  45  59   5   6   0 0.00    M    M 12.2 25 350   M    M   1        31 330
 4  63  45  54   0  11   0 0.00    M    M 10.4 20  90   M    M   7 1      25  90
 5  54  45  50  -4  15   0 0.45    M    M 10.9 25 120   M    M  10 1      32 120
 6  59  48  54  -1  11   0 0.18    M    M 13.1 28 320   M    M   9 12     33 310
 7  60  41  51  -4  14   0 0.01    M    M 12.7 22 320   M    M   7        27 320
 8  53  41  47  -8  18   0 0.23    M    M  8.7 16 140   M    M   9 1      20  60
 9  51  29  40 -16  25   0 3.11    M    M 17.1 32  50   M    M  10 123    38 120
10  39  29  34 -22  31   0 0.10    M    M 23.7 35 330   M    M   9 12     43 330
11  53  29  41 -15  24   0 0.00    M    M 14.3 29 330   M    M   0        38 310
12  74  30  52  -4  13   0 0.00    M    M 16.1 26 170   M    M   0        34 190
13  66  48  57   0   8   0 0.25    M    M 11.2 25 190   M    M   4 1      33 190
14  74  40  57   0   8   0 0.01    M    M  7.3 13 130   M    M   1 12     16 120
15  73  46  60   3   5   0 0.05    M    M 17.3 36 160   M    M   7 123    46 160
16  66  42  54  -4  11   0 0.12    M    M  8.5 23 290   M    M   3 3      30 290
17  65  43  54  -4  11   0    T    M    M 17.1 31 330   M    M   3        39 310
18  59  40  50  -8  15   0 0.00    M    M  9.4 20 110   M    M   9        24 120
19  50  32  41 -17  24   0 0.90    M    M 12.4 22 110   M    M  10 12     28 130
20  46  32  39 -20  26   0    T    M    M  6.6 13  30   M    M   9 1      19  30
21  57  40  49 -10  16   0 0.00    M    M 11.0 20 140   M    M  10        27 150
22  50  45  48 -11  17   0 0.39    M    M 13.3 22 120   M    M  10 1      28 120
23  57  46  52  -8  13   0 1.16    M    M  8.5 23  80   M    M  10 123    29  80
24  66  49  58  -2   7   0 0.20    M    M  5.5 31 230   M    M   7 123    37 230
================================================================================
SM 1457  969       342   0  7.17    M    284.7          M      148
================================================================================
AV 60.7 40.4                              11.9 FASTST   M    M   6    MAX(MPH)
                                 MISC ---->  # 36 160               # 46  160
================================================================================
NOTES:
# LAST OF SEVERAL OCCURRENCES

COLUMN 17 PEAK WIND IN M.P.H.

PRELIMINARY LOCAL CLIMATOLOGICAL DATA (WS FORM: F-6) , PAGE 2

                                          STATION:  SIDNEY NEBRASKA AIRPORT
                                          MONTH:    MAY
                                          YEAR:     2015
                                          LATITUDE:   41  5 N
                                          LONGITUDE: 102 59 W

[TEMPERATURE DATA]      [PRECIPITATION DATA]       SYMBOLS USED IN COLUMN 16

AVERAGE MONTHLY: 50.5   TOTAL FOR MONTH:   7.17    1 = FOG OR MIST
DPTR FM NORMAL:  -6.0   DPTR FM NORMAL:    4.85    2 = FOG REDUCING VISIBILITY
HIGHEST:    79 ON  2    GRTST 24HR  3.11 ON  9- 9      TO 1/4 MILE OR LESS
LOWEST:     29 ON 11,10                            3 = THUNDER
                        SNOW, ICE PELLETS, HAIL    4 = ICE PELLETS
                        TOTAL MONTH:    M          5 = HAIL
                        GRTST 24HR    M  ON   M    6 = FREEZING RAIN OR DRIZZLE
                        GRTST DEPTH:  M  ON   M    7 = DUSTSTORM OR SANDSTORM:
                                                       VSBY 1/2 MILE OR LESS
                                                   8 = SMOKE OR HAZE
[NO. OF DAYS WITH]      [WEATHER - DAYS WITH]      9 = BLOWING SNOW
                                                   X = TORNADO
MAX 32 OR BELOW:   0    0.01 INCH OR MORE:  15
MAX 90 OR ABOVE:   0    0.10 INCH OR MORE:  11
MIN 32 OR BELOW:   6    0.50 INCH OR MORE:   3
MIN  0 OR BELOW:   0    1.00 INCH OR MORE:   2

[HDD (BASE 65) ]
TOTAL THIS MO.   342    CLEAR  (SCALE 0-3)   8
DPTR FM NORMAL   127    PTCLDY (SCALE 4-7)   5
TOTAL FM JUL 1  6250    CLOUDY (SCALE 8-10) 11
DPTR FM NORMAL   123

[CDD (BASE 65) ]
TOTAL THIS MO.     0
DPTR FM NORMAL   -15    [PRESSURE DATA]
TOTAL FM JAN 1     0    HIGHEST SLP M ON M
DPTR FM NORMAL   -16    LOWEST  SLP 29.52 ON M

[REMARKS]
