781
CXUS55 KPUB 301059
CF6SPD
PRELIMINARY LOCAL CLIMATOLOGICAL DATA (WS FORM: F-6)

                                          STATION:   SPRINGFIELD CO
                                          MONTH:     APRIL
                                          YEAR:      2016
                                          LATITUDE:   37 16 N
                                          LONGITUDE: 102 37 W

  TEMPERATURE IN F:       :PCPN:    SNOW:  WIND      :SUNSHINE: SKY     :PK WND
================================================================================
1   2   3   4   5  6A  6B    7    8   9   10  11  12  13   14  15   16   17  18
                                     12Z  AVG MX 2MIN
DY MAX MIN AVG DEP HDD CDD  WTR  SNW DPTH SPD SPD DIR MIN PSBL S-S WX    SPD DR
================================================================================

 1  54  18  36 -11  29   0 0.00  0.0    0 12.0 28 350   M    M   0        35 350
 2  66  20  43  -5  22   0 0.00  0.0    0  9.0 23 330   M    M   0        31 340
 3  73  28  51   3  14   0 0.00  0.0    0 10.1 24 310   M    M   0        30 300
 4  76  33  55   7  10   0 0.00  0.0    0 13.0 28 190   M    M   0        34 170
 5  84  42  63  15   2   0 0.00  0.0    0 20.1 55 360   M    M   0        72  10
 6  72  28  50   1  15   0 0.00  0.0    0 10.2 23 300   M    M   0        29 300
 7  67  37  52   3  13   0 0.00  0.0    0 10.1 20  10   M    M   0        26 360
 8  73  30  52   3  13   0 0.00  0.0    0  9.8 21 180   M    M   0        28 220
 9  77  43  60  10   5   0 0.00  0.0    0 11.1 21 290   M    M   0        29 230
10  75  43  59   9   6   0 0.02    M    0 13.9 29  60   M    M   0        35  70
11  46  32  39 -11  26   0    M  0.0    0 11.9 26  20   M    M   0        33  30
12  62  35  49  -1  16   0 0.00  0.0    0 16.6 30 170   M    M   0        39 180
13  73  34  54   3  11   0 0.00  0.0    0  5.7 14  80   M    M   0        17  70
14  82  38  60   9   5   0 0.00  0.0    0 16.4 31 190   M    M   0        41 190
15  72  47  60   9   5   0 0.38  0.0    0 20.3 39 150   M    M   0        47 160
16  52  36  44  -8  21   0    M    M    M 20.8 31 320   M    M   0        38 290
17  52  33  43  -9  22   0 0.00  0.0    0 18.0 29 340   M    M   0        35 350
18  54  31  43  -9  22   0 0.00  0.0    0 10.4 23 340   M    M   0        27 340
19  52  35  44  -9  21   0    M    M    0  5.9 14  20   M    M   0        17  50
20  65  34  50  -3  15   0    M  0.0    0  7.5 38 360   M    M   0        46 360
21  69  37  53   0  12   0 0.00  0.0    0 11.1 23 350   M    M   0        30 360
22  76  36  56   2   9   0 0.00  0.0    0 14.8 37 190   M    M   0        48 290
23  79  51  65  11   0   0 0.00  0.0    0 21.9 47 220   M    M   0        63 230
24  77  44  61   7   4   0 0.00  0.0    0  9.3 21 310   M    M   0        28 320
25  73  37  55   1  10   0 0.00  0.0    0 11.2 29 170   M    M   0        35 160
26  69  41  55   0  10   0 0.00  0.0    0 14.0 33 230   M    M   0        43 220
27  62  35  49  -6  16   0 0.00  0.0    0 12.5 24 360   M    M   0        32 360
28  55  34  45 -10  20   0    M  0.0    0 14.1 26  50   M    M   0        34  50
29  41  34  38 -18  27   0    M    M    M 16.2 29  50   M    M   0        35  50
================================================================================
SM 1928 1026       401   0  0.40     0.0 377.9          M        0
================================================================================
AV 66.5 35.4                              13.0 FASTST   M    M   0    MAX(MPH)
                                 MISC ---->  # 55 360               # 72   10
================================================================================
NOTES:
# LAST OF SEVERAL OCCURRENCES

COLUMN 17 PEAK WIND IN M.P.H.

PRELIMINARY LOCAL CLIMATOLOGICAL DATA (WS FORM: F-6) , PAGE 2

                                          STATION:  SPRINGFIELD CO
                                          MONTH:    APRIL
                                          YEAR:     2016
                                          LATITUDE:   37 16 N
                                          LONGITUDE: 102 37 W

[TEMPERATURE DATA]      [PRECIPITATION DATA]       SYMBOLS USED IN COLUMN 16

AVERAGE MONTHLY: 50.9   TOTAL FOR MONTH:   0.40    1 = FOG OR MIST
DPTR FM NORMAL:  -0.5   DPTR FM NORMAL:   -0.84    2 = FOG REDUCING VISIBILITY
HIGHEST:    84 ON  5    GRTST 24HR  0.38 ON 15-15      TO 1/4 MILE OR LESS
LOWEST:     18 ON  1                               3 = THUNDER
                        SNOW, ICE PELLETS, HAIL    4 = ICE PELLETS
                        TOTAL MONTH:   0.0 INCH    5 = HAIL
                        GRTST 24HR     0.0         6 = FREEZING RAIN OR DRIZZLE
                        GRTST DEPTH:   0           7 = DUSTSTORM OR SANDSTORM:
                                                       VSBY 1/2 MILE OR LESS
                                                   8 = SMOKE OR HAZE
[NO. OF DAYS WITH]      [WEATHER - DAYS WITH]      9 = BLOWING SNOW
                                                   X = TORNADO
MAX 32 OR BELOW:   0    0.01 INCH OR MORE:   2
MAX 90 OR ABOVE:   0    0.10 INCH OR MORE:   1
MIN 32 OR BELOW:   7    0.50 INCH OR MORE:   0
MIN  0 OR BELOW:   0    1.00 INCH OR MORE:   0

[HDD (BASE 65) ]
TOTAL THIS MO.   401    CLEAR  (SCALE 0-3)  29
DPTR FM NORMAL     3    PTCLDY (SCALE 4-7)   0
TOTAL FM JUL 1  4722    CLOUDY (SCALE 8-10)  0
DPTR FM NORMAL  -369

[CDD (BASE 65) ]
TOTAL THIS MO.     0
DPTR FM NORMAL     0    [PRESSURE DATA]
TOTAL FM JAN 1     0    HIGHEST SLP M ON M
DPTR FM NORMAL     0    LOWEST  SLP 29.48 ON 15

[REMARKS]
