000
CXUS55 KTBW 241000
CF6SPG
PRELIMINARY LOCAL CLIMATOLOGICAL DATA (WS FORM: F-6)

                                          STATION:   Saint Petersburg
                                          MONTH:     SEPTEMBER
                                          YEAR:      2017
                                          LATITUDE:   27 46 N
                                          LONGITUDE:  82 38 W

  TEMPERATURE IN F:       :PCPN:    SNOW:  WIND      :SUNSHINE: SKY     :PK WND
================================================================================
1   2   3   4   5  6A  6B    7    8   9   10  11  12  13   14  15   16   17  18
                                     12Z  AVG MX 2MIN
DY MAX MIN AVG DEP HDD CDD  WTR  SNW DPTH SPD SPD DIR MIN PSBL S-S WX    SPD DR
================================================================================

 1  91  76  84   1   0  19 0.10  0.0    0  8.6 17 320   M    M   1 13     27 290
 2  86  75  81  -2   0  16 0.16  0.0    0  7.2 17 160   M    M   4 13     19 170
 3  87  79  83   0   0  18    T  0.0    0  4.4 12 170   M    M   4        13 170
 4  90  79  85   2   0  20 0.00  0.0    0  6.6 14 160   M    M   1        16 250
 5  92  81  87   4   0  22    T  0.0    0  6.1 13 170   M    M   0 3      14 170
 6  85  80  83   0   0  18 0.10  0.0    0  4.7 13 180   M    M   4 1      15 160
 7  92  80  86   3   0  21 0.27  0.0    0  7.3 26 100   M    M   2 138    30 100
 8  91  80  86   3   0  21 0.12  0.0    0 14.1 28  60   M    M   1 3      31  60
 9  89  80  85   2   0  20    T  0.0    0 23.3 36  70   M    M   3        41  70
10  82  74  78  -5   0  13 3.50  0.0    0 35.4 53  30   M    M   9 1      69  30
11  82  74  78  -5   0  13 0.19  0.0    0 17.4 38 350   M    M   7 18     65 350
12  86  77  82  -1   0  17    T  0.0    0  6.4 15 270   M    M   3        19 280
13  87  76  82  -1   0  17 0.00  0.0    0  5.0 12 270   M    M   0        16 250
14  90  79  85   2   0  20    T  0.0    0  5.8 23 120   M    M   3 3      25 130
15  92  79  86   3   0  21 0.01  0.0    0  4.3 21  70   M    M   1 13     25  80
16  93  80  87   5   0  22 0.00  0.0    0  8.7 22  80   M    M   2        25  90
17  90  79  85   3   0  20 0.00  0.0    0  8.5 15 360   M    M   0        21  40
18  89  79  84   2   0  19 0.00  0.0    0  9.7 18  30   M    M   0        22  30
19  91  77  84   2   0  19 0.00  0.0    0  9.8 18  80   M    M   3        25  70
20  91  79  85   3   0  20 0.00  0.0    0  9.7 20 120   M    M   1        22 120
21  91  79  85   3   0  20 0.00  0.0    0  9.6 18  90   M    M   1        21 100
22  91  78  85   3   0  20    T  0.0    0 11.1 28  80   M    M   1 3      34  80
23  91  78  85   3   0  20 0.00  0.0    0 12.9 28 110   M    M   2 3      32 120
================================================================================
SM 2049 1798         0 436  4.45     0.0 236.6          M       53
================================================================================
AV 89.1 78.2                              10.3 FASTST   M    M   2    MAX(MPH)
                                 MISC ---->  # 53  30               # 69   30
================================================================================
NOTES:
# LAST OF SEVERAL OCCURRENCES

COLUMN 17 PEAK WIND IN M.P.H.

PRELIMINARY LOCAL CLIMATOLOGICAL DATA (WS FORM: F-6) , PAGE 2

                                          STATION:  Saint Petersburg
                                          MONTH:    SEPTEMBER
                                          YEAR:     2017
                                          LATITUDE:   27 46 N
                                          LONGITUDE:  82 38 W

[TEMPERATURE DATA]      [PRECIPITATION DATA]       SYMBOLS USED IN COLUMN 16

AVERAGE MONTHLY: 83.6   TOTAL FOR MONTH:   4.45    1 = FOG OR MIST
DPTR FM NORMAL:   1.0   DPTR FM NORMAL:   -2.01    2 = FOG REDUCING VISIBILITY
HIGHEST:    93 ON 16    GRTST 24HR  3.50 ON 10-10      TO 1/4 MILE OR LESS
LOWEST:     74 ON 11,10                            3 = THUNDER
                        SNOW, ICE PELLETS, HAIL    4 = ICE PELLETS
                        TOTAL MONTH:   0.0 INCH    5 = HAIL
                        GRTST 24HR     0.0         6 = FREEZING RAIN OR DRIZZLE
                        GRTST DEPTH:   0           7 = DUSTSTORM OR SANDSTORM:
                                                       VSBY 1/2 MILE OR LESS
                                                   8 = SMOKE OR HAZE
[NO. OF DAYS WITH]      [WEATHER - DAYS WITH]      9 = BLOWING SNOW
                                                   X = TORNADO
MAX 32 OR BELOW:   0    0.01 INCH OR MORE:   8
MAX 90 OR ABOVE:  14    0.10 INCH OR MORE:   7
MIN 32 OR BELOW:   0    0.50 INCH OR MORE:   1
MIN  0 OR BELOW:   0    1.00 INCH OR MORE:   1

[HDD (BASE 65) ]
TOTAL THIS MO.     0    CLEAR  (SCALE 0-3)  17
DPTR FM NORMAL     0    PTCLDY (SCALE 4-7)   5
TOTAL FM JUL 1     0    CLOUDY (SCALE 8-10)  1
DPTR FM NORMAL     0

[CDD (BASE 65) ]
TOTAL THIS MO.   436
DPTR FM NORMAL    30    [PRESSURE DATA]
TOTAL FM JAN 1  3390    HIGHEST SLP M ON M
DPTR FM NORMAL   371    LOWEST  SLP 28.80 ON 10

[REMARKS]
