200
CXUS53 KILX 270900
CF6SPI
PRELIMINARY LOCAL CLIMATOLOGICAL DATA (WS FORM: F-6)

                                          STATION:   SPRINGFIELD IL
                                          MONTH:     APRIL
                                          YEAR:      2017
                                          LATITUDE:   39 50 N
                                          LONGITUDE:  89 41 W

  TEMPERATURE IN F:       :PCPN:    SNOW:  WIND      :SUNSHINE: SKY     :PK WND
================================================================================
1   2   3   4   5  6A  6B    7    8   9   10  11  12  13   14  15   16   17  18
                                     12Z  AVG MX 2MIN
DY MAX MIN AVG DEP HDD CDD  WTR  SNW DPTH SPD SPD DIR MIN PSBL S-S WX    SPD DR
================================================================================

 1  59  36  48   0  17   0 0.00  0.0    0  6.7 15  60   M    M   0        20  30
 2  65  45  55   6  10   0 0.00  0.0    0  9.3 17 150   M    M   1        22 160
 3  62  55  59  10   6   0 0.60  0.0    0  9.2 17 190   M    M  10 13     22 280
 4  62  52  57   8   8   0 0.03  0.0    0 11.5 21 280   M    M   8 1      28 290
 5  53  42  48  -2  17   0 1.13  0.0    0 17.2 41  70   M    M  10 13     51  70
 6  55  43  49  -1  16   0 0.03  0.0    0 15.0 26 310   M    M   7        34 340
 7  60  37  49  -1  16   0 0.00  0.0    0  7.0 15 310   M    M   0        21 310
 8  73  40  57   6   8   0 0.00  0.0    0 15.8 28 170   M    M   0        34 160
 9  77  58  68  17   0   3 0.00  0.0    0 21.1 32 170   M    M   2        42 180
10  76  52  64  12   1   0 0.08  0.0    0 13.1 30 200   M    M   3 3      41 200
11  63  45  54   2  11   0 0.00  0.0    0  6.9 21 300   M    M   4        24 300
12  71  39  55   3  10   0 0.00  0.0    0  6.2 14 180   M    M   0        17 150
13  84  51  68  15   0   3 0.00  0.0    0  8.8 20 200   M    M   3        26 200
14  85  56  71  18   0   6 0.09  0.0    0  8.7 22 190   M    M   2 3      26 190
15  85  66  76  23   0  11 0.00  0.0    0 16.0 28 200   M    M   1        37 220
16  71  54  63   9   2   0 0.65  0.0    0  9.0 23 190   M    M   5 138    28 330
17  72  50  61   7   4   0    T  0.0    0  6.9 15  50   M    M   2        19 100
18  78  49  64  10   1   0 0.00  0.0    0 10.3 21 190   M    M   1        26 200
19  85  63  74  19   0   9 0.00  0.0    0 11.0 20 180   M    M   2        27 180
20  79  52  66  11   0   1 0.18  0.0    0 14.0 24 310   M    M   5 38     33 310
21  60  46  53  -3  12   0 0.00  0.0    0 10.4 25  60   M    M   1        32  60
22  66  44  55  -1  10   0 0.00  0.0    0 14.2 25  50   M    M   0        34  60
23  74  37  56   0   9   0 0.00  0.0    0  6.5 16  20   M    M   0        22  20
24  80  43  62   5   3   0 0.00  0.0    0  6.8 17 110   M    M   0 8      22 140
25  83  52  68  11   0   3 0.00  0.0    0 14.6 33 170   M    M   0        43 150
26  72  60  66   9   0   1 0.55  0.0    0 10.8 22 250   M    M   7 13     27 250
================================================================================
SM 1850 1267       161  37  3.34     0.0 287.0          M       74
================================================================================
AV 71.2 48.7                              11.0 FASTST   M    M   3    MAX(MPH)
                                 MISC ---->  # 41  70               # 51   70
================================================================================
NOTES:
# LAST OF SEVERAL OCCURRENCES

COLUMN 17 PEAK WIND IN M.P.H.

PRELIMINARY LOCAL CLIMATOLOGICAL DATA (WS FORM: F-6) , PAGE 2

                                          STATION:  SPRINGFIELD IL
                                          MONTH:    APRIL
                                          YEAR:     2017
                                          LATITUDE:   39 50 N
                                          LONGITUDE:  89 41 W

[TEMPERATURE DATA]      [PRECIPITATION DATA]       SYMBOLS USED IN COLUMN 16

AVERAGE MONTHLY: 59.9   TOTAL FOR MONTH:   3.34    1 = FOG OR MIST
DPTR FM NORMAL:   7.1   DPTR FM NORMAL:    0.35    2 = FOG REDUCING VISIBILITY
HIGHEST:    85 ON 19,15 GRTST 24HR  1.13 ON  5- 5      TO 1/4 MILE OR LESS
LOWEST:     36 ON  1                               3 = THUNDER
                        SNOW, ICE PELLETS, HAIL    4 = ICE PELLETS
                        TOTAL MONTH:   0.0 INCH    5 = HAIL
                        GRTST 24HR     0.0         6 = FREEZING RAIN OR DRIZZLE
                        GRTST DEPTH:   0           7 = DUSTSTORM OR SANDSTORM:
                                                       VSBY 1/2 MILE OR LESS
                                                   8 = SMOKE OR HAZE
[NO. OF DAYS WITH]      [WEATHER - DAYS WITH]      9 = BLOWING SNOW
                                                   X = TORNADO
MAX 32 OR BELOW:   0    0.01 INCH OR MORE:   9
MAX 90 OR ABOVE:   0    0.10 INCH OR MORE:   5
MIN 32 OR BELOW:   0    0.50 INCH OR MORE:   4
MIN  0 OR BELOW:   0    1.00 INCH OR MORE:   1

[HDD (BASE 65) ]
TOTAL THIS MO.   161    CLEAR  (SCALE 0-3)  17
DPTR FM NORMAL  -173    PTCLDY (SCALE 4-7)   6
TOTAL FM JUL 1  4013    CLOUDY (SCALE 8-10)  3
DPTR FM NORMAL -1303

[CDD (BASE 65) ]
TOTAL THIS MO.    37
DPTR FM NORMAL    22    [PRESSURE DATA]
TOTAL FM JAN 1    37    HIGHEST SLP M ON M
DPTR FM NORMAL    20    LOWEST  SLP 29.32 ON  3

[REMARKS]
