000
CXUS54 KLZK 211330
CF6SRC
PRELIMINARY LOCAL CLIMATOLOGICAL DATA (WS FORM: F-6)

                                          STATION:   Searcy Airport
                                          MONTH:     OCTOBER
                                          YEAR:      2014
                                          LATITUDE:   35 12 N
                                          LONGITUDE:  91 44 W

  TEMPERATURE IN F:       :PCPN:    SNOW:  WIND      :SUNSHINE: SKY     :PK WND
================================================================================
1   2   3   4   5  6A  6B    7    8   9   10  11  12  13   14  15   16   17  18
                                     12Z  AVG MX 2MIN
DY MAX MIN AVG DEP HDD CDD  WTR  SNW DPTH SPD SPD DIR MIN PSBL S-S WX    SPD DR
================================================================================

 1  90  60  75   9   0  10 0.02  0.0    0  4.2 12 160   M    M   2        20 200
 2  91  66  79  13   0  14 1.10  0.0    0  7.1 16 180   M    M   6 1      30 170
 3  78  49  64  -2   1   0 0.00  0.0    0  7.2 15 330   M    M   0        21 330
 4  70  42  56  -9   9   0 0.00  0.0    0  3.6 10 300   M    M   0        22 290
 5  81  46  64  -1   1   0 0.00  0.0    0  6.1 14 220   M    M   0        20 250
 6  79  57  68   4   0   3 0.30  0.0    0  5.5 13 230   M    M   0        18 230
 7  88  64  76  12   0  11    T  0.0    0  6.0 10 150   M    M   0 12     17 230
 8  81  65  73   9   0   8 0.16  0.0    0  1.7  7  10   M    M   7 12      M  M
 9  86  62  74  11   0   9 0.00  0.0    0  3.9 12 190   M    M   6 12     16 220
10  80  61  71   8   0   6 0.77  0.0    0  4.3 12  20   M    M   2 1      22  20
11  61  55  58  -5   7   0 0.56  0.0    0  8.8 14  40   M    M   8 1       M  M
12  68  56  62   0   3   0 0.15  0.0    0  3.7  8 160   M    M   9 12      M  M
13  73  61  67   5   0   2 0.94  0.0    0 10.7 20 210   M    M   6 1      43 200
14  67  57  62   0   3   0 0.02  0.0    0  7.3 15 260   M    M   0 1      24 260
15  74  47  61   0   4   0 0.00  0.0    0  5.5 13 300   M    M   0        20 300
16  77  52  65   4   0   0 0.00  0.0    0  2.4  9 180   M    M   0         M  M
17  84  50  67   6   0   2 0.00  0.0    0  2.7  9 350   M    M   0 1       M  M
18  72  49  61   1   4   0 0.00  0.0    0  5.4 13  10   M    M   0         M  M
19  68  44  56  -4   9   0 0.00  0.0    0  2.3  6  99   M    M   0         M  M
20  74  45  60   0   5   0 0.00  0.0    0  1.6  7 220   M    M   3 1       M  M
================================================================================
SM 1542 1088        46  65  4.02     0.0 100.0          M       49
================================================================================
AV 77.1 54.4                               5.0 FASTST   M    M   2    MAX(MPH)
                                 MISC ---->    20   M                 43    M
================================================================================
NOTES:
# LAST OF SEVERAL OCCURRENCES

COLUMN 17 PEAK WIND IN M.P.H.

PRELIMINARY LOCAL CLIMATOLOGICAL DATA (WS FORM: F-6) , PAGE 2

                                          STATION:  Searcy Airport
                                          MONTH:    OCTOBER
                                          YEAR:     2014
                                          LATITUDE:   35 12 N
                                          LONGITUDE:  91 44 W

[TEMPERATURE DATA]      [PRECIPITATION DATA]       SYMBOLS USED IN COLUMN 16

AVERAGE MONTHLY: 65.8   TOTAL FOR MONTH:   4.02    1 = FOG OR MIST
DPTR FM NORMAL:   2.8   DPTR FM NORMAL:    1.04    2 = FOG REDUCING VISIBILITY
HIGHEST:    91 ON  2    GRTST 24HR  1.10 ON  2- 2      TO 1/4 MILE OR LESS
LOWEST:     42 ON  4                               3 = THUNDER
                        SNOW, ICE PELLETS, HAIL    4 = ICE PELLETS
                        TOTAL MONTH:   0.0 INCH    5 = HAIL
                        GRTST 24HR     0.0         6 = FREEZING RAIN OR DRIZZLE
                        GRTST DEPTH:   0           7 = DUSTSTORM OR SANDSTORM:
                                                       VSBY 1/2 MILE OR LESS
                                                   8 = SMOKE OR HAZE
[NO. OF DAYS WITH]      [WEATHER - DAYS WITH]      9 = BLOWING SNOW
                                                   X = TORNADO
MAX 32 OR BELOW:   0    0.01 INCH OR MORE:   9
MAX 90 OR ABOVE:   2    0.10 INCH OR MORE:   7
MIN 32 OR BELOW:   0    0.50 INCH OR MORE:   4
MIN  0 OR BELOW:   0    1.00 INCH OR MORE:   1

[HDD (BASE 65) ]
TOTAL THIS MO.    46    CLEAR  (SCALE 0-3)  14
DPTR FM NORMAL   -40    PTCLDY (SCALE 4-7)   4
TOTAL FM JUL 1    61    CLOUDY (SCALE 8-10)  2
DPTR FM NORMAL   -46

[CDD (BASE 65) ]
TOTAL THIS MO.    65
DPTR FM NORMAL    22    [PRESSURE DATA]
TOTAL FM JAN 1  1756    HIGHEST SLP M ON M
DPTR FM NORMAL  -138    LOWEST  SLP M ON M

[REMARKS]
