000
CXUS55 KTBW 281000
CF6SRQ
PRELIMINARY LOCAL CLIMATOLOGICAL DATA (WS FORM: F-6)

                                          STATION:   Sarasota Bradenton
                                          MONTH:     MARCH
                                          YEAR:      2015
                                          LATITUDE:   27 23 N
                                          LONGITUDE:  82 33 W

  TEMPERATURE IN F:       :PCPN:    SNOW:  WIND      :SUNSHINE: SKY     :PK WND
================================================================================
1   2   3   4   5  6A  6B    7    8   9   10  11  12  13   14  15   16   17  18
                                     12Z  AVG MX 2MIN
DY MAX MIN AVG DEP HDD CDD  WTR  SNW DPTH SPD SPD DIR MIN PSBL S-S WX    SPD DR
================================================================================

 1  83  66  75  10   0  10 0.00  0.0    0  8.1 16 110   M    M   6        26 110
 2  81  66  74   9   0   9 0.00  0.0    0  6.9 14 290   M    M   5 1      19 280
 3  83  63  73   8   0   8 0.00  0.0    0  6.6 16 130   M    M   4 12     21 130
 4  81  62  72   7   0   7 0.00  0.0    0  9.5 23 200   M    M   0 1      27 190
 5  81  61  71   6   0   6 0.00  0.0    0  8.4 20 200   M    M   1 1      25 180
 6  76  59  68   3   0   3 0.00  0.0    0  6.9 16  30   M    M   8 12     21  50
 7  76  54  65   0   0   0 0.00  0.0    0 12.5 17  70   M    M  10 1      22  80
 8  82  61  72   6   0   7 0.00  0.0    0 10.7 22  80   M    M   7        28  70
 9  83  63  73   7   0   8    T  0.0    0  9.3 17 120   M    M   6        23 100
10  85  67  76  10   0  11 0.00  0.0    0  8.6 18 150   M    M   5        25 150
11  85  69  77  11   0  12    T  0.0    0  8.2 18 210   M    M   2        25 150
12  88  70  79  13   0  14 0.05  0.0    0  8.3 17 110   M    M   6 1      22 110
13  87  68  78  12   0  13 0.02  0.0    0 10.2 25 120   M    M   3 1      30 120
14  83  66  75   9   0  10 0.00  0.0    0 10.2 21 190   M    M   0        25 170
15  83  64  74   8   0   9 0.00  0.0    0  5.6 13 310   M    M   2 12     17 280
16  81  64  73   6   0   8 0.00  0.0    0  6.9 15 280   M    M   1        19 300
17  83  61  72   5   0   7 0.00  0.0    0  8.9 17 280   M    M   0 1      21 270
18  82  66  74   7   0   9 0.00  0.0    0  9.4 16 300   M    M   1        19 300
19  80  63  72   5   0   7 0.00  0.0    0  7.1 16 260   M    M   2 1      24  30
20  79  64  72   5   0   7 0.00  0.0    0  6.7 14 280   M    M   0 1      19 270
21  83  61  72   5   0   7 0.00  0.0    0  7.2 17 270   M    M   0 1      23 280
22  79  64  72   5   0   7 0.00  0.0    0  5.8 13 240   M    M   2 12     17 220
23  79  69  74   6   0   9 0.18  0.0    0  6.8 26 290   M    M   5 18     42 270
24  81  65  73   5   0   8 0.00  0.0    0  5.8 15 280   M    M   3 1      18  60
25  83  63  73   5   0   8 0.00  0.0    0  5.6 14 280   M    M   6 1      19 240
26  84  65  75   7   0  10 0.00  0.0    0 11.1 23 180   M    M   4        29 200
27  79  63  71   3   0   6 0.73  0.0    0 12.0 24 310   M    M   5 13     33 260
================================================================================
SM 2210 1727         0 220  0.98     0.0 223.3          M       94
================================================================================
AV 81.9 64.0                               8.3 FASTST   M    M   3    MAX(MPH)
                                 MISC ---->  # 26 290               # 42  270
================================================================================
NOTES:
# LAST OF SEVERAL OCCURRENCES

COLUMN 17 PEAK WIND IN M.P.H.

PRELIMINARY LOCAL CLIMATOLOGICAL DATA (WS FORM: F-6) , PAGE 2

                                          STATION:  Sarasota Bradenton
                                          MONTH:    MARCH
                                          YEAR:     2015
                                          LATITUDE:   27 23 N
                                          LONGITUDE:  82 33 W

[TEMPERATURE DATA]      [PRECIPITATION DATA]       SYMBOLS USED IN COLUMN 16

AVERAGE MONTHLY: 72.9   TOTAL FOR MONTH:   0.98    1 = FOG OR MIST
DPTR FM NORMAL:   6.5   DPTR FM NORMAL:   -2.38    2 = FOG REDUCING VISIBILITY
HIGHEST:    88 ON 12    GRTST 24HR  0.73 ON 27-27      TO 1/4 MILE OR LESS
LOWEST:     54 ON  7                               3 = THUNDER
                        SNOW, ICE PELLETS, HAIL    4 = ICE PELLETS
                        TOTAL MONTH:   0.0 INCH    5 = HAIL
                        GRTST 24HR     0.0         6 = FREEZING RAIN OR DRIZZLE
                        GRTST DEPTH:   0           7 = DUSTSTORM OR SANDSTORM:
                                                       VSBY 1/2 MILE OR LESS
                                                   8 = SMOKE OR HAZE
[NO. OF DAYS WITH]      [WEATHER - DAYS WITH]      9 = BLOWING SNOW
                                                   X = TORNADO
MAX 32 OR BELOW:   0    0.01 INCH OR MORE:   4
MAX 90 OR ABOVE:   0    0.10 INCH OR MORE:   2
MIN 32 OR BELOW:   0    0.50 INCH OR MORE:   1
MIN  0 OR BELOW:   0    1.00 INCH OR MORE:   0

[HDD (BASE 65) ]
TOTAL THIS MO.     0    CLEAR  (SCALE 0-3)  13
DPTR FM NORMAL   -46    PTCLDY (SCALE 4-7)  12
TOTAL FM JUL 1   457    CLOUDY (SCALE 8-10)  2
DPTR FM NORMAL    -7

[CDD (BASE 65) ]
TOTAL THIS MO.   220
DPTR FM NORMAL   134    [PRESSURE DATA]
TOTAL FM JAN 1   289    HIGHEST SLP M ON M
DPTR FM NORMAL    99    LOWEST  SLP 29.81 ON 27

[REMARKS]
