000
CXUS52 KJAX 180532
CF6SSI
PRELIMINARY LOCAL CLIMATOLOGICAL DATA (WS FORM: F-6)

                                          STATION:   ST SIMONS ISLAND GA
                                          MONTH:     SEPTEMBER
                                          YEAR:      2014
                                          LATITUDE:   31  9 N
                                          LONGITUDE:  81 23 W

  TEMPERATURE IN F:       :PCPN:    SNOW:  WIND      :SUNSHINE: SKY     :PK WND
================================================================================
1   2   3   4   5  6A  6B    7    8   9   10  11  12  13   14  15   16   17  18
                                     12Z  AVG MX 2MIN
DY MAX MIN AVG DEP HDD CDD  WTR  SNW DPTH SPD SPD DIR MIN PSBL S-S WX    SPD DR
================================================================================

 1  89  75  82   2   0  17 0.00  0.0    0  6.0 14 130   M    M   0        18 120
 2  90  75  83   3   0  18 0.15  0.0    0  3.9 15 130   M    M   2 3      19 120
 3  87  72  80   0   0  15 0.00  0.0    0  5.8 13 130   M    M   2        19 110
 4  86  73  80   0   0  15 0.87  0.0    0  5.5 18 110   M    M   4 1      26 100
 5  87  74  81   1   0  16 0.12  0.0    0  5.9 14 140   M    M   5 13     18 150
 6  82  74  78  -2   0  13 0.08  0.0    0  6.9 17 220   M    M   7 1      20 230
 7  83  73  78  -2   0  13 0.59  0.0    0  7.5 14 230   M    M   8 1      18 190
 8  84  72  78  -2   0  13 0.90  0.0    0  5.8 23 240   M    M   5 13     30 230
 9  83  73  78  -2   0  13 0.24  0.0    0  4.0 13 120   M    M   3 1      16 140
10  86  73  80   1   0  15 0.15  0.0    0  5.4 14 260   M    M   3 1      17 270
11  87  75  81   2   0  16 0.00  0.0    0  4.3 13 130   M    M   1        15 110
12  88  75  82   3   0  17 0.00  0.0    0  5.6 13 130   M    M   0        18 170
13  88  77  83   4   0  18 0.00  0.0    0  6.5 14 130   M    M   1        18 130
14  89  76  83   4   0  18 0.00  0.0    0  6.7 16 110   M    M   1        20 120
15  87  75  81   3   0  16 0.01  0.0    0  5.0 14 260   M    M   3 3      24 260
16  84  74  79   1   0  14    T  0.0    0  5.2 10 220   M    M   5        14 260
17  86  72  79   1   0  14 0.01  0.0    0  5.5 15 320   M    M   1 3      24 310
================================================================================
SM 1466 1258         0 261  3.12     0.0  95.5          M       51
================================================================================
AV 86.2 74.0                               5.6 FASTST   M    M   3    MAX(MPH)
                                 MISC ---->  # 23 240               # 30  230
================================================================================
NOTES:
# LAST OF SEVERAL OCCURRENCES

COLUMN 17 PEAK WIND IN M.P.H.

PRELIMINARY LOCAL CLIMATOLOGICAL DATA (WS FORM: F-6) , PAGE 2

                                          STATION:  ST SIMONS ISLAND GA
                                          MONTH:    SEPTEMBER
                                          YEAR:     2014
                                          LATITUDE:   31  9 N
                                          LONGITUDE:  81 23 W

[TEMPERATURE DATA]      [PRECIPITATION DATA]       SYMBOLS USED IN COLUMN 16

AVERAGE MONTHLY: 80.1   TOTAL FOR MONTH:   3.12    1 = FOG OR MIST
DPTR FM NORMAL:   0.8   DPTR FM NORMAL:   -0.31    2 = FOG REDUCING VISIBILITY
HIGHEST:    90 ON  2    GRTST 24HR  1.13 ON  8- 9      TO 1/4 MILE OR LESS
LOWEST:     72 ON 17, 8                            3 = THUNDER
                        SNOW, ICE PELLETS, HAIL    4 = ICE PELLETS
                        TOTAL MONTH:   0.0 INCH    5 = HAIL
                        GRTST 24HR     0.0         6 = FREEZING RAIN OR DRIZZLE
                        GRTST DEPTH:   0           7 = DUSTSTORM OR SANDSTORM:
                                                       VSBY 1/2 MILE OR LESS
                                                   8 = SMOKE OR HAZE
[NO. OF DAYS WITH]      [WEATHER - DAYS WITH]      9 = BLOWING SNOW
                                                   X = TORNADO
MAX 32 OR BELOW:   0    0.01 INCH OR MORE:  10
MAX 90 OR ABOVE:   1    0.10 INCH OR MORE:   7
MIN 32 OR BELOW:   0    0.50 INCH OR MORE:   3
MIN  0 OR BELOW:   0    1.00 INCH OR MORE:   0

[HDD (BASE 65) ]
TOTAL THIS MO.     0    CLEAR  (SCALE 0-3)   9
DPTR FM NORMAL     0    PTCLDY (SCALE 4-7)   8
TOTAL FM JUL 1     0    CLOUDY (SCALE 8-10)  0
DPTR FM NORMAL     0

[CDD (BASE 65) ]
TOTAL THIS MO.   261
DPTR FM NORMAL    15    [PRESSURE DATA]
TOTAL FM JAN 1  2266    HIGHEST SLP M ON M
DPTR FM NORMAL    44    LOWEST  SLP 29.84 ON 17

[REMARKS]
