000
CXUS52 KJAX 240800
CF6SSI
PRELIMINARY LOCAL CLIMATOLOGICAL DATA (WS FORM: F-6)

                                          STATION:   ST SIMONS ISLAND GA
                                          MONTH:     MAY
                                          YEAR:      2015
                                          LATITUDE:   31  9 N
                                          LONGITUDE:  81 23 W

  TEMPERATURE IN F:       :PCPN:    SNOW:  WIND      :SUNSHINE: SKY     :PK WND
================================================================================
1   2   3   4   5  6A  6B    7    8   9   10  11  12  13   14  15   16   17  18
                                     12Z  AVG MX 2MIN
DY MAX MIN AVG DEP HDD CDD  WTR  SNW DPTH SPD SPD DIR MIN PSBL S-S WX    SPD DR
================================================================================

 1  75  57  66  -4   0   1 0.00  0.0    0  7.9 17 350   M    M   0        25  10
 2  74  54  64  -7   1   0 0.00  0.0    0  6.7 14 120   M    M   0        25 350
 3  79  56  68  -3   0   3 0.00  0.0    0  3.5 10 160   M    M   1        23 150
 4  79  58  69  -2   0   4 0.00  0.0    0  7.6 17  80   M    M   1 8      26 190
 5  79  66  73   1   0   8 0.00  0.0    0 12.0 21  60   M    M   4        30  40
 6  77  65  71  -1   0   6 0.00  0.0    0 10.8 21  20   M    M   5        26  40
 7  83  61  72   0   0   7 0.14  0.0    0 10.0 25  20   M    M   2 1      34  20
 8  87  63  75   3   0  10    T  0.0    0  6.9 16 340   M    M   5        27  80
 9  85  66  76   3   0  11 0.00  0.0    0  5.4 14 360   M    M   4        20 330
10  88  67  78   5   0  13 0.00  0.0    0  6.9 16 150   M    M   1        21 160
11  87  71  79   6   0  14 0.00  0.0    0  7.9 18 150   M    M   1 13     26 150
12  86  72  79   5   0  14 0.02  0.0    0  7.6 16 160   M    M   2 13     26 180
13  86  72  79   5   0  14 0.00  0.0    0  5.8 13  90   M    M   0        24 130
14  82  70  76   2   0  11 0.00  0.0    0 11.3 21  60   M    M   M        27  70
15  81  73  77   3   0  12 0.00  0.0    0 11.9 16 110   M    M   M        23 100
16  81  70  76   1   0  11 0.00  0.0    0  8.8 14  80   M    M   M        23  60
17  84  72  78   3   0  13 0.00  0.0    0  9.2 17 130   M    M   M        25 100
18  83  69  76   1   0  11 0.00  0.0    M  7.0 16 130   M    M   M        21 130
19  89  72  81   6   0  16 0.41  0.0    M  7.3 16 150   M    M   M 3      22 170
20  88  69  79   3   0  14 0.04  0.0    M  7.3 16 180   M    M   M 3      26 180
21  94  73  84   8   0  19 0.00  0.0    0  7.9 16 250   M    M   M        25 310
22  80  68  74  -2   0   9 0.00  0.0    M   M  20  50   M    M   M        24  70
23  81  70  76   0   0  11 0.00  0.0    M   M   M   M   M    M   M         M  M
================================================================================
SM 1908 1534         1 232  0.61     0.0 169.7          M       26
================================================================================
AV 83.0 66.7                               8.1 FASTST   M    M   2    MAX(MPH)
                                 MISC ---->  # 25  20               # 34   20
================================================================================
NOTES:
# LAST OF SEVERAL OCCURRENCES

COLUMN 17 PEAK WIND IN M.P.H.

PRELIMINARY LOCAL CLIMATOLOGICAL DATA (WS FORM: F-6) , PAGE 2

                                          STATION:  ST SIMONS ISLAND GA
                                          MONTH:    MAY
                                          YEAR:     2015
                                          LATITUDE:   31  9 N
                                          LONGITUDE:  81 23 W

[TEMPERATURE DATA]      [PRECIPITATION DATA]       SYMBOLS USED IN COLUMN 16

AVERAGE MONTHLY: 74.8   TOTAL FOR MONTH:   0.61    1 = FOG OR MIST
DPTR FM NORMAL:   1.3   DPTR FM NORMAL:   -0.59    2 = FOG REDUCING VISIBILITY
HIGHEST:    94 ON 21    GRTST 24HR  0.41 ON 19-19      TO 1/4 MILE OR LESS
LOWEST:     54 ON  2                               3 = THUNDER
                        SNOW, ICE PELLETS, HAIL    4 = ICE PELLETS
                        TOTAL MONTH:   0.0 INCH    5 = HAIL
                        GRTST 24HR     0.0         6 = FREEZING RAIN OR DRIZZLE
                        GRTST DEPTH:   0           7 = DUSTSTORM OR SANDSTORM:
                                                       VSBY 1/2 MILE OR LESS
                                                   8 = SMOKE OR HAZE
[NO. OF DAYS WITH]      [WEATHER - DAYS WITH]      9 = BLOWING SNOW
                                                   X = TORNADO
MAX 32 OR BELOW:   0    0.01 INCH OR MORE:   4
MAX 90 OR ABOVE:   1    0.10 INCH OR MORE:   2
MIN 32 OR BELOW:   0    0.50 INCH OR MORE:   0
MIN  0 OR BELOW:   0    1.00 INCH OR MORE:   0

[HDD (BASE 65) ]
TOTAL THIS MO.     1    CLEAR  (SCALE 0-3)   9
DPTR FM NORMAL    -1    PTCLDY (SCALE 4-7)   4
TOTAL FM JUL 1  1495    CLOUDY (SCALE 8-10)  0
DPTR FM NORMAL     9

[CDD (BASE 65) ]
TOTAL THIS MO.   232
DPTR FM NORMAL    33    [PRESSURE DATA]
TOTAL FM JAN 1   443    HIGHEST SLP M ON M
DPTR FM NORMAL   101    LOWEST  SLP 29.84 ON  1

[REMARKS]
