000
CXUS55 KEAX 230736
CF6STJ
PRELIMINARY LOCAL CLIMATOLOGICAL DATA (WS FORM: F-6)

                                          STATION:   ST. JOSEPH MO
                                          MONTH:     OCTOBER
                                          YEAR:      2014
                                          LATITUDE:   39 46 N
                                          LONGITUDE:  94 55 W

  TEMPERATURE IN F:       :PCPN:    SNOW:  WIND      :SUNSHINE: SKY     :PK WND
================================================================================
1   2   3   4   5  6A  6B    7    8   9   10  11  12  13   14  15   16   17  18
                                     12Z  AVG MX 2MIN
DY MAX MIN AVG DEP HDD CDD  WTR  SNW DPTH SPD SPD DIR MIN PSBL S-S WX    SPD DR
================================================================================

 1  79  64  72  12   0   7 1.95    M    M  7.7 15 130   M    M   8 13     19 140
 2  70  55  63   3   2   0 0.37    M    M  9.2 23 300   M    M   8 13     30 290
 3  57  39  48 -12  17   0    T    M    M 14.2 30 340   M    M   2        38 340
 4  59  37  48 -11  17   0 0.00    M    M 10.0 25 330   M    M   1        34 320
 5  74  40  57  -2   8   0 0.06    M    M  8.7 23 310   M    M   3        33 300
 6  76  47  62   4   3   0    T    M    M  6.7 18 330   M    M   3        24 310
 7  78  45  62   4   3   0 0.00    M    M  7.3 24 330   M    M   2        30 330
 8  71  40  56  -2   9   0 0.00    M    M  3.6  9  80   M    M   3 123    13  10
 9  63  53  58   1   7   0 2.30    M    M  8.7 18 110   M    M   7 13     25 110
10  56  36  46 -11  19   0 0.01    M    M  9.2 18  20   M    M   4        23  30
11  63  33  48  -9  17   0 0.00    M    M  3.5  9 150   M    M   0        13  80
12  58  49  54  -2  11   0 0.01    M    M  6.8 13 170   M    M  10 1      16 140
13  57  52  55  -1  10   0 1.42    M    M 16.5 29 340   M    M  10 1      39 330
14  68  47  58   2   7   0    T    M    M 18.9 33 340   M    M   3        44 330
15  71  37  54  -1  11   0 0.00    M    M  5.4 16 320   M    M   0 1      20 310
16  80  36  58   3   7   0 0.00    M    M  5.1 17 230   M    M   0 12     23 200
17  69  43  56   2   9   0 0.00  0.0    0  9.4 21 330   M    M   1        28 300
18  64  35  50  -4  15   0 0.00    M    M  4.0 14  10   M    M   0 1      17 350
19  71  34  53  -1  12   0 0.00    M    M  5.2 17 200   M    M   2 12     22 210
20  76  38  57   4   8   0 0.00    M    M  2.1 10  10   M    M   2 128    13 310
21  75  33  54   1  11   0 0.00    M    M  4.1 15 130   M    M   2 128    20 130
22  74  53  64  12   1   0 0.00    M    M  9.9 17 150   M    M   3        20 140
================================================================================
SM 1509  946       204   7  6.12     0.0 176.2          M       74
================================================================================
AV 68.6 43.0                               8.0 FASTST   M    M   3    MAX(MPH)
                                 MISC ---->  # 33 340               # 44  330
================================================================================
NOTES:
# LAST OF SEVERAL OCCURRENCES

COLUMN 17 PEAK WIND IN M.P.H.

PRELIMINARY LOCAL CLIMATOLOGICAL DATA (WS FORM: F-6) , PAGE 2

                                          STATION:  ST. JOSEPH MO
                                          MONTH:    OCTOBER
                                          YEAR:     2014
                                          LATITUDE:   39 46 N
                                          LONGITUDE:  94 55 W

[TEMPERATURE DATA]      [PRECIPITATION DATA]       SYMBOLS USED IN COLUMN 16

AVERAGE MONTHLY: 55.8   TOTAL FOR MONTH:   6.12    1 = FOG OR MIST
DPTR FM NORMAL:  -0.6   DPTR FM NORMAL:    4.08    2 = FOG REDUCING VISIBILITY
HIGHEST:    80 ON 16    GRTST 24HR  2.30 ON  9- 9      TO 1/4 MILE OR LESS
LOWEST:     33 ON 21,11                            3 = THUNDER
                        SNOW, ICE PELLETS, HAIL    4 = ICE PELLETS
                        TOTAL MONTH:   0.0 INCH    5 = HAIL
                        GRTST 24HR     0.0         6 = FREEZING RAIN OR DRIZZLE
                        GRTST DEPTH:   0           7 = DUSTSTORM OR SANDSTORM:
                                                       VSBY 1/2 MILE OR LESS
                                                   8 = SMOKE OR HAZE
[NO. OF DAYS WITH]      [WEATHER - DAYS WITH]      9 = BLOWING SNOW
                                                   X = TORNADO
MAX 32 OR BELOW:   0    0.01 INCH OR MORE:   7
MAX 90 OR ABOVE:   0    0.10 INCH OR MORE:   4
MIN 32 OR BELOW:   0    0.50 INCH OR MORE:   3
MIN  0 OR BELOW:   0    1.00 INCH OR MORE:   3

[HDD (BASE 65) ]
TOTAL THIS MO.   204    CLEAR  (SCALE 0-3)  15
DPTR FM NORMAL    -3    PTCLDY (SCALE 4-7)   4
TOTAL FM JUL 1   288    CLOUDY (SCALE 8-10)  3
DPTR FM NORMAL     1

[CDD (BASE 65) ]
TOTAL THIS MO.     7
DPTR FM NORMAL   -11    [PRESSURE DATA]
TOTAL FM JAN 1  1175    HIGHEST SLP  0.00 ON M
DPTR FM NORMAL   -42    LOWEST  SLP  0.00 ON M

[REMARKS]
