000
CXUS56 KMTR 231000
CF6STS
PRELIMINARY LOCAL CLIMATOLOGICAL DATA (WS FORM: F-6)

                                          STATION:   SANTA ROSA AIRPORT
                                          MONTH:     NOVEMBER
                                          YEAR:      2017
                                          LATITUDE:   38 30 N
                                          LONGITUDE: 122 49 W

  TEMPERATURE IN F:       :PCPN:    SNOW:  WIND      :SUNSHINE: SKY     :PK WND
================================================================================
1   2   3   4   5  6A  6B    7    8   9   10  11  12  13   14  15   16   17  18
                                     12Z  AVG MX 2MIN
DY MAX MIN AVG DEP HDD CDD  WTR  SNW DPTH SPD SPD DIR MIN PSBL S-S WX    SPD DR
================================================================================

 1  71  38  55  -2  10   0 0.00  0.0    0  3.9 14 260   M    M   0 1      18 260
 2  67  41  54  -2  11   0 0.00  0.0    0  3.3 13 250   M    M   7 12     15 260
 3  63  51  57   1   8   0 0.34  0.0    0  2.3 15 190   M    M   9 1      19 190
 4  61  36  49  -7  16   0 0.11  0.0    0  4.2 15 250   M    M   5 1      19 250
 5  63  30  47  -9  18   0    T  0.0    0  3.3 15 260   M    M   4 1      19 270
 6  64  40  52  -3  13   0 0.00  0.0    0  3.4 14 240   M    M   2 1      19 250
 7  68  35  52  -3  13   0 0.00  0.0    0  4.3 10 180   M    M   1        14 180
 8  60  41  51  -4  14   0 1.02    M    0  4.6 17 160   M    M   7 18     27 160
 9  66  51  59   5   6   0 0.11  0.0    0  5.1 14 220   M    M   6 18     19 230
10  64  52  58   4   7   0 0.39  0.0    0  4.8 14 220   M    M   9 1      17 240
11  64  48  56   2   9   0 0.00  0.0    0  2.8 10 240   M    M   7 12     12 250
12  64  48  56   3   9   0 0.01    M    0  1.5  8 240   M    M   9 12     11 150
13  61  50  56   3   9   0 0.85  0.0    0  2.8 10 160   M    M   8 12     13 170
14  64  45  55   2  10   0 0.00  0.0    0  2.7  9 270   M    M   5 128    11 270
15  58  49  54   2  11   0 1.53  0.0    0  4.0 16 150   M    M  10 1      21 160
16  58  51  55   3  10   0 0.33  0.0    0  2.3  8 230   M    M  10 1      10 230
17  63  36  50  -2  15   0    T    M    0  3.5 12 250   M    M   3 12     13 250
18  65  34  50  -2  15   0 0.00  0.0    0  3.5  9 310   M    M   1        15 320
19  62  34  48  -3  17   0 0.01    M    0  2.7  8 340   M    M   5         8 340
20  56  50  53   2  12   0 0.22  0.0    0  3.7  7 340   M    M  10 1       9 350
21  68  49  59   8   6   0 0.00  0.0    0  1.2  6 280   M    M   7 128     6 280
22  65  49  57   7   8   0 0.00  0.0    0  1.3  7 270   M    M   7 12      8 280
================================================================================
SM 1395  958       247   0  4.92     0.0  71.2          M      132
================================================================================
AV 63.4 43.6                               3.2 FASTST   M    M   6    MAX(MPH)
                                 MISC ---->  # 17 160               # 27  160
================================================================================
NOTES:
# LAST OF SEVERAL OCCURRENCES

COLUMN 17 PEAK WIND IN M.P.H.

PRELIMINARY LOCAL CLIMATOLOGICAL DATA (WS FORM: F-6) , PAGE 2

                                          STATION:  SANTA ROSA AIRPORT
                                          MONTH:    NOVEMBER
                                          YEAR:     2017
                                          LATITUDE:   38 30 N
                                          LONGITUDE: 122 49 W

[TEMPERATURE DATA]      [PRECIPITATION DATA]       SYMBOLS USED IN COLUMN 16

AVERAGE MONTHLY: 53.5   TOTAL FOR MONTH:   4.92    1 = FOG OR MIST
DPTR FM NORMAL:  -0.1   DPTR FM NORMAL:    1.64    2 = FOG REDUCING VISIBILITY
HIGHEST:    71 ON  1    GRTST 24HR  1.53 ON 15-15      TO 1/4 MILE OR LESS
LOWEST:     30 ON  5                               3 = THUNDER
                        SNOW, ICE PELLETS, HAIL    4 = ICE PELLETS
                        TOTAL MONTH:   0.0 INCH    5 = HAIL
                        GRTST 24HR     0.0         6 = FREEZING RAIN OR DRIZZLE
                        GRTST DEPTH:   0           7 = DUSTSTORM OR SANDSTORM:
                                                       VSBY 1/2 MILE OR LESS
                                                   8 = SMOKE OR HAZE
[NO. OF DAYS WITH]      [WEATHER - DAYS WITH]      9 = BLOWING SNOW
                                                   X = TORNADO
MAX 32 OR BELOW:   0    0.01 INCH OR MORE:  11
MAX 90 OR ABOVE:   0    0.10 INCH OR MORE:   9
MIN 32 OR BELOW:   1    0.50 INCH OR MORE:   3
MIN  0 OR BELOW:   0    1.00 INCH OR MORE:   2

[HDD (BASE 65) ]
TOTAL THIS MO.   247    CLEAR  (SCALE 0-3)   4
DPTR FM NORMAL    -6    PTCLDY (SCALE 4-7)  12
TOTAL FM JUL 1   364    CLOUDY (SCALE 8-10)  6
DPTR FM NORMAL  -118

[CDD (BASE 65) ]
TOTAL THIS MO.     0
DPTR FM NORMAL     0    [PRESSURE DATA]
TOTAL FM JAN 1   635    HIGHEST SLP M ON M
DPTR FM NORMAL   263    LOWEST  SLP 29.81 ON 16

[REMARKS]
