805
CXUS56 KMTR 231000
CF6STS
PRELIMINARY LOCAL CLIMATOLOGICAL DATA (WS FORM: F-6)

                                          STATION:   SANTA ROSA AIRPORT
                                          MONTH:     JULY
                                          YEAR:      2016
                                          LATITUDE:   38 30 N
                                          LONGITUDE: 122 49 W

  TEMPERATURE IN F:       :PCPN:    SNOW:  WIND      :SUNSHINE: SKY     :PK WND
================================================================================
1   2   3   4   5  6A  6B    7    8   9   10  11  12  13   14  15   16   17  18
                                     12Z  AVG MX 2MIN
DY MAX MIN AVG DEP HDD CDD  WTR  SNW DPTH SPD SPD DIR MIN PSBL S-S WX    SPD DR
================================================================================

 1  84  51  68   0   0   3 0.00  0.0    0  6.2 15 180   M    M   0 18     18 180
 2  81  51  66  -2   0   1 0.00  0.0    0  6.0 14 180   M    M   0 8      20  40
 3  79  49  64  -4   1   0 0.00  0.0    0  6.0 15 190   M    M   5 12     18 170
 4  73  52  63  -5   2   0 0.00  0.0    0  7.3 16 170   M    M   6 1      21 180
 5  73  51  62  -6   3   0 0.00  0.0    0  6.2 15 190   M    M   6 1      18 180
 6  77  52  65  -3   0   0 0.00  0.0    0  6.4 15 140   M    M   4 18     19 140
 7  79  51  65  -3   0   0 0.00  0.0    0  6.8 17 140   M    M   4 1      22 150
 8  86  54  70   2   0   5 0.00  0.0    0  5.9 16 250   M    M   5        21 250
 9  79  55  67  -1   0   2 0.00  0.0    0  8.7 21 240   M    M   1        26 250
10  87  49  68   0   0   3 0.00  0.0    0  7.7 18 320   M    M   0        25 340
11  87  52  70   2   0   5 0.00  0.0    0  5.9 16 180   M    M   0        21 190
12  88  50  69   1   0   4 0.00  0.0    0  4.7 15 140   M    M   0 8      19 140
13  96  50  73   5   0   8 0.00  0.0    0  4.6 15 190   M    M   0        18 190
14  92  50  71   3   0   6 0.00  0.0    0  5.3 16 170   M    M   0 1      19 170
15  81  52  67  -1   0   2 0.00  0.0    0  6.3 16 170   M    M   6 1      19 170
16  76  52  64  -4   1   0 0.00  0.0    0  6.4 15 160   M    M   6 1      18 180
17  79  52  66  -2   0   1 0.00  0.0    0  5.9 17 140   M    M   5 1      21 140
18  79  52  66  -2   0   1 0.00  0.0    0  5.8 14 140   M    M   4 1      19 150
19  82  50  66  -2   0   1 0.00  0.0    0  5.8 16 130   M    M   4 12     20 150
20  86  48  67   0   0   2 0.00  0.0    0  5.3 16 140   M    M   0        19 140
21  84  52  68   1   0   3 0.00  0.0    0  6.3 16 130   M    M   4 1      20 140
22  93  47  70   3   0   5 0.00  0.0    0  4.2 13 170   M    M   0 1      19 180
================================================================================
SM 1821 1122         7  52  0.00     0.0 133.7          M       60
================================================================================
AV 82.8 51.0                               6.1 FASTST   M    M   3    MAX(MPH)
                                 MISC ---->  # 21 240               # 26  250
================================================================================
NOTES:
# LAST OF SEVERAL OCCURRENCES

COLUMN 17 PEAK WIND IN M.P.H.

PRELIMINARY LOCAL CLIMATOLOGICAL DATA (WS FORM: F-6) , PAGE 2

                                          STATION:  SANTA ROSA AIRPORT
                                          MONTH:    JULY
                                          YEAR:     2016
                                          LATITUDE:   38 30 N
                                          LONGITUDE: 122 49 W

[TEMPERATURE DATA]      [PRECIPITATION DATA]       SYMBOLS USED IN COLUMN 16

AVERAGE MONTHLY: 66.9   TOTAL FOR MONTH:   0.00    1 = FOG OR MIST
DPTR FM NORMAL:  -1.0   DPTR FM NORMAL:   -0.01    2 = FOG REDUCING VISIBILITY
HIGHEST:    96 ON 13    GRTST 24HR    T  ON  8- 9      TO 1/4 MILE OR LESS
LOWEST:     47 ON 22                               3 = THUNDER
                        SNOW, ICE PELLETS, HAIL    4 = ICE PELLETS
                        TOTAL MONTH:   0.0 INCH    5 = HAIL
                        GRTST 24HR     0.0         6 = FREEZING RAIN OR DRIZZLE
                        GRTST DEPTH:   0           7 = DUSTSTORM OR SANDSTORM:
                                                       VSBY 1/2 MILE OR LESS
                                                   8 = SMOKE OR HAZE
[NO. OF DAYS WITH]      [WEATHER - DAYS WITH]      9 = BLOWING SNOW
                                                   X = TORNADO
MAX 32 OR BELOW:   0    0.01 INCH OR MORE:   0
MAX 90 OR ABOVE:   3    0.10 INCH OR MORE:   0
MIN 32 OR BELOW:   0    0.50 INCH OR MORE:   0
MIN  0 OR BELOW:   0    1.00 INCH OR MORE:   0

[HDD (BASE 65) ]
TOTAL THIS MO.     7    CLEAR  (SCALE 0-3)  10
DPTR FM NORMAL   -15    PTCLDY (SCALE 4-7)  12
TOTAL FM JUL 1     7    CLOUDY (SCALE 8-10)  0
DPTR FM NORMAL   -15

[CDD (BASE 65) ]
TOTAL THIS MO.    52
DPTR FM NORMAL   -14    [PRESSURE DATA]
TOTAL FM JAN 1   167    HIGHEST SLP M ON M
DPTR FM NORMAL     7    LOWEST  SLP 29.83 ON  1

[REMARKS]
