000
CXUS53 KGRB 260741
CF6SUE
PRELIMINARY LOCAL CLIMATOLOGICAL DATA (WS FORM: F-6)

                                          STATION:   STURGEON BAY WI
                                          MONTH:     MAY
                                          YEAR:      2015
                                          LATITUDE:   44 55 N
                                          LONGITUDE:  87 25 W

  TEMPERATURE IN F:       :PCPN:    SNOW:  WIND      :SUNSHINE: SKY     :PK WND
================================================================================
1   2   3   4   5  6A  6B    7    8   9   10  11  12  13   14  15   16   17  18
                                     12Z  AVG MX 2MIN
DY MAX MIN AVG DEP HDD CDD  WTR  SNW DPTH SPD SPD DIR MIN PSBL S-S WX    SPD DR
================================================================================

 1  63  36  50   M  15   0 0.00  0.0    0  6.1 13 180   M    M   0         M  M
 2  73  50  62   M   3   0 0.00  0.0    0 11.8 20 180   M    M   5        24 170
 3  73  54  64   M   1   0 0.00  0.0    0 12.2 22 180   M    M   2        28 180
 4  68  46  57   M   8   0 0.00  0.0    0  7.9 13 350   M    M   2        18 360
 5  63  45  54   M  11   0 0.00  0.0    0  7.0 12  80   M    M   0        16 100
 6  61  46  54   M  11   0 0.00  0.0    0  6.1 10 120   M    M   4         M  M
 7  75  48  62   M   3   0 0.00  0.0    0 14.0 24 170   M    M   2        32 170
 8  77  48  63   M   2   0 0.00  0.0    0 11.0 16 350   M    M   6        20 230
 9  61  43  52   M  13   0 0.00  0.0    0 12.2 17 360   M    M   7        23 360
10  52  39  46   M  19   0 0.00  0.0    0 11.0 16  60   M    M   8        23  60
11  63  45  54   M  11   0 0.00  0.0    0  9.1 17 260   M    M   9        27 250
12  52  39  46   M  19   0 0.00  0.0    0 13.3 18 330   M    M  10        25 330
13  52  37  45   M  20   0 0.00  0.0    0  6.7 14 350   M    M   2        18 350
14  55  37  46   M  19   0 0.00  0.0    0  9.7 20 180   M    M   2        25 180
15  61  45  53   M  12   0 0.00  0.0    0  7.1 13 130   M    M   9        18 130
16  64  46  55   M  10   0 0.00  0.0    0  6.7 10  90   M    M   6         M  M
17  64  54  59   M   6   0 0.00  0.0    0 13.4 23 150   M    M   8        33 170
18  66  46  56   M   9   0 0.00  0.0    0 16.0 24 250   M    M   2        33 240
19  46  34  40   M  25   0 0.00  0.0    0 11.3 20 340   M    M   6        24 340
20  57  32  45   M  20   0 0.00  0.0    0  7.2 15 170   M    M   0         M  M
21  72  41  57   M   8   0 0.00  0.0    0  9.7 17 250   M    M   2        23 250
22  55  36  46   M  19   0 0.00  0.0    0  7.0 13 150   M    M   0        16 130
23  73  43  58   M   7   0 0.00  0.0    0 10.8 17 180   M    M   0        24 180
24  70  54  62   M   3   0 0.00  0.0    0  6.5 13 190   M    M   7        18 190
25  75  54  65   M   0   0 0.00  0.0    0 11.7 22 230   M    M   7        30 230
================================================================================
SM 1591 1098       274   0  0.00     0.0 245.5          M      106
================================================================================
AV 63.6 43.9                               9.8 FASTST   M    M   4    MAX(MPH)
                                 MISC ---->    24   M                 33    M
================================================================================
NOTES:
# LAST OF SEVERAL OCCURRENCES

COLUMN 17 PEAK WIND IN M.P.H.

PRELIMINARY LOCAL CLIMATOLOGICAL DATA (WS FORM: F-6) , PAGE 2

                                          STATION:  STURGEON BAY WI
                                          MONTH:    MAY
                                          YEAR:     2015
                                          LATITUDE:   44 55 N
                                          LONGITUDE:  87 25 W

[TEMPERATURE DATA]      [PRECIPITATION DATA]       SYMBOLS USED IN COLUMN 16

AVERAGE MONTHLY: 53.8   TOTAL FOR MONTH:   0.00    1 = FOG OR MIST
DPTR FM NORMAL:     M   DPTR FM NORMAL:       M    2 = FOG REDUCING VISIBILITY
HIGHEST:    77 ON  8    GRTST 24HR  0.00 ON 25-25      TO 1/4 MILE OR LESS
LOWEST:     32 ON 20                               3 = THUNDER
                        SNOW, ICE PELLETS, HAIL    4 = ICE PELLETS
                        TOTAL MONTH:   0.0 INCH    5 = HAIL
                        GRTST 24HR     0.0         6 = FREEZING RAIN OR DRIZZLE
                        GRTST DEPTH:   0           7 = DUSTSTORM OR SANDSTORM:
                                                       VSBY 1/2 MILE OR LESS
                                                   8 = SMOKE OR HAZE
[NO. OF DAYS WITH]      [WEATHER - DAYS WITH]      9 = BLOWING SNOW
                                                   X = TORNADO
MAX 32 OR BELOW:   0    0.01 INCH OR MORE:   0
MAX 90 OR ABOVE:   0    0.10 INCH OR MORE:   0
MIN 32 OR BELOW:   1    0.50 INCH OR MORE:   0
MIN  0 OR BELOW:   0    1.00 INCH OR MORE:   0

[HDD (BASE 65) ]
TOTAL THIS MO.   274    CLEAR  (SCALE 0-3)  12
DPTR FM NORMAL     M    PTCLDY (SCALE 4-7)   9
TOTAL FM JUL 1  7888    CLOUDY (SCALE 8-10)  4
DPTR FM NORMAL  7650

[CDD (BASE 65) ]
TOTAL THIS MO.     0
DPTR FM NORMAL     M    [PRESSURE DATA]
TOTAL FM JAN 1     0    HIGHEST SLP M ON M
DPTR FM NORMAL     0    LOWEST  SLP M ON M

[REMARKS]
