000
CXUS54 KOUN 240700
CF6SWO
PRELIMINARY LOCAL CLIMATOLOGICAL DATA (WS FORM: F-6)

                                          STATION:   STILLWATER
                                          MONTH:     JANUARY
                                          YEAR:      2017
                                          LATITUDE:   36 10 N
                                          LONGITUDE:  97  5 W

  TEMPERATURE IN F:       :PCPN:    SNOW:  WIND      :SUNSHINE: SKY     :PK WND
================================================================================
1   2   3   4   5  6A  6B    7    8   9   10  11  12  13   14  15   16   17  18
                                     12Z  AVG MX 2MIN
DY MAX MIN AVG DEP HDD CDD  WTR  SNW DPTH SPD SPD DIR MIN PSBL S-S WX    SPD DR
================================================================================

 1  58  25  42   6  23   0 0.00  0.0    0  8.4 17 170   M    M   4        21 160
 2  70  39  55  19  10   0    T  0.0    0  7.6 17 150   M    M   5 1      21 140
 3  49  25  37   1  28   0 0.00  0.0    0 14.4 24 340   M    M   8 1      33 340
 4  35  18  27  -9  38   0 0.00  0.0    0  9.1 17  20   M    M   0        23  20
 5  26  17  22 -14  43   0 0.00  0.0    0 13.9 21  20   M    M   9        26  10
 6  20   1  11 -25  54   0 0.06    M    M  4.8 13  20   M    M   6 1      17  30
 7  38  -1  19 -17  46   0 0.00  0.0    M  4.5 13 240   M    M   0        15 230
 8  46  12  29  -7  36   0 0.00  0.0    0 12.2 28 190   M    M   0        34 200
 9  61  26  44   8  21   0 0.00  0.0    0 13.5 24 190   M    M   0        30 190
10  68  33  51  15  14   0 0.00  0.0    0 11.8 26 230   M    M   0        36 220
11  76  34  55  19  10   0 0.00  0.0    0 12.5 24 200   M    M   0        32 210
12  41  20  31  -6  34   0 0.00  0.0    0 10.4 18 340   M    M   0        25 340
13  30  28  29  -8  36   0 0.08  0.0    0  8.9 16  30   M    M  10 16     21  30
14  32  29  31  -6  34   0 1.18  0.0    0  7.5 15  80   M    M  10 136    18  80
15  46  32  39   2  26   0 0.84  0.0    0  6.9 16  80   M    M  10 126    19  60
16  48  37  43   6  22   0 0.32  0.0    0 11.3 26 240   M    M   9 1      34 240
17  55  35  45   8  20   0 0.00  0.0    0  5.7 17 320   M    M   4        22 330
18  55  38  47  10  18   0 0.00  0.0    0  5.2 12 150   M    M   8        13 150
19  60  45  53  16  12   0 0.00  0.0    0 10.5 21 140   M    M   6        26 140
20  64  47  56  19   9   0 0.00  0.0    0 11.0 22 220   M    M   4 1      27 220
21  59  29  44   7  21   0    T    M    0  5.5 15 180   M    M   5        20 170
22  58  32  45   8  20   0 0.14    M    0 13.0 26 350   M    M   4 1      34 340
23  62  24  43   6  22   0 0.00  0.0    0  6.9 20 160   M    M   0        23 160
================================================================================
SM 1157  625       597   0  2.62     0.0 215.5          M      102
================================================================================
AV 50.3 27.2                               9.4 FASTST   M    M   4    MAX(MPH)
                                 MISC ---->  # 28 190               # 36  220
================================================================================
NOTES:
# LAST OF SEVERAL OCCURRENCES

COLUMN 17 PEAK WIND IN M.P.H.

PRELIMINARY LOCAL CLIMATOLOGICAL DATA (WS FORM: F-6) , PAGE 2

                                          STATION:  STILLWATER
                                          MONTH:    JANUARY
                                          YEAR:     2017
                                          LATITUDE:   36 10 N
                                          LONGITUDE:  97  5 W

[TEMPERATURE DATA]      [PRECIPITATION DATA]       SYMBOLS USED IN COLUMN 16

AVERAGE MONTHLY: 38.7   TOTAL FOR MONTH:   2.62    1 = FOG OR MIST
DPTR FM NORMAL:   2.2   DPTR FM NORMAL:    1.76    2 = FOG REDUCING VISIBILITY
HIGHEST:    76 ON 11    GRTST 24HR  1.29 ON 14-15      TO 1/4 MILE OR LESS
LOWEST:     -1 ON  7                               3 = THUNDER
                        SNOW, ICE PELLETS, HAIL    4 = ICE PELLETS
                        TOTAL MONTH:   0.0 INCH    5 = HAIL
                        GRTST 24HR     0.0         6 = FREEZING RAIN OR DRIZZLE
                        GRTST DEPTH:   0           7 = DUSTSTORM OR SANDSTORM:
                                                       VSBY 1/2 MILE OR LESS
                                                   8 = SMOKE OR HAZE
[NO. OF DAYS WITH]      [WEATHER - DAYS WITH]      9 = BLOWING SNOW
                                                   X = TORNADO
MAX 32 OR BELOW:   4    0.01 INCH OR MORE:   6
MAX 90 OR ABOVE:   0    0.10 INCH OR MORE:   4
MIN 32 OR BELOW:  15    0.50 INCH OR MORE:   2
MIN  0 OR BELOW:   1    1.00 INCH OR MORE:   1

[HDD (BASE 65) ]
TOTAL THIS MO.   597    CLEAR  (SCALE 0-3)   8
DPTR FM NORMAL   -57    PTCLDY (SCALE 4-7)  10
TOTAL FM JUL 1  1818    CLOUDY (SCALE 8-10)  5
DPTR FM NORMAL  -363

[CDD (BASE 65) ]
TOTAL THIS MO.     0
DPTR FM NORMAL     0    [PRESSURE DATA]
TOTAL FM JAN 1     0    HIGHEST SLP M ON M
DPTR FM NORMAL     0    LOWEST  SLP 29.32 ON M

[REMARKS]
