686
CXUS54 KFWD 240730
CF6TKI
PRELIMINARY LOCAL CLIMATOLOGICAL DATA (WS FORM: F-6)

                                          STATION:   MCKINNEY
                                          MONTH:     MAY
                                          YEAR:      2016
                                          LATITUDE:   33 10 N
                                          LONGITUDE:  96 35 W

  TEMPERATURE IN F:       :PCPN:    SNOW:  WIND      :SUNSHINE: SKY     :PK WND
================================================================================
1   2   3   4   5  6A  6B    7    8   9   10  11  12  13   14  15   16   17  18
                                     12Z  AVG MX 2MIN
DY MAX MIN AVG DEP HDD CDD  WTR  SNW DPTH SPD SPD DIR MIN PSBL S-S WX    SPD DR
================================================================================

 1  74  55  65  -3   0   0 0.00  0.0    0 11.0 21 350   M    M   0 1      27 350
 2  64  49  57 -11   8   0 0.29  0.0    0 10.3 21 310   M    M   7 13     27 320
 3  73  45  59  -9   6   0 0.00  0.0    0  4.0 15 340   M    M   0        20 360
 4  81  51  66  -3   0   1 0.00  0.0    0  8.8 22 320   M    M   0        26 330
 5  80  51  66  -3   0   1 0.00  0.0    0  3.8 13 350   M    M   0        18 320
 6  81  52  67  -2   0   2 0.00  0.0    0  4.1 12 140   M    M   0        15 130
 7  83  54  69  -1   0   4 0.00  0.0    0 10.8 24 160   M    M   0        30 160
 8  72  64  68  -2   0   3 0.22  0.0    0 13.9 24 180   M    M   6 13     32 170
 9  85  65  75   5   0  10 0.11  0.0    0 15.6 30 180   M    M   6 13     36 190
10  90  71  81  10   0  16    T  0.0    0 15.6 29 190   M    M   1 3      37 210
11  87  66  77   6   0  12 0.00  0.0    0 12.5 30 210   M    M   2 3      39 190
12  82  64  73   2   0   8 0.01  0.0    0  9.0 33 160   M    M   2 3      42 160
13  82  57  70  -2   0   5 0.00  0.0    0  6.8 14 150   M    M   0        17 140
14  73  56  65  -7   0   0    T  0.0    0 11.0 25  20   M    M   1        32  20
15  71  55  63  -9   2   0 0.00  0.0    0  8.5 15 100   M    M   9        20 140
16  79  61  70  -2   0   5    T  0.0    0 11.3 21 160   M    M   9        27 140
17  77  59  68  -5   0   3 0.08  0.0    0 11.7 24 360   M    M   6 1      28 360
18  62  56  59 -14   6   0 0.09  0.0    0  9.6 18  10   M    M   9 1      23  30
19  64  57  61 -12   4   0 0.37  0.0    0  6.2 15 100   M    M  10 13     20 100
20  80  59  70  -4   0   5 0.00  0.0    0  4.4 12 290   M    M   5 1      16 330
21  83  59  71  -3   0   6 0.00  0.0    0  5.7 12 130   M    M   5 1      17 160
22  84  65  75   1   0  10 0.00  0.0    0  8.5 14 110   M    M   5        19 110
23  82  64  73  -1   0   8 0.45  0.0    0 12.5 36 360   M    M   6 13     44 360
================================================================================
SM 1789 1335        26  99  1.62     0.0 215.6          M       89
================================================================================
AV 77.8 58.0                               9.4 FASTST   M    M   4    MAX(MPH)
                                 MISC ---->  # 36 360               # 44  360
================================================================================
NOTES:
# LAST OF SEVERAL OCCURRENCES

COLUMN 17 PEAK WIND IN M.P.H.

PRELIMINARY LOCAL CLIMATOLOGICAL DATA (WS FORM: F-6) , PAGE 2

                                          STATION:  MCKINNEY
                                          MONTH:    MAY
                                          YEAR:     2016
                                          LATITUDE:   33 10 N
                                          LONGITUDE:  96 35 W

[TEMPERATURE DATA]      [PRECIPITATION DATA]       SYMBOLS USED IN COLUMN 16

AVERAGE MONTHLY: 67.9   TOTAL FOR MONTH:   1.62    1 = FOG OR MIST
DPTR FM NORMAL:  -3.3   DPTR FM NORMAL:   -2.34    2 = FOG REDUCING VISIBILITY
HIGHEST:    90 ON 10    GRTST 24HR  0.45 ON 22-23      TO 1/4 MILE OR LESS
LOWEST:     45 ON  3                               3 = THUNDER
                        SNOW, ICE PELLETS, HAIL    4 = ICE PELLETS
                        TOTAL MONTH:   0.0 INCH    5 = HAIL
                        GRTST 24HR     0.0         6 = FREEZING RAIN OR DRIZZLE
                        GRTST DEPTH:   0           7 = DUSTSTORM OR SANDSTORM:
                                                       VSBY 1/2 MILE OR LESS
                                                   8 = SMOKE OR HAZE
[NO. OF DAYS WITH]      [WEATHER - DAYS WITH]      9 = BLOWING SNOW
                                                   X = TORNADO
MAX 32 OR BELOW:   0    0.01 INCH OR MORE:   8
MAX 90 OR ABOVE:   1    0.10 INCH OR MORE:   5
MIN 32 OR BELOW:   0    0.50 INCH OR MORE:   0
MIN  0 OR BELOW:   0    1.00 INCH OR MORE:   0

[HDD (BASE 65) ]
TOTAL THIS MO.    26    CLEAR  (SCALE 0-3)  11
DPTR FM NORMAL    17    PTCLDY (SCALE 4-7)   8
TOTAL FM JUL 1  2001    CLOUDY (SCALE 8-10)  4
DPTR FM NORMAL  -637

[CDD (BASE 65) ]
TOTAL THIS MO.    99
DPTR FM NORMAL   -53    [PRESSURE DATA]
TOTAL FM JAN 1   192    HIGHEST SLP M ON M
DPTR FM NORMAL   -47    LOWEST  SLP 29.57 ON  9

[REMARKS]
