000
CXUS52 KMFL 311000
CF6TMB
PRELIMINARY LOCAL CLIMATOLOGICAL DATA (WS FORM: F-6)

                                          STATION:   KENDALL-TAMIAMI EXEC ARPT
                                          MONTH:     JULY
                                          YEAR:      2015
                                          LATITUDE:   25 38 N
                                          LONGITUDE:  80 26 W

  TEMPERATURE IN F:       :PCPN:    SNOW:  WIND      :SUNSHINE: SKY     :PK WND
================================================================================
1   2   3   4   5  6A  6B    7    8   9   10  11  12  13   14  15   16   17  18
                                     12Z  AVG MX 2MIN
DY MAX MIN AVG DEP HDD CDD  WTR  SNW DPTH SPD SPD DIR MIN PSBL S-S WX    SPD DR
================================================================================

 1  93  74  84   2   0  19 0.00  0.0    0  7.2 16  30   M    M   1        20  30
 2  92  79  86   4   0  21 0.06  0.0    0  8.6 16 110   M    M   1 13     23 110
 3  92  73  83   1   0  18 0.94  0.0    0  7.4 31  60   M    M   3 13     45  60
 4  91  73  82   0   0  17 0.00  0.0    0  7.6 18 110   M    M   1 8      23 100
 5  91  82  87   5   0  22 0.00  0.0    0  8.9 18 110   M    M   4 38     23 340
 6  92  75  84   2   0  19    T  0.0    0  7.7 23 350   M    M   3 3      28 360
 7  91  75  83   1   0  18    T  0.0    0  6.9 18 230   M    M   2 3      25 230
 8  91  73  82   0   0  17 0.07  0.0    0  8.4 20 100   M    M   1 138    26 120
 9  92  75  84   2   0  19    T  0.0    0 10.1 18  90   M    M   1        24 100
10  91  76  84   2   0  19 0.01  0.0    0  8.8 18 100   M    M   2        22 120
11  92  71  82   0   0  17 0.00  0.0    0  7.2 21  80   M    M   1        27  80
12  93  70  82   0   0  17 0.00  0.0    0  5.0 17 100   M    M   1        22 120
13  95  72  84   2   0  19 0.00  0.0    0  4.2 16 320   M    M   2 3      21 160
14  93  73  83   1   0  18 0.39  0.0    0  5.2 21 270   M    M   4 13     27  90
15  89  73  81  -1   0  16 1.09  0.0    0  5.1 18 330   M    M   2 13     22 240
16  86  75  81  -1   0  16 0.01  0.0    0  2.6 16 300   M    M   2 3      22 320
17  91  73  82   0   0  17 0.91  0.0    0  4.0 20 230   M    M   3 38     29 230
18  88  74  81  -1   0  16 0.32  0.0    0  3.5 24 220   M    M   2 13     33 220
19  92  74  83   1   0  18    T  0.0    0  3.7 16 260   M    M   2 1      19 140
20  93  75  84   2   0  19 0.00  0.0    0  4.5 17 120   M    M   2 3      23 120
21  92  76  84   2   0  19 0.53  0.0    0  4.3 16 210   M    M   4 138    22 120
22  92  74  83   1   0  18 0.28  0.0    0  4.9 31 280   M    M   2 13     35 280
23  93  75  84   2   0  19    T  0.0    0  3.2 25 270   M    M   1 3      30 270
24  94  77  86   4   0  21 0.00  0.0    0  6.3 23 310   M    M   1        28 310
25  91  73  82   0   0  17 0.01  0.0    0  8.0 31 270   M    M   2 13     40 280
26  87  75  81  -1   0  16 0.40  0.0    0  7.3 23 250   M    M   4 13     34 230
27  93  75  84   1   0  19 0.00  0.0    0  6.4 16 180   M    M   2 3      23 180
28  96  75  86   3   0  21 0.00  0.0    0  5.6 14 270   M    M   1 18     18 280
29  95  78  87   4   0  22 0.00  0.0    0  6.5 15 280   M    M   2        17 260
30  95  77  86   3   0  21 0.00  0.0    0  4.9 14 270   M    M   1        17 270
================================================================================
SM 2756 2240         0 555  5.02     0.0 184.0          M       60
================================================================================
AV 91.9 74.7                               6.1 FASTST   M    M   2    MAX(MPH)
                                 MISC ---->  # 31  60               # 45   60
================================================================================
NOTES:
# LAST OF SEVERAL OCCURRENCES

COLUMN 17 PEAK WIND IN M.P.H.

PRELIMINARY LOCAL CLIMATOLOGICAL DATA (WS FORM: F-6) , PAGE 2

                                          STATION:  KENDALL-TAMIAMI EXEC ARPT
                                          MONTH:    JULY
                                          YEAR:     2015
                                          LATITUDE:   25 38 N
                                          LONGITUDE:  80 26 W

[TEMPERATURE DATA]      [PRECIPITATION DATA]       SYMBOLS USED IN COLUMN 16

AVERAGE MONTHLY: 83.3   TOTAL FOR MONTH:   5.02    1 = FOG OR MIST
DPTR FM NORMAL:   1.1   DPTR FM NORMAL:   -2.29    2 = FOG REDUCING VISIBILITY
HIGHEST:    96 ON 28    GRTST 24HR  1.46 ON 14-15      TO 1/4 MILE OR LESS
LOWEST:     70 ON 12                               3 = THUNDER
                        SNOW, ICE PELLETS, HAIL    4 = ICE PELLETS
                        TOTAL MONTH:   0.0 INCH    5 = HAIL
                        GRTST 24HR     0.0         6 = FREEZING RAIN OR DRIZZLE
                        GRTST DEPTH:   0           7 = DUSTSTORM OR SANDSTORM:
                                                       VSBY 1/2 MILE OR LESS
                                                   8 = SMOKE OR HAZE
[NO. OF DAYS WITH]      [WEATHER - DAYS WITH]      9 = BLOWING SNOW
                                                   X = TORNADO
MAX 32 OR BELOW:   0    0.01 INCH OR MORE:  13
MAX 90 OR ABOVE:  26    0.10 INCH OR MORE:   8
MIN 32 OR BELOW:   0    0.50 INCH OR MORE:   4
MIN  0 OR BELOW:   0    1.00 INCH OR MORE:   1

[HDD (BASE 65) ]
TOTAL THIS MO.     0    CLEAR  (SCALE 0-3)  26
DPTR FM NORMAL     0    PTCLDY (SCALE 4-7)   4
TOTAL FM JUL 1     0    CLOUDY (SCALE 8-10)  0
DPTR FM NORMAL     0

[CDD (BASE 65) ]
TOTAL THIS MO.   555
DPTR FM NORMAL    41    [PRESSURE DATA]
TOTAL FM JAN 1  2520    HIGHEST SLP M ON M
DPTR FM NORMAL   526    LOWEST  SLP 29.88 ON 26

[REMARKS]
