000
CXUS52 KMFL 271000
CF6TMB
PRELIMINARY LOCAL CLIMATOLOGICAL DATA (WS FORM: F-6)

                                          STATION:   KENDALL-TAMIAMI EXEC ARPT
                                          MONTH:     MARCH
                                          YEAR:      2015
                                          LATITUDE:   25 38 N
                                          LONGITUDE:  80 26 W

  TEMPERATURE IN F:       :PCPN:    SNOW:  WIND      :SUNSHINE: SKY     :PK WND
================================================================================
1   2   3   4   5  6A  6B    7    8   9   10  11  12  13   14  15   16   17  18
                                     12Z  AVG MX 2MIN
DY MAX MIN AVG DEP HDD CDD  WTR  SNW DPTH SPD SPD DIR MIN PSBL S-S WX    SPD DR
================================================================================

 1  83  70  77   8   0  12    T  0.0    0 12.5 21 100   M    M   4        27 100
 2  81  65  73   4   0   8    T  0.0    0  9.0 17 100   M    M   1        21 100
 3  81  63  72   3   0   7 0.00  0.0    0 11.2 22 100   M    M   4        26 100
 4  82  69  76   7   0  11    T  0.0    0 10.1 20 110   M    M   4        24 110
 5  84  64  74   4   0   9 0.00  0.0    0  9.3 18 150   M    M   2        26 140
 6  85  62  74   4   0   9 0.00  0.0    0  4.2 13 110   M    M   1 1      18 110
 7  80  64  72   2   0   7 0.11  0.0    0  9.9 20  30   M    M   9 1      23  60
 8  78  66  72   2   0   7 0.03  0.0    0 13.3 23  70   M    M   9 1      27  70
 9  84  67  76   6   0  11 0.00  0.0    0 11.9 20 100   M    M   3        24 100
10  82  71  77   7   0  12    T  0.0    0 13.7 22 110   M    M   6        28 110
11  83  67  75   5   0  10    T  0.0    0 11.4 21 120   M    M   5        26 140
12  85  69  77   7   0  12 0.00  0.0    0 13.8 22 120   M    M   6        27 120
13  83  69  76   6   0  11 0.10  0.0    0 14.8 24 100   M    M   5        32 100
14  82  65  74   4   0   9 0.00  0.0    0 10.0 18 120   M    M   2        24 130
15  84  62  73   3   0   8    T  0.0    0  5.5 15 130   M    M   2        18 110
16  84  62  73   3   0   8 0.00  0.0    0  6.8 18 110   M    M   3        24 140
17  86  60  73   3   0   8 0.00  0.0    0  4.8 18 280   M    M   2 1      22 270
18  86  57  72   2   0   7 0.00  0.0    0  7.0 16 250   M    M   3 1      21 140
19  83  61  72   2   0   7 0.00  0.0    0  5.4 16 220   M    M   5 128    22 210
20  88  56  72   2   0   7 0.00  0.0    0  5.4 16 280   M    M   2 128    20 270
21  88  61  75   5   0  10 0.00  0.0    0  4.9 15 120   M    M   0 18     19 250
22  89  64  77   7   0  12 0.00  0.0    0  5.9 17 260   M    M   1 12     23 280
23  91  65  78   8   0  13 0.00  0.0    0  8.1 24 280   M    M   3 12     30 250
24  88  66  77   7   0  12 0.10  0.0    0  5.5 15 110   M    M   5 1      18 110
25  90  65  78   8   0  13 0.00  0.0    0  4.9 14 130   M    M   4 12     17 120
26  88  67  78   8   0  13    T  0.0    0  6.6 20 180   M    M   3        24 190
================================================================================
SM 2198 1677         0 253  0.34     0.0 225.9          M       94
================================================================================
AV 84.5 64.5                               8.7 FASTST   M    M   4    MAX(MPH)
                                 MISC ---->  # 24 100               # 32  100
================================================================================
NOTES:
# LAST OF SEVERAL OCCURRENCES

COLUMN 17 PEAK WIND IN M.P.H.

PRELIMINARY LOCAL CLIMATOLOGICAL DATA (WS FORM: F-6) , PAGE 2

                                          STATION:  KENDALL-TAMIAMI EXEC ARPT
                                          MONTH:    MARCH
                                          YEAR:     2015
                                          LATITUDE:   25 38 N
                                          LONGITUDE:  80 26 W

[TEMPERATURE DATA]      [PRECIPITATION DATA]       SYMBOLS USED IN COLUMN 16

AVERAGE MONTHLY: 74.5   TOTAL FOR MONTH:   0.34    1 = FOG OR MIST
DPTR FM NORMAL:   4.7   DPTR FM NORMAL:   -2.02    2 = FOG REDUCING VISIBILITY
HIGHEST:    91 ON 23    GRTST 24HR  0.11 ON  7- 7      TO 1/4 MILE OR LESS
LOWEST:     56 ON 20                               3 = THUNDER
                        SNOW, ICE PELLETS, HAIL    4 = ICE PELLETS
                        TOTAL MONTH:   0.0 INCH    5 = HAIL
                        GRTST 24HR     0.0         6 = FREEZING RAIN OR DRIZZLE
                        GRTST DEPTH:   0           7 = DUSTSTORM OR SANDSTORM:
                                                       VSBY 1/2 MILE OR LESS
                                                   8 = SMOKE OR HAZE
[NO. OF DAYS WITH]      [WEATHER - DAYS WITH]      9 = BLOWING SNOW
                                                   X = TORNADO
MAX 32 OR BELOW:   0    0.01 INCH OR MORE:   4
MAX 90 OR ABOVE:   2    0.10 INCH OR MORE:   3
MIN 32 OR BELOW:   0    0.50 INCH OR MORE:   0
MIN  0 OR BELOW:   0    1.00 INCH OR MORE:   0

[HDD (BASE 65) ]
TOTAL THIS MO.     0    CLEAR  (SCALE 0-3)  13
DPTR FM NORMAL   -16    PTCLDY (SCALE 4-7)  11
TOTAL FM JUL 1   122    CLOUDY (SCALE 8-10)  2
DPTR FM NORMAL   -72

[CDD (BASE 65) ]
TOTAL THIS MO.   253
DPTR FM NORMAL   117    [PRESSURE DATA]
TOTAL FM JAN 1   539    HIGHEST SLP M ON M
DPTR FM NORMAL   184    LOWEST  SLP 29.91 ON 23

[REMARKS]
