000
CXUS52 KMFL 011000
CF6TMB
PRELIMINARY LOCAL CLIMATOLOGICAL DATA (WS FORM: F-6)

                                          STATION:   KENDALL-TAMIAMI EXEC ARPT
                                          MONTH:     JUNE
                                          YEAR:      2015
                                          LATITUDE:   25 38 N
                                          LONGITUDE:  80 26 W

  TEMPERATURE IN F:       :PCPN:    SNOW:  WIND      :SUNSHINE: SKY     :PK WND
================================================================================
1   2   3   4   5  6A  6B    7    8   9   10  11  12  13   14  15   16   17  18
                                     12Z  AVG MX 2MIN
DY MAX MIN AVG DEP HDD CDD  WTR  SNW DPTH SPD SPD DIR MIN PSBL S-S WX    SPD DR
================================================================================

 1  88  71  80   0   0  15    T  0.0    0  6.2 17 110   M    M   2        23 110
 2  84  71  78  -2   0  13    T  0.0    0  5.3 13 130   M    M   2        18 140
 3  86  72  79  -1   0  14 0.01  0.0    0  6.2 14 140   M    M   6 1      18 110
 4  89  69  79  -1   0  14 0.03  0.0    0  3.9 16 130   M    M   5        20 120
 5  88  73  81   1   0  16 1.28  0.0    0  5.0 24  30   M    M   5 1      30  30
 6  88  70  79  -1   0  14 0.41  0.0    0  4.3 22 270   M    M   3 1      26 280
 7  86  69  78  -2   0  13 0.40  0.0    0  5.6 16  80   M    M   2 12     19 100
 8  89  71  80   0   0  15 0.00  0.0    0  5.5 16 110   M    M   1        21 120
 9  89  71  80  -1   0  15 0.21  0.0    0  3.6 18 230   M    M   3 13     26 220
10  89  72  81   0   0  16 0.01  0.0    0  7.1 17 130   M    M   2 3      25 150
11  88  71  80  -1   0  15 0.11  0.0    0  9.9 20 120   M    M   3 13     25 120
12  90  80  85   4   0  20 0.00  0.0    0 12.7 22 100   M    M   2        27 100
13  90  79  85   4   0  20 0.01  0.0    0 13.8 22 110   M    M   4        28 100
14  89  79  84   3   0  19 0.06  0.0    0 12.1 18 110   M    M   3 1      23  90
15  89  76  83   2   0  18 0.25  0.0    0  7.5 20 100   M    M   3 13     23 100
16  90  75  83   2   0  18 0.00  0.0    0  8.2 16 100   M    M   1        22 100
17  91  74  83   2   0  18 0.00  0.0    0  8.1 17  90   M    M   1        22 100
18  92  77  85   4   0  20 0.00  0.0    0  8.0 16 110   M    M   1        25  90
19  93  75  84   3   0  19 0.00  0.0    0  6.8 16 120   M    M   1        21 110
20  93  74  84   3   0  19 0.00  0.0    0  7.0 16 120   M    M   1 3      21 110
21  93  73  83   2   0  18 0.00  0.0    0  7.2 17 100   M    M   0        21 120
22  93  74  84   3   0  19 0.00  0.0    0  7.7 18  90   M    M   1        23 100
23  92  78  85   4   0  20    T  0.0    0  8.7 18 110   M    M   2        24 120
24  93  79  86   5   0  21 0.00  0.0    0  8.5 16 100   M    M   1        21 110
25  93  75  84   3   0  19 0.00  0.0    0  5.0 17 120   M    M   1        24 110
26  93  75  84   3   0  19 0.08  0.0    0  4.0 20 130   M    M   1 138    24 130
27  92  74  83   2   0  18 0.37  0.0    0  3.7 26 280   M    M   2 13     33 280
28  94  73  84   3   0  19 0.90  0.0    0  4.9 32 290   M    M   3 13     38 290
29  94  71  83   2   0  18    T  0.0    0  4.2 16 240   M    M   1 38     21 240
30  93  72  83   1   0  18 0.00  0.0    0  5.6 20 110   M    M   0 3      25 110
================================================================================
SM 2711 2213         0 520  4.13     0.0 206.3          M       63
================================================================================
AV 90.4 73.8                               6.9 FASTST   M    M   2    MAX(MPH)
                                 MISC ---->  # 32 290               # 38  290
================================================================================
NOTES:
# LAST OF SEVERAL OCCURRENCES

COLUMN 17 PEAK WIND IN M.P.H.

PRELIMINARY LOCAL CLIMATOLOGICAL DATA (WS FORM: F-6) , PAGE 2

                                          STATION:  KENDALL-TAMIAMI EXEC ARPT
                                          MONTH:    JUNE
                                          YEAR:     2015
                                          LATITUDE:   25 38 N
                                          LONGITUDE:  80 26 W

[TEMPERATURE DATA]      [PRECIPITATION DATA]       SYMBOLS USED IN COLUMN 16

AVERAGE MONTHLY: 82.1   TOTAL FOR MONTH:   4.13    1 = FOG OR MIST
DPTR FM NORMAL:   1.2   DPTR FM NORMAL:   -5.02    2 = FOG REDUCING VISIBILITY
HIGHEST:    94 ON 29,28 GRTST 24HR  1.28 ON  5- 5      TO 1/4 MILE OR LESS
LOWEST:     69 ON  7, 4                            3 = THUNDER
                        SNOW, ICE PELLETS, HAIL    4 = ICE PELLETS
                        TOTAL MONTH:   0.0 INCH    5 = HAIL
                        GRTST 24HR     0.0         6 = FREEZING RAIN OR DRIZZLE
                        GRTST DEPTH:   0           7 = DUSTSTORM OR SANDSTORM:
                                                       VSBY 1/2 MILE OR LESS
                                                   8 = SMOKE OR HAZE
[NO. OF DAYS WITH]      [WEATHER - DAYS WITH]      9 = BLOWING SNOW
                                                   X = TORNADO
MAX 32 OR BELOW:   0    0.01 INCH OR MORE:  14
MAX 90 OR ABOVE:  17    0.10 INCH OR MORE:   8
MIN 32 OR BELOW:   0    0.50 INCH OR MORE:   2
MIN  0 OR BELOW:   0    1.00 INCH OR MORE:   1

[HDD (BASE 65) ]
TOTAL THIS MO.     0    CLEAR  (SCALE 0-3)  23
DPTR FM NORMAL     0    PTCLDY (SCALE 4-7)   7
TOTAL FM JUL 1   122    CLOUDY (SCALE 8-10)  0
DPTR FM NORMAL   -80

[CDD (BASE 65) ]
TOTAL THIS MO.   520
DPTR FM NORMAL    43    [PRESSURE DATA]
TOTAL FM JAN 1  1965    HIGHEST SLP 30.16 ON 30
DPTR FM NORMAL   485    LOWEST  SLP 29.87 ON  3

[REMARKS]
#FINAL-06-15#
