000
CXUS52 KMFL 171000
CF6TMB
PRELIMINARY LOCAL CLIMATOLOGICAL DATA (WS FORM: F-6)

                                          STATION:   KENDALL-TAMIAMI EXEC ARPT
                                          MONTH:     FEBRUARY
                                          YEAR:      2018
                                          LATITUDE:   25 38 N
                                          LONGITUDE:  80 26 W

  TEMPERATURE IN F:       :PCPN:    SNOW:  WIND      :SUNSHINE: SKY     :PK WND
================================================================================
1   2   3   4   5  6A  6B    7    8   9   10  11  12  13   14  15   16   17  18
                                     12Z  AVG MX 2MIN
DY MAX MIN AVG DEP HDD CDD  WTR  SNW DPTH SPD SPD DIR MIN PSBL S-S WX    SPD DR
================================================================================

 1  79  55  67   0   0   2 0.00  0.0    0  5.9 17 100   M    M   4        22 100
 2  82  60  71   4   0   6 0.00  0.0    0  4.2 14 300   M    M   7        16 300
 3  74  59  67   0   0   2 0.02  0.0    0  9.7 22  90   M    M   6 1      27  90
 4  80  67  74   7   0   9 0.00  0.0    0  8.7 17 140   M    M   5        23 120
 5  85  65  75   8   0  10 0.00  0.0    0  6.9 18  80   M    M   5 1      21  60
 6  78  64  71   4   0   6 0.00  0.0    0  9.9 17  90   M    M   6        22 100
 7  82  68  75   7   0  10    T  0.0    0 10.1 20 100   M    M   5        23 130
 8  84  67  76   8   0  11 0.00  0.0    0  9.1 17 100   M    M   2        21 100
 9  82  67  75   7   0  10 0.00  0.0    0 11.5 23 100   M    M   5        28 120
10  83  72  78  10   0  13 0.01  0.0    0 11.2 22 120   M    M   5        26 120
11  84  73  79  11   0  14 0.00  0.0    0 12.5 22 140   M    M   4        30 140
12  84  72  78  10   0  13 0.00  0.0    0 10.1 18 120   M    M   3        23 120
13  84  68  76   8   0  11 0.01  0.0    0 11.1 18 100   M    M   3        23 110
14  83  66  75   7   0  10    T  0.0    0  8.9 17 110   M    M   1        24  90
15  82  60  71   3   0   6 0.00  0.0    0  4.5 14 100   M    M   0        19 110
16  84  57  71   2   0   6 0.00  0.0    0  3.3 13 130   M    M   0 1      22 160
================================================================================
SM 1310 1040         0 139  0.04     0.0 137.6          M       61
================================================================================
AV 81.9 65.0                               8.6 FASTST   M    M   4    MAX(MPH)
                                 MISC ---->  # 23 100               # 30  140
================================================================================
NOTES:
# LAST OF SEVERAL OCCURRENCES

COLUMN 17 PEAK WIND IN M.P.H.

PRELIMINARY LOCAL CLIMATOLOGICAL DATA (WS FORM: F-6) , PAGE 2

                                          STATION:  KENDALL-TAMIAMI EXEC ARPT
                                          MONTH:    FEBRUARY
                                          YEAR:     2018
                                          LATITUDE:   25 38 N
                                          LONGITUDE:  80 26 W

[TEMPERATURE DATA]      [PRECIPITATION DATA]       SYMBOLS USED IN COLUMN 16

AVERAGE MONTHLY: 73.4   TOTAL FOR MONTH:   0.04    1 = FOG OR MIST
DPTR FM NORMAL:   5.8   DPTR FM NORMAL:   -1.30    2 = FOG REDUCING VISIBILITY
HIGHEST:    85 ON  5    GRTST 24HR  0.02 ON  3- 3      TO 1/4 MILE OR LESS
LOWEST:     55 ON  1                               3 = THUNDER
                        SNOW, ICE PELLETS, HAIL    4 = ICE PELLETS
                        TOTAL MONTH:   0.0 INCH    5 = HAIL
                        GRTST 24HR     0.0         6 = FREEZING RAIN OR DRIZZLE
                        GRTST DEPTH:   0           7 = DUSTSTORM OR SANDSTORM:
                                                       VSBY 1/2 MILE OR LESS
                                                   8 = SMOKE OR HAZE
[NO. OF DAYS WITH]      [WEATHER - DAYS WITH]      9 = BLOWING SNOW
                                                   X = TORNADO
MAX 32 OR BELOW:   0    0.01 INCH OR MORE:   3
MAX 90 OR ABOVE:   0    0.10 INCH OR MORE:   0
MIN 32 OR BELOW:   0    0.50 INCH OR MORE:   0
MIN  0 OR BELOW:   0    1.00 INCH OR MORE:   0

[HDD (BASE 65) ]
TOTAL THIS MO.     0    CLEAR  (SCALE 0-3)   5
DPTR FM NORMAL   -19    PTCLDY (SCALE 4-7)  11
TOTAL FM JUL 1   141    CLOUDY (SCALE 8-10)  0
DPTR FM NORMAL   -20

[CDD (BASE 65) ]
TOTAL THIS MO.   139
DPTR FM NORMAL    72    [PRESSURE DATA]
TOTAL FM JAN 1   252    HIGHEST SLP M ON M
DPTR FM NORMAL    94    LOWEST  SLP 29.99 ON  4

[REMARKS]
