442
CXUS52 KMFL 221000
CF6TMB
PRELIMINARY LOCAL CLIMATOLOGICAL DATA (WS FORM: F-6)

                                          STATION:   KENDALL-TAMIAMI EXEC ARPT
                                          MONTH:     SEPTEMBER
                                          YEAR:      2017
                                          LATITUDE:   25 38 N
                                          LONGITUDE:  80 26 W

  TEMPERATURE IN F:       :PCPN:    SNOW:  WIND      :SUNSHINE: SKY     :PK WND
================================================================================
1   2   3   4   5  6A  6B    7    8   9   10  11  12  13   14  15   16   17  18
                                     12Z  AVG MX 2MIN
DY MAX MIN AVG DEP HDD CDD  WTR  SNW DPTH SPD SPD DIR MIN PSBL S-S WX    SPD DR
================================================================================

 1  93  78  86   4   0  21 0.43  0.0    0  6.1 24 100   M    M   2 3      36  90
 2  91  74  83   1   0  18 0.41  0.0    0  4.3 21 270   M    M   2 13     24 270
 3  92  77  85   3   0  20 0.00  0.0    0  4.0 13 100   M    M   1 3      16 110
 4  92  78  85   3   0  20 0.00  0.0    0  7.8 16 100   M    M   1        21 100
 5  93  79  86   5   0  21 0.00  0.0    0  7.0 15 110   M    M   1        20 100
 6  90  76  83   2   0  18 0.44  0.0    0  3.8 23 220   M    M   2 13     31 210
 7  93  77  85   4   0  20 0.15  0.0    0  5.8 16 130   M    M   1 3      20 110
 8  94  80  87   6   0  22 0.04  0.0    0 13.7 28  60   M    M   2        33  60
 9  87  75  81   0   0  16 2.54  0.0    0 21.0 44  90   M    M   6 13     60  80
10  80  77  79  -2   0  14 1.75  0.0    0 37.2 46 100   M    M  10 1      73 100
11   M   M   M   M   M   M 0.00  0.0    0   M   M   M   M    M   0         M  M
12  91  91  91  10   0  26 0.00  0.0    M  9.8 12 280   M    M   5         M  M
13   M   M   M   M   M   M 0.00  0.0    0  5.1 10 140   M    M   3 3      20 140
14  90  86  88   7   0  23 0.00  0.0    0  6.9 12 100   M    M   2         M  M
15  91  82  87   6   0  22 0.00  0.0    0  6.4 14  90   M    M   2         M  M
16  92  77  85   4   0  20 0.00  0.0    0  8.1 21  50   M    M   3        25  40
17  91  74  83   2   0  18    T  0.0    0  7.8 15 320   M    M   1        21 330
18  91  71  81   0   0  16 0.00  0.0    0  6.3 15  10   M    M   1        19 300
19  93  75  84   3   0  19    T  0.0    0  4.6 13 300   M    M   1 3      17 160
20  92  75  84   3   0  19    T  0.0    0  4.0 16 100   M    M   1        20 110
21  92  75  84   3   0  19 0.00  0.0    0  4.6 30  50   M    M   2 138    35  50
================================================================================
SM 1728 1477         0 372  5.76     0.0 174.3          M       49
================================================================================
AV 91.0 77.7                               8.7 FASTST   M    M   2    MAX(MPH)
                                 MISC ---->  # 46 100               # 73  100
================================================================================
NOTES:
# LAST OF SEVERAL OCCURRENCES

COLUMN 17 PEAK WIND IN M.P.H.

PRELIMINARY LOCAL CLIMATOLOGICAL DATA (WS FORM: F-6) , PAGE 2

                                          STATION:  KENDALL-TAMIAMI EXEC ARPT
                                          MONTH:    SEPTEMBER
                                          YEAR:     2017
                                          LATITUDE:   25 38 N
                                          LONGITUDE:  80 26 W

[TEMPERATURE DATA]      [PRECIPITATION DATA]       SYMBOLS USED IN COLUMN 16

AVERAGE MONTHLY: 84.3   TOTAL FOR MONTH:   5.76    1 = FOG OR MIST
DPTR FM NORMAL:   3.2   DPTR FM NORMAL:   -0.83    2 = FOG REDUCING VISIBILITY
HIGHEST:    94 ON  8    GRTST 24HR  2.54 ON  9- 9      TO 1/4 MILE OR LESS
LOWEST:     71 ON 18                               3 = THUNDER
                        SNOW, ICE PELLETS, HAIL    4 = ICE PELLETS
                        TOTAL MONTH:   0.0 INCH    5 = HAIL
                        GRTST 24HR     0.0         6 = FREEZING RAIN OR DRIZZLE
                        GRTST DEPTH:   0           7 = DUSTSTORM OR SANDSTORM:
                                                       VSBY 1/2 MILE OR LESS
                                                   8 = SMOKE OR HAZE
[NO. OF DAYS WITH]      [WEATHER - DAYS WITH]      9 = BLOWING SNOW
                                                   X = TORNADO
MAX 32 OR BELOW:   0    0.01 INCH OR MORE:   7
MAX 90 OR ABOVE:  17    0.10 INCH OR MORE:   6
MIN 32 OR BELOW:   0    0.50 INCH OR MORE:   2
MIN  0 OR BELOW:   0    1.00 INCH OR MORE:   2

[HDD (BASE 65) ]
TOTAL THIS MO.     0    CLEAR  (SCALE 0-3)  18
DPTR FM NORMAL     0    PTCLDY (SCALE 4-7)   2
TOTAL FM JUL 1     0    CLOUDY (SCALE 8-10)  1
DPTR FM NORMAL     0

[CDD (BASE 65) ]
TOTAL THIS MO.   372
DPTR FM NORMAL    33    [PRESSURE DATA]
TOTAL FM JAN 1  3516    HIGHEST SLP M ON M
DPTR FM NORMAL   626    LOWEST  SLP 29.57 ON  9

[REMARKS]
