000
CXUS54 KBMX 271216
CF6TOI
PRELIMINARY LOCAL CLIMATOLOGICAL DATA (WS FORM: F-6)

                                          STATION:   TROY
                                          MONTH:     AUGUST
                                          YEAR:      2016
                                          LATITUDE:   31 51 N
                                          LONGITUDE:  86  1 W

  TEMPERATURE IN F:       :PCPN:    SNOW:  WIND      :SUNSHINE: SKY     :PK WND
================================================================================
1   2   3   4   5  6A  6B    7    8   9   10  11  12  13   14  15   16   17  18
                                     12Z  AVG MX 2MIN
DY MAX MIN AVG DEP HDD CDD  WTR  SNW DPTH SPD SPD DIR MIN PSBL S-S WX    SPD DR
================================================================================

 1  92  72  82   1   0  17 0.09  0.0    0  2.4 22 210   M    M   3 13     30 210
 2  93  72  83   2   0  18 0.68  0.0    0  2.8 21 210   M    M   3 13     30 130
 3  93  72  83   2   0  18 0.27  0.0    0  2.4 29 320   M    M   3 123    38 360
 4  96  71  84   3   0  19 0.00  0.0    0  1.9 15 290   M    M   3 123    19 290
 5  94  71  83   2   0  18    T  0.0    0  1.7 14 170   M    M   2 13     20 170
 6  96  72  84   3   0  19 0.00  0.0    0  3.6 10  10   M    M   1 1      17  10
 7  95  73  84   3   0  19 0.00  0.0    0  4.1 12 110   M    M   1 3      16  20
 8  91  74  83   2   0  18 0.02  0.0    0  3.3 15 360   M    M   4 13     17  10
 9  91  75  83   2   0  18    T  0.0    0  5.4 15 130   M    M   8 1      19 120
10  85  76  81   0   0  16 0.17  0.0    0  8.2 17 100   M    M   9 1      22 100
11  83  76  80  -1   0  15 0.20  0.0    0  8.7 18 120   M    M   8 1      24 130
12  86  74  80  -1   0  15 0.48  0.0    0  6.9 17 160   M    M   8 13     23 150
13  90  72  81   0   0  16 0.94  0.0    0  4.3 23 150   M    M   6 13     33 170
14  91  71  81   1   0  16 0.11  0.0    0  4.6 30 150   M    M   3 13     43 150
15  91  70  81   1   0  16 0.05  0.0    0  4.5 18 210   M    M   1 13     24 220
16  93  72  83   3   0  18 0.01  0.0    0  3.1 18 200   M    M   3 3      27 200
17  95  71  83   3   0  18 0.00  0.0    0  1.9 17 190   M    M   1 3      21 200
18  92  71  82   2   0  17 0.01  0.0    0  2.5 17 290   M    M   1 3     122 150
19  91  73  82   2   0  17 0.00  0.0    0  2.6 10 220   M    M   2 1      13 220
20  89  73  81   1   0  16 0.01  0.0    0  3.2 13 170   M    M   2 13     17 200
21  91  72  82   2   0  17 0.00  0.0    0  4.1 14 360   M    M   3 13     15  10
22  92  70  81   1   0  16 0.21  0.0    0  2.0 15 120   M    M   1 123    20 130
23  95  71  83   3   0  18 0.00  0.0    0  2.5 12 120   M    M   1 1      16 110
24  93  73  83   3   0  18    T  0.0    0  3.3 14 130   M    M   2        17 130
25  92  72  82   2   0  17 0.00  0.0    0  2.8 13  90   M    M   3 1      14 100
26  93  69  81   1   0  16 0.00  0.0    0  2.5 13  90   M    M   1 1      16  70
================================================================================
SM 2383 1878         0 446  3.25     0.0  95.3          M       83
================================================================================
AV 91.7 72.2                               3.7 FASTST   M    M   3    MAX(MPH)
                                 MISC ---->  # 30 150               #122  150
================================================================================
NOTES:
# LAST OF SEVERAL OCCURRENCES

COLUMN 17 PEAK WIND IN M.P.H.

PRELIMINARY LOCAL CLIMATOLOGICAL DATA (WS FORM: F-6) , PAGE 2

                                          STATION:  TROY
                                          MONTH:    AUGUST
                                          YEAR:     2016
                                          LATITUDE:   31 51 N
                                          LONGITUDE:  86  1 W

[TEMPERATURE DATA]      [PRECIPITATION DATA]       SYMBOLS USED IN COLUMN 16

AVERAGE MONTHLY: 81.9   TOTAL FOR MONTH:   3.25    1 = FOG OR MIST
DPTR FM NORMAL:   1.4   DPTR FM NORMAL:   -0.84    2 = FOG REDUCING VISIBILITY
HIGHEST:    96 ON  6, 4 GRTST 24HR  0.94 ON 13-13      TO 1/4 MILE OR LESS
LOWEST:     69 ON 26                               3 = THUNDER
                        SNOW, ICE PELLETS, HAIL    4 = ICE PELLETS
                        TOTAL MONTH:   0.0 INCH    5 = HAIL
                        GRTST 24HR     0.0         6 = FREEZING RAIN OR DRIZZLE
                        GRTST DEPTH:   0           7 = DUSTSTORM OR SANDSTORM:
                                                       VSBY 1/2 MILE OR LESS
                                                   8 = SMOKE OR HAZE
[NO. OF DAYS WITH]      [WEATHER - DAYS WITH]      9 = BLOWING SNOW
                                                   X = TORNADO
MAX 32 OR BELOW:   0    0.01 INCH OR MORE:  14
MAX 90 OR ABOVE:  22    0.10 INCH OR MORE:   8
MIN 32 OR BELOW:   0    0.50 INCH OR MORE:   2
MIN  0 OR BELOW:   0    1.00 INCH OR MORE:   0

[HDD (BASE 65) ]
TOTAL THIS MO.     0    CLEAR  (SCALE 0-3)  19
DPTR FM NORMAL     0    PTCLDY (SCALE 4-7)   6
TOTAL FM JUL 1     0    CLOUDY (SCALE 8-10)  1
DPTR FM NORMAL     0

[CDD (BASE 65) ]
TOTAL THIS MO.   446
DPTR FM NORMAL    41    [PRESSURE DATA]
TOTAL FM JAN 1  1821    HIGHEST SLP M ON M
DPTR FM NORMAL   256    LOWEST  SLP 29.82 ON  7

[REMARKS]
