722
CXUS54 KBMX 161111
CF6TOI
PRELIMINARY LOCAL CLIMATOLOGICAL DATA (WS FORM: F-6)

                                          STATION:   TROY
                                          MONTH:     DECEMBER
                                          YEAR:      2017
                                          LATITUDE:   31 51 N
                                          LONGITUDE:  86  1 W

  TEMPERATURE IN F:       :PCPN:    SNOW:  WIND      :SUNSHINE: SKY     :PK WND
================================================================================
1   2   3   4   5  6A  6B    7    8   9   10  11  12  13   14  15   16   17  18
                                     12Z  AVG MX 2MIN
DY MAX MIN AVG DEP HDD CDD  WTR  SNW DPTH SPD SPD DIR MIN PSBL S-S WX    SPD DR
================================================================================

 1  70  50  60   9   5   0 0.10  0.0    0  2.3  9 350   M    M   7 12     14 330
 2  70  48  59   8   6   0 0.00  0.0    0  1.8 13 330   M    M   9 12     15 320
 3  70  47  59   8   6   0 0.00  0.0    0  2.8 10  50   M    M   5 12     13  50
 4  65  49  57   7   8   0 0.00  0.0    0  5.1 10 120   M    M   8 1      14 120
 5  78  55  67  17   0   2 0.38  0.0    0  5.3 17 200   M    M   5 13     23 170
 6  59  41  50   0  15   0 0.15  0.0    0  7.8 18 340   M    M  10 1      22 350
 7  48  41  45  -5  20   0 0.23  0.0    0  5.8 13 330   M    M   9        15 330
 8  41  35  38 -11  27   0 0.60    T    0  9.5 17  10   M    M  10 1      22 360
 9  44  28  36 -13  29   0 0.10    M    0  6.6 15 300   M    M   4 1      20 310
10  51  25  38 -11  27   0 0.00  0.0    0  2.3 12 330   M    M   0        14 300
11  64  27  46  -3  19   0 0.00  0.0    0  4.3 14 220   M    M   0        23 230
12  58  38  48  -1  17   0 0.00  0.0    0  8.7 24 330   M    M   0 1      33 310
13  57  27  42  -6  23   0 0.00  0.0    0  4.9 13 230   M    M   0        19 250
14  60  32  46  -2  19   0 0.00  0.0    0  1.8  9 210   M    M   0        13 230
15  46  30  38 -10  27   0 0.00  0.0    0  5.2 16 320   M    M   1 1      22 330
================================================================================
SM  881  573       248   2  1.56    T     74.2          M       68
================================================================================
AV 58.7 38.2                               4.9 FASTST   M    M   5    MAX(MPH)
                                 MISC ---->  # 24 330               # 33  310
================================================================================
NOTES:
# LAST OF SEVERAL OCCURRENCES

COLUMN 17 PEAK WIND IN M.P.H.

PRELIMINARY LOCAL CLIMATOLOGICAL DATA (WS FORM: F-6) , PAGE 2

                                          STATION:  TROY
                                          MONTH:    DECEMBER
                                          YEAR:     2017
                                          LATITUDE:   31 51 N
                                          LONGITUDE:  86  1 W

[TEMPERATURE DATA]      [PRECIPITATION DATA]       SYMBOLS USED IN COLUMN 16

AVERAGE MONTHLY: 48.5   TOTAL FOR MONTH:   1.56    1 = FOG OR MIST
DPTR FM NORMAL:  -1.0   DPTR FM NORMAL:   -1.06    2 = FOG REDUCING VISIBILITY
HIGHEST:    78 ON  5    GRTST 24HR  0.75 ON  7- 8      TO 1/4 MILE OR LESS
LOWEST:     25 ON 10                               3 = THUNDER
                        SNOW, ICE PELLETS, HAIL    4 = ICE PELLETS
                        TOTAL MONTH:    T          5 = HAIL
                        GRTST 24HR    T  ON  8- 8  6 = FREEZING RAIN OR DRIZZLE
                        GRTST DEPTH:   0           7 = DUSTSTORM OR SANDSTORM:
                                                       VSBY 1/2 MILE OR LESS
                                                   8 = SMOKE OR HAZE
[NO. OF DAYS WITH]      [WEATHER - DAYS WITH]      9 = BLOWING SNOW
                                                   X = TORNADO
MAX 32 OR BELOW:   0    0.01 INCH OR MORE:   6
MAX 90 OR ABOVE:   0    0.10 INCH OR MORE:   6
MIN 32 OR BELOW:   6    0.50 INCH OR MORE:   1
MIN  0 OR BELOW:   0    1.00 INCH OR MORE:   0

[HDD (BASE 65) ]
TOTAL THIS MO.   248    CLEAR  (SCALE 0-3)   6
DPTR FM NORMAL    15    PTCLDY (SCALE 4-7)   4
TOTAL FM JUL 1   602    CLOUDY (SCALE 8-10)  5
DPTR FM NORMAL   -24

[CDD (BASE 65) ]
TOTAL THIS MO.     2
DPTR FM NORMAL     2    [PRESSURE DATA]
TOTAL FM JAN 1  2172    HIGHEST SLP M ON M
DPTR FM NORMAL   105    LOWEST  SLP 29.89 ON 13

[REMARKS]
