000
CXUS53 KTOP 290820
CF6TOP
PRELIMINARY LOCAL CLIMATOLOGICAL DATA (WS FORM: F-6)

                                          STATION:   Topeka KS
                                          MONTH:     MARCH
                                          YEAR:      2015
                                          LATITUDE:   39  4 N
                                          LONGITUDE:  95 38 W

  TEMPERATURE IN F:       :PCPN:    SNOW:  WIND      :SUNSHINE: SKY     :PK WND
================================================================================
1   2   3   4   5  6A  6B    7    8   9   10  11  12  13   14  15   16   17  18
                                     12Z  AVG MX 2MIN
DY MAX MIN AVG DEP HDD CDD  WTR  SNW DPTH SPD SPD DIR MIN PSBL S-S WX    SPD DR
================================================================================

 1  35  19  27 -12  38   0    T    T    1  2.7 10 310   M    M   7 1      13 270
 2  40  20  30 -10  35   0 0.00  0.0    0  8.2 22 130   M    M   3 1      27 140
 3  48  28  38  -2  27   0 0.00  0.0    0 12.6 22 350   M    M   8 1      28 350
 4  32  20  26 -14  39   0    T    T    0 12.8 24 350   M    M   5 8      31 350
 5  36  10  23 -18  42   0 0.00  0.0    0  5.5 13 150   M    M   0        17 160
 6  62  25  44   3  21   0 0.00  0.0    0  9.2 15 250   M    M   0        21 240
 7  72  29  51   9  14   0 0.00  0.0    0  6.7 13 280   M    M   0        18 260
 8  71  32  52  10  13   0 0.00  0.0    0  3.7 18  10   M    M   0        23  10
 9  62  31  47   5  18   0 0.00  0.0    0  2.8  8 170   M    M   0        11 160
10  74  35  55  12  10   0 0.00  0.0    0  2.4  9 140   M    M   0 128    13 270
11  75  35  55  12  10   0 0.00  0.0    0  1.4  8  30   M    M   0        12  40
12  75  37  56  12   9   0 0.00  0.0    0  5.6 17 100   M    M   0        22 120
13  76  37  57  13   8   0 0.00  0.0    0  8.1 25 360   M    M   0        30 360
14  67  35  51   7  14   0 0.00  0.0    0  9.5 23 360   M    M   0        31 350
15  77  29  53   8  12   0 0.00  0.0    0  5.9 17 210   M    M   0 1      25 210
16  85  44  65  20   0   0 0.00  0.0    0 11.4 26  10   M    M   0        40 350
17  59  38  49   4  16   0 0.00  0.0    0 14.6 32  10   M    M   0        47  10
18  45  38  42  -4  23   0 0.36  0.0    0  9.7 16  80   M    M   7 18     21  60
19  43  37  40  -6  25   0 0.02  0.0    0  4.3  9 360   M    M  10 18     12  70
20  69  28  49   3  16   0 0.00  0.0    0  3.5 12 230   M    M   2 128    18 230
21  73  36  55   8  10   0 0.00  0.0    0  5.1 13  90   M    M   0        16  70
22  73  39  56   9   9   0 0.00  0.0    0  5.8 20 160   M    M   0 1      27 160
23  60  36  48   1  17   0    T  0.0    0  9.4 22  60   M    M   3 3      26  70
24  54  42  48   0  17   0 0.04  0.0    0 10.9 24  80   M    M  10 138    28 100
25  53  40  47  -1  18   0 0.27  0.0    0 10.3 23 360   M    M   9 18     32  10
26  53  31  42  -6  23   0 0.07    T    0  7.8 21  20   M    M   3 1      27  20
27  46  36  41  -8  24   0 0.01    T    0  7.9 16 360   M    M   6        22 340
28  57  38  48  -1  17   0 0.00  0.0    0 12.5 20 110   M    M   2        25 120
================================================================================
SM 1672  905       525   0  0.77    T    210.3          M       75
================================================================================
AV 59.7 32.3                               7.5 FASTST   M    M   3    MAX(MPH)
                                 MISC ---->  # 32  10               # 47   10
================================================================================
NOTES:
# LAST OF SEVERAL OCCURRENCES

COLUMN 17 PEAK WIND IN M.P.H.

PRELIMINARY LOCAL CLIMATOLOGICAL DATA (WS FORM: F-6) , PAGE 2

                                          STATION:  Topeka KS
                                          MONTH:    MARCH
                                          YEAR:     2015
                                          LATITUDE:   39  4 N
                                          LONGITUDE:  95 38 W

[TEMPERATURE DATA]      [PRECIPITATION DATA]       SYMBOLS USED IN COLUMN 16

AVERAGE MONTHLY: 46.0   TOTAL FOR MONTH:   0.77    1 = FOG OR MIST
DPTR FM NORMAL:   1.7   DPTR FM NORMAL:   -1.41    2 = FOG REDUCING VISIBILITY
HIGHEST:    85 ON 16    GRTST 24HR  0.36 ON 18-18      TO 1/4 MILE OR LESS
LOWEST:     10 ON  5                               3 = THUNDER
                        SNOW, ICE PELLETS, HAIL    4 = ICE PELLETS
                        TOTAL MONTH:    T          5 = HAIL
                        GRTST 24HR    T  ON 27-27  6 = FREEZING RAIN OR DRIZZLE
                        GRTST DEPTH:   1 ON  1     7 = DUSTSTORM OR SANDSTORM:
                                                       VSBY 1/2 MILE OR LESS
                                                   8 = SMOKE OR HAZE
[NO. OF DAYS WITH]      [WEATHER - DAYS WITH]      9 = BLOWING SNOW
                                                   X = TORNADO
MAX 32 OR BELOW:   1    0.01 INCH OR MORE:   6
MAX 90 OR ABOVE:   0    0.10 INCH OR MORE:   2
MIN 32 OR BELOW:  12    0.50 INCH OR MORE:   0
MIN  0 OR BELOW:   0    1.00 INCH OR MORE:   0

[HDD (BASE 65) ]
TOTAL THIS MO.   525    CLEAR  (SCALE 0-3)  19
DPTR FM NORMAL   -56    PTCLDY (SCALE 4-7)   5
TOTAL FM JUL 1  4526    CLOUDY (SCALE 8-10)  4
DPTR FM NORMAL   -22

[CDD (BASE 65) ]
TOTAL THIS MO.     0
DPTR FM NORMAL     0    [PRESSURE DATA]
TOTAL FM JAN 1     0    HIGHEST SLP M ON M
DPTR FM NORMAL     0    LOWEST  SLP 29.71 ON  3

[REMARKS]
