000
CXUS55 KCYS 201000
CF6TOR
PRELIMINARY LOCAL CLIMATOLOGICAL DATA (WS FORM: F-6)

                                          STATION:   TORRINGTON WY AIRPORT
                                          MONTH:     JANUARY
                                          YEAR:      2017
                                          LATITUDE:   42  3 N
                                          LONGITUDE: 104  9 W

  TEMPERATURE IN F:       :PCPN:    SNOW:  WIND      :SUNSHINE: SKY     :PK WND
================================================================================
1   2   3   4   5  6A  6B    7    8   9   10  11  12  13   14  15   16   17  18
                                     12Z  AVG MX 2MIN
DY MAX MIN AVG DEP HDD CDD  WTR  SNW DPTH SPD SPD DIR MIN PSBL S-S WX    SPD DR
================================================================================

 1  40  12  26  -1  39   0 0.00    M    M  5.6 14 130   M    M   0        18 120
 2  27   8  18  -9  47   0    T    M    M 11.8 21  10   M    M   9        26 330
 3  13   7  10 -17  55   0    T    M    M  6.0 13 310   M    M   8 1      15 320
 4   9   4   7 -20  58   0    T    M    M  7.5 16  10   M    M  10 18     20 360
 5   6 -14  -4 -32  69   0 0.00    M    M  7.3 14 290   M    M   3 18     17 280
 6  17 -20  -1 -29  66   0 0.00    M    M  5.6 14 310   M    M   0 1      17 310
 7  15 -15   0 -28  65   0 0.00    M    M  6.1 13 110   M    M   0        15 110
 8  45   6  26  -2  39   0 0.03    M    M 14.4 30 270   M    M   3 6      41 280
 9  53  29  41  13  24   0 0.00    M    M 12.3 32 250   M    M   1        42 260
10  48  27  38  10  27   0 0.00    M    M 13.3 43 260   M    M   1        55 270
11  48   8  28   0  37   0    T    M    M 11.7 35  20   M    M   6 18     43 250
12  24   6  15 -13  50   0 0.00    M    M  8.6 17 140   M    M   4        21 140
13  34  10  22  -6  43   0 0.00    M    M  5.0 15 130   M    M   3        19 140
14  46  18  32   4  33   0 0.00    M    M  4.1 12 160   M    M   2 1      15 160
15  41  16  29   1  36   0 0.00    M    M  2.4 10 360   M    M   3 1      11 360
16  43  20  32   4  33   0 0.00    M    M  8.3 16 320   M    M   6        20 320
17  52   9  31   3  34   0 0.00    M    M  4.5 14 270   M    M   0        18 270
18  57  17  37   9  28   0 0.00    M    M  3.9 13 310   M    M   0        15 280
19  58  21  40  12  25   0 0.00    M    M  6.5 18 280   M    M   0        23 270
================================================================================
SM  676  169       808   0  0.03    M    144.9          M       59
================================================================================
AV 35.6  8.9                               7.6 FASTST   M    M   3    MAX(MPH)
                                 MISC ---->  # 43 260               # 55  270
================================================================================
NOTES:
# LAST OF SEVERAL OCCURRENCES

COLUMN 17 PEAK WIND IN M.P.H.

PRELIMINARY LOCAL CLIMATOLOGICAL DATA (WS FORM: F-6) , PAGE 2

                                          STATION:  TORRINGTON WY AIRPORT
                                          MONTH:    JANUARY
                                          YEAR:     2017
                                          LATITUDE:   42  3 N
                                          LONGITUDE: 104  9 W

[TEMPERATURE DATA]      [PRECIPITATION DATA]       SYMBOLS USED IN COLUMN 16

AVERAGE MONTHLY: 22.2   TOTAL FOR MONTH:   0.03    1 = FOG OR MIST
DPTR FM NORMAL:  -5.6   DPTR FM NORMAL:   -0.13    2 = FOG REDUCING VISIBILITY
HIGHEST:    58 ON 19    GRTST 24HR  0.03 ON  8- 8      TO 1/4 MILE OR LESS
LOWEST:    -20 ON  6                               3 = THUNDER
                        SNOW, ICE PELLETS, HAIL    4 = ICE PELLETS
                        TOTAL MONTH:    M          5 = HAIL
                        GRTST 24HR    M  ON   M    6 = FREEZING RAIN OR DRIZZLE
                        GRTST DEPTH:  M  ON   M    7 = DUSTSTORM OR SANDSTORM:
                                                       VSBY 1/2 MILE OR LESS
                                                   8 = SMOKE OR HAZE
[NO. OF DAYS WITH]      [WEATHER - DAYS WITH]      9 = BLOWING SNOW
                                                   X = TORNADO
MAX 32 OR BELOW:   7    0.01 INCH OR MORE:   1
MAX 90 OR ABOVE:   0    0.10 INCH OR MORE:   0
MIN 32 OR BELOW:  19    0.50 INCH OR MORE:   0
MIN  0 OR BELOW:   3    1.00 INCH OR MORE:   0

[HDD (BASE 65) ]
TOTAL THIS MO.   808    CLEAR  (SCALE 0-3)  13
DPTR FM NORMAL   101    PTCLDY (SCALE 4-7)   3
TOTAL FM JUL 1  3237    CLOUDY (SCALE 8-10)  3
DPTR FM NORMAL  -226

[CDD (BASE 65) ]
TOTAL THIS MO.     0
DPTR FM NORMAL     0    [PRESSURE DATA]
TOTAL FM JAN 1     0    HIGHEST SLP M ON M
DPTR FM NORMAL     0    LOWEST  SLP  0.00 ON  8

[REMARKS]
