000
CXUS55 KCYS 281000
CF6TOR
PRELIMINARY LOCAL CLIMATOLOGICAL DATA (WS FORM: F-6)

                                          STATION:   TORRINGTON WY AIRPORT
                                          MONTH:     FEBRUARY
                                          YEAR:      2015
                                          LATITUDE:   42  3 N
                                          LONGITUDE: 104  9 W

  TEMPERATURE IN F:       :PCPN:    SNOW:  WIND      :SUNSHINE: SKY     :PK WND
================================================================================
1   2   3   4   5  6A  6B    7    8   9   10  11  12  13   14  15   16   17  18
                                     12Z  AVG MX 2MIN
DY MAX MIN AVG DEP HDD CDD  WTR  SNW DPTH SPD SPD DIR MIN PSBL S-S WX    SPD DR
================================================================================

 1  27  12  20  -9  45   0 0.00    M    M 14.2 28 330   M    M   4        36 330
 2  56  14  35   6  30   0 0.00    M    M  7.8 23 320   M    M   2        30 320
 3  59  28  44  15  21   0 0.06    M    M 14.5 33 280   M    M   2 1      41 290
 4  32  11  22  -8  43   0 0.01    M    M  8.3 26  30   M    M   7 1      32  30
 5  53   6  30   0  35   0 0.00    M    M  4.2 13 270   M    M   0 18     15 260
 6  69  40  55  25  10   0 0.00    M    M 13.3 31 270   M    M   0        40 260
 7  70  42  56  26   9   0 0.00    M    M 19.3 45 270   M    M   0        58 270
 8  63  31  47  17  18   0 0.00    M    M 12.3 26 310   M    M   2        35 310
 9  70  26  48  18  17   0 0.00    M    M  8.4 31 260   M    M   1        41 260
10  59  33  46  16  19   0 0.00    M    M 12.0 26  20   M    M   3        30  20
11  55  24  40  10  25   0 0.00    M    M  7.8 18 300   M    M   5        28 290
12  62  24  43  13  22   0 0.00    M    M  8.1 21 310   M    M   1        27 300
13  63  30  47  16  18   0 0.00    M    M  7.1 20 330   M    M   2        27 330
14  55  24  40   9  25   0 0.00    M    M  9.3 25 100   M    M   2 1      30 100
15  38  24  31   0  34   0 0.03    M    M  7.8 20 360   M    M   9 12     24 340
16  38  21  30  -1  35   0    T    M    M 11.5 26 350   M    M   6        35 330
17  33  21  27  -4  38   0    T    M    M 16.5 35 320   M    M   7 18     44 310
18  38  22  30  -2  35   0    T    M    M  5.8 12 310   M    M   8        14 310
19  62  20  41   9  24   0 0.00    M    M  6.8 23 310   M    M   0        28 310
20  45  25  35   3  30   0 0.00    M    M  8.3 20  30   M    M   5        25  20
21  30  17  24  -8  41   0    T    M    M 12.8 29  10   M    M   8 18     34  20
22  20   8  14 -18  51   0 0.00    M    M  6.0 20  30   M    M   8        25  10
23  31   0  16 -17  49   0 0.00    M    M  6.6 20 200   M    M   0        23 200
24  52  19  36   3  29   0 0.00    M    M  9.1 20 230   M    M   1        25 280
25  41  12  27  -6  38   0    T    M    M 15.3 31 350   M    M   9 18     48 340
26  18   6  12 -21  53   0    T    M    M  9.5 20 360   M    M   9 8      23 360
27  27   6  17 -17  48   0    T    M    M 16.0 25 170   M    M   6 18     34 170
================================================================================
SM 1266  546       842   0  0.10    M    278.6          M      107
================================================================================
AV 46.9 20.2                              10.3 FASTST   M    M   4    MAX(MPH)
                                 MISC ---->  # 45 270               # 58  270
================================================================================
NOTES:
# LAST OF SEVERAL OCCURRENCES

COLUMN 17 PEAK WIND IN M.P.H.

PRELIMINARY LOCAL CLIMATOLOGICAL DATA (WS FORM: F-6) , PAGE 2

                                          STATION:  TORRINGTON WY AIRPORT
                                          MONTH:    FEBRUARY
                                          YEAR:     2015
                                          LATITUDE:   42  3 N
                                          LONGITUDE: 104  9 W

[TEMPERATURE DATA]      [PRECIPITATION DATA]       SYMBOLS USED IN COLUMN 16

AVERAGE MONTHLY: 33.6   TOTAL FOR MONTH:   0.10    1 = FOG OR MIST
DPTR FM NORMAL:   2.5   DPTR FM NORMAL:   -0.22    2 = FOG REDUCING VISIBILITY
HIGHEST:    70 ON  9, 7 GRTST 24HR  0.07 ON  3- 4      TO 1/4 MILE OR LESS
LOWEST:      0 ON 23                               3 = THUNDER
                        SNOW, ICE PELLETS, HAIL    4 = ICE PELLETS
                        TOTAL MONTH:    M          5 = HAIL
                        GRTST 24HR    M  ON   M    6 = FREEZING RAIN OR DRIZZLE
                        GRTST DEPTH:  M  ON   M    7 = DUSTSTORM OR SANDSTORM:
                                                       VSBY 1/2 MILE OR LESS
                                                   8 = SMOKE OR HAZE
[NO. OF DAYS WITH]      [WEATHER - DAYS WITH]      9 = BLOWING SNOW
                                                   X = TORNADO
MAX 32 OR BELOW:   7    0.01 INCH OR MORE:   3
MAX 90 OR ABOVE:   0    0.10 INCH OR MORE:   0
MIN 32 OR BELOW:  24    0.50 INCH OR MORE:   0
MIN  0 OR BELOW:   1    1.00 INCH OR MORE:   0

[HDD (BASE 65) ]
TOTAL THIS MO.   842    CLEAR  (SCALE 0-3)  13
DPTR FM NORMAL   -76    PTCLDY (SCALE 4-7)  11
TOTAL FM JUL 1  4667    CLOUDY (SCALE 8-10)  3
DPTR FM NORMAL  -146

[CDD (BASE 65) ]
TOTAL THIS MO.     0
DPTR FM NORMAL     0    [PRESSURE DATA]
TOTAL FM JAN 1     0    HIGHEST SLP M ON M
DPTR FM NORMAL     0    LOWEST  SLP 29.65 ON  7

[REMARKS]
