000
CXUS54 KFWD 300730
CF6TPL
PRELIMINARY LOCAL CLIMATOLOGICAL DATA (WS FORM: F-6)

                                          STATION:   TEMPLE
                                          MONTH:     JUNE
                                          YEAR:      2015
                                          LATITUDE:   31  8 N
                                          LONGITUDE:  97 25 W

  TEMPERATURE IN F:       :PCPN:    SNOW:  WIND      :SUNSHINE: SKY     :PK WND
================================================================================
1   2   3   4   5  6A  6B    7    8   9   10  11  12  13   14  15   16   17  18
                                     12Z  AVG MX 2MIN
DY MAX MIN AVG DEP HDD CDD  WTR  SNW DPTH SPD SPD DIR MIN PSBL S-S WX    SPD DR
================================================================================

 1  88  61  75  -2   0  10 0.00  0.0    0  4.3  8 120   M    M   1         M  M
 2  90  66  78   1   0  13 0.00  0.0    0  6.3 10 140   M    M   2         M  M
 3  88  66  77   0   0  12 0.00  0.0    0  9.3 15 160   M    M   1        21 160
 4  90  66  78   1   0  13 0.00  0.0    0  7.9 13 120   M    M   1        18 140
 5  90  66  78   0   0  13 0.00  0.0    0  6.5 13 150   M    M   2        16 120
 6  90  70  80   2   0  15 0.00  0.0    0  4.5 10 150   M    M   1         M  M
 7  90  68  79   1   0  14 0.00  0.0    0  7.6 15 160   M    M   1        18 170
 8  93  70  82   4   0  17 0.00  0.0    0  5.9  9 150   M    M   0         M  M
 9  97  70  84   6   0  19 0.00  0.0    0  6.9 10 160   M    M   1         M  M
10  93  72  83   5   0  18 0.00  0.0    0  7.8 14 160   M    M   0        18 170
11  91  72  82   4   0  17 0.00  0.0    0 13.4 20 180   M    M   2        27 150
12  93  73  83   4   0  18 0.00  0.0    0 13.3 17 140   M    M   4        23 130
13  93  72  83   4   0  18 0.00  0.0    0 11.9 20 140   M    M   4        25 130
14  84  72  78  -1   0  13 0.40  0.0    0 11.9 21 150   M    M   6 3      29 150
15  90  72  81   2   0  16 0.02  0.0    0  8.6 16 100   M    M   5        24 100
16  86  72  79   0   0  14 0.06  0.0    0 10.1 16 100   M    M   8        24  90
17  88  72  80   1   0  15 1.44  0.0    0 15.8 23 210   M    M   8 3      32 210
18  90  70  80   1   0  15 0.13  0.0    0 10.1 17 160   M    M   5 3      23 160
19  90  70  80   0   0  15 0.00  0.0    0  9.1 16 170   M    M   1        21 200
20  84  70  77  -3   0  12 0.00  0.0    0 10.1 14 170   M    M   3        17 180
21  88  70  79  -1   0  14 0.29  0.0    0  9.3 18 150   M    M   6 3      20 170
22  91  70  81   1   0  16 0.00  0.0    0 10.0 17 160   M    M   4        23 160
23  91  72  82   2   0  17 0.00  0.0    0  7.9 12 140   M    M   4 3      30 200
24  91  72  82   2   0  17 0.00  0.0    0  5.8 13 160   M    M   0        16 180
25  91  72  82   2   0  17 0.00  0.0    0  8.5 13 170   M    M   1        24 170
26  91  73  82   2   0  17 0.00  0.0    0  9.6 15 160   M    M   2        18 180
27  55  70  63 -18   2   0 1.45  0.0    0  5.9 14  80   M    M   3 3      17  80
28  91  72  82   1   0  17 0.00  0.0    0  4.2 16 170   M    M   4         M  M
29  91  72  82   1   0  17 0.00  0.0    0  9.3 15 160   M    M   1        17 170
================================================================================
SM 2578 2033         2 429  3.79     0.0 251.8          M       81
================================================================================
AV 88.9 70.1                               8.7 FASTST   M    M   3    MAX(MPH)
                                 MISC ---->  # 23 210                 32    M
================================================================================
NOTES:
# LAST OF SEVERAL OCCURRENCES

COLUMN 17 PEAK WIND IN M.P.H.

PRELIMINARY LOCAL CLIMATOLOGICAL DATA (WS FORM: F-6) , PAGE 2

                                          STATION:  TEMPLE
                                          MONTH:    JUNE
                                          YEAR:     2015
                                          LATITUDE:   31  8 N
                                          LONGITUDE:  97 25 W

[TEMPERATURE DATA]      [PRECIPITATION DATA]       SYMBOLS USED IN COLUMN 16

AVERAGE MONTHLY: 79.5   TOTAL FOR MONTH:   3.79    1 = FOG OR MIST
DPTR FM NORMAL:   0.5   DPTR FM NORMAL:   -0.24    2 = FOG REDUCING VISIBILITY
HIGHEST:    97 ON  9    GRTST 24HR  1.45 ON 27-27      TO 1/4 MILE OR LESS
LOWEST:     61 ON  1                               3 = THUNDER
                        SNOW, ICE PELLETS, HAIL    4 = ICE PELLETS
                        TOTAL MONTH:   0.0 INCH    5 = HAIL
                        GRTST 24HR     0.0         6 = FREEZING RAIN OR DRIZZLE
                        GRTST DEPTH:   0           7 = DUSTSTORM OR SANDSTORM:
                                                       VSBY 1/2 MILE OR LESS
                                                   8 = SMOKE OR HAZE
[NO. OF DAYS WITH]      [WEATHER - DAYS WITH]      9 = BLOWING SNOW
                                                   X = TORNADO
MAX 32 OR BELOW:   0    0.01 INCH OR MORE:   7
MAX 90 OR ABOVE:  21    0.10 INCH OR MORE:   5
MIN 32 OR BELOW:   0    0.50 INCH OR MORE:   2
MIN  0 OR BELOW:   0    1.00 INCH OR MORE:   2

[HDD (BASE 65) ]
TOTAL THIS MO.     2    CLEAR  (SCALE 0-3)  18
DPTR FM NORMAL     2    PTCLDY (SCALE 4-7)  11
TOTAL FM JUL 1  2199    CLOUDY (SCALE 8-10)  0
DPTR FM NORMAL    57

[CDD (BASE 65) ]
TOTAL THIS MO.   429
DPTR FM NORMAL    24    [PRESSURE DATA]
TOTAL FM JAN 1   871    HIGHEST SLP M ON M
DPTR FM NORMAL    51    LOWEST  SLP M ON M

[REMARKS]
