000
CXUS54 KMRX 261000
CF6TRI
PRELIMINARY LOCAL CLIMATOLOGICAL DATA (WS FORM: F-6)

                                          STATION:   TRI-CITIES      ASOS
                                          MONTH:     JANUARY
                                          YEAR:      2015
                                          LATITUDE:   36 28 N
                                          LONGITUDE:  82 24 W

  TEMPERATURE IN F:       :PCPN:    SNOW:  WIND      :SUNSHINE: SKY     :PK WND
================================================================================
1   2   3   4   5  6A  6B    7    8   9   10  11  12  13   14  15   16   17  18
                                     12Z  AVG MX 2MIN
DY MAX MIN AVG DEP HDD CDD  WTR  SNW DPTH SPD SPD DIR MIN PSBL S-S WX    SPD DR
================================================================================

 1  38  17  28  -7  37   0 0.00  0.0    0  1.9 10 220   M    M   6 1      12 220
 2  44  36  40   5  25   0 0.01  0.0    0  0.7  8 270   M    M  10 1      11 270
 3  65  41  53  18  12   0 0.07  0.0    0  4.1 15 140   M    M   9 1      22 150
 4  66  41  54  19  11   0 0.45  0.0    0 10.0 28 250   M    M   9 1      35 250
 5  41  23  32  -3  33   0    T  0.0    0  9.8 22 280   M    M   4        26 260
 6  44  24  34  -1  31   0 0.00  0.0    0  7.5 21 260   M    M   5        27 280
 7  30   8  19 -16  46   0    T    T    0 13.0 23 290   M    M   8        28 280
 8  26   3  15 -20  50   0 0.00  0.0    0  2.8 16 350   M    M   5        21 340
 9  34  22  28  -7  37   0 0.00  0.0    0 12.3 24 240   M    M   5        31 240
10  36   9  23 -12  42   0 0.00  0.0    0  2.1 14 290   M    M   0        18 300
11  46  14  30  -5  35   0    T  0.0    0  1.3  8 210   M    M   6        10 330
12  50  39  45  10  20   0 0.57    M    0  2.1 12 300   M    M  10 1      14 260
13  42  36  39   4  26   0    T  0.0    0  5.6 12  20   M    M  10 1      17  30
14  39  31  35   0  30   0    T  0.0    0  3.5 14 230   M    M  10 1      17 220
15  38  23  31  -4  34   0 0.01    T    0  2.4  8 260   M    M   M 1      11 280
16  44  26  35   0  30   0 0.00  0.0    0  5.0 13 250   M    M   6 1      17 240
17  60  22  41   6  24   0 0.00  0.0    0  2.6 16 180   M    M   M 1      21 170
18  51  29  40   5  25   0 0.03  0.0    0  8.1 25 260   M    M   M        33 250
19  58  23  41   6  24   0 0.00  0.0    0  1.6 10 220   M    M   0        13 220
20  61  26  44   9  21   0 0.00  0.0    0  2.6 20 250   M    M   4        26 240
21  55  29  42   7  23   0 0.00  0.0    0  4.4 15 240   M    M   5        20 270
22  50  25  38   3  27   0 0.00  0.0    0  1.0  8 310   M    M   5        12 330
23  43  32  38   3  27   0 0.77  0.0    0  2.6  9  70   M    M  10 1      12  50
24  39  31  35   0  30   0 0.17  0.3    0  7.5 21 260   M    M   8 1      25 260
25  55  24  40   5  25   0    T  0.0    0  1.7  8 340   M    M   6        10 280
================================================================================
SM 1155  634       725   0  2.08     0.3 116.2          M      141
================================================================================
AV 46.2 25.4                               4.6 FASTST   M    M   6    MAX(MPH)
                                 MISC ---->  # 28 250               # 35  250
================================================================================
NOTES:
# LAST OF SEVERAL OCCURRENCES

COLUMN 17 PEAK WIND IN M.P.H.

PRELIMINARY LOCAL CLIMATOLOGICAL DATA (WS FORM: F-6) , PAGE 2

                                          STATION:  TRI-CITIES      ASOS
                                          MONTH:    JANUARY
                                          YEAR:     2015
                                          LATITUDE:   36 28 N
                                          LONGITUDE:  82 24 W

[TEMPERATURE DATA]      [PRECIPITATION DATA]       SYMBOLS USED IN COLUMN 16

AVERAGE MONTHLY: 35.8   TOTAL FOR MONTH:   2.08    1 = FOG OR MIST
DPTR FM NORMAL:   0.8   DPTR FM NORMAL:   -0.63    2 = FOG REDUCING VISIBILITY
HIGHEST:    66 ON  4    GRTST 24HR  0.87 ON 23-24      TO 1/4 MILE OR LESS
LOWEST:      3 ON  8                               3 = THUNDER
                        SNOW, ICE PELLETS, HAIL    4 = ICE PELLETS
                        TOTAL MONTH:   0.3 INCH    5 = HAIL
                        GRTST 24HR   0.3 ON   M    6 = FREEZING RAIN OR DRIZZLE
                        GRTST DEPTH:   0           7 = DUSTSTORM OR SANDSTORM:
                                                       VSBY 1/2 MILE OR LESS
                                                   8 = SMOKE OR HAZE
[NO. OF DAYS WITH]      [WEATHER - DAYS WITH]      9 = BLOWING SNOW
                                                   X = TORNADO
MAX 32 OR BELOW:   2    0.01 INCH OR MORE:   8
MAX 90 OR ABOVE:   0    0.10 INCH OR MORE:   4
MIN 32 OR BELOW:  20    0.50 INCH OR MORE:   2
MIN  0 OR BELOW:   0    1.00 INCH OR MORE:   0

[HDD (BASE 65) ]
TOTAL THIS MO.   725    CLEAR  (SCALE 0-3)   2
DPTR FM NORMAL   -25    PTCLDY (SCALE 4-7)  12
TOTAL FM JUL 1  2439    CLOUDY (SCALE 8-10)  8
DPTR FM NORMAL   -40

[CDD (BASE 65) ]
TOTAL THIS MO.     0
DPTR FM NORMAL     0    [PRESSURE DATA]
TOTAL FM JAN 1     0    HIGHEST SLP M ON M
DPTR FM NORMAL     0    LOWEST  SLP 29.69 ON 25

[REMARKS]
