000
CXUS54 KFWD 280730
CF6TRL
PRELIMINARY LOCAL CLIMATOLOGICAL DATA (WS FORM: F-6)

                                          STATION:   TERRELL
                                          MONTH:     MAY
                                          YEAR:      2016
                                          LATITUDE:   32 42 N
                                          LONGITUDE:  96 16 W

  TEMPERATURE IN F:       :PCPN:    SNOW:  WIND      :SUNSHINE: SKY     :PK WND
================================================================================
1   2   3   4   5  6A  6B    7    8   9   10  11  12  13   14  15   16   17  18
                                     12Z  AVG MX 2MIN
DY MAX MIN AVG DEP HDD CDD  WTR  SNW DPTH SPD SPD DIR MIN PSBL S-S WX    SPD DR
================================================================================

 1  75  59  67  -2   0   2 0.00  0.0    0 10.2 21  10   M    M   1        27  10
 2  66  54  60  -9   5   0 0.29  0.0    0  9.7 20  10   M    M   8 13     27 310
 3  73  48  61  -9   4   0 0.00  0.0    0  4.6 15 360   M    M   0        19 360
 4  81  52  67  -3   0   2 0.00  0.0    0  7.4 18 290   M    M   0        27 290
 5  81  52  67  -3   0   2 0.00  0.0    0  3.6 14 340   M    M   0        20 320
 6  83  51  67  -3   0   2 0.00  0.0    0  3.0 10  70   M    M   0        15  90
 7  83  55  69  -2   0   4 0.00  0.0    0  7.4 20 160   M    M   0        27 160
 8  74  64  69  -2   0   4 0.03  0.0    0 12.0 30 170   M    M   5        39 170
 9  85  66  76   5   0  11 0.02  0.0    0 13.6 24 190   M    M   4        32 170
10  89  71  80   8   0  15    T  0.0    0 14.7 39 160   M    M   4 38     53 160
11  87  66  77   5   0  12 0.15  0.0    0 11.8 44 170   M    M   3 13     59 190
12  82  63  73   1   0   8 0.16  0.0    0  6.1 20 230   M    M   1 13     26 220
13  84  59  72   0   0   7 0.00  0.0    0  5.4 15 120   M    M   0        18 130
14  75  61  68  -5   0   3 0.01  0.0    0  9.0 23  30   M    M   2        30  30
15  74  60  67  -6   0   2 0.00  0.0    0  8.6 14  60   M    M   8        19  80
16  78  62  70  -3   0   5 0.11  0.0    0  9.6 21 160   M    M   9 1      28 150
17  85  63  74   0   0   9    T  0.0    0 10.4 22 350   M    M   4 1      30 360
18  66  57  62 -12   3   0 0.14  0.0    0  8.6 18  20   M    M  10 1      26  20
19  66  58  62 -12   3   0 0.78  0.0    0  7.5 24 110   M    M  10 13     31 110
20  81  61  71  -3   0   6 0.00  0.0    0  4.9 12 270   M    M   5 1      15 330
21  85  61  73  -2   0   8 0.00  0.0    0  5.5 13  60   M    M   2 1      16  60
22  85  69  77   2   0  12 0.00  0.0    0  8.3 15 140   M    M   5        22 110
23  84  64  74  -1   0   9 1.18  0.0    0 10.6 24  50   M    M   5 123    30  40
24  87  70  79   4   0  14    T  0.0    0 11.0 20 160   M    M   7        25 170
25  87  75  81   5   0  16 0.00  0.0    0 12.9 22 160   M    M   8        27 180
26  79  67  73  -3   0   8 0.17  0.0    0 13.7 26 260   M    M   5 1      33 150
27  75  66  71  -5   0   6 0.57  0.0    0 10.9 30 230   M    M   6 13     41 230
================================================================================
SM 2150 1654        15 167  3.61     0.0 241.0          M      112
================================================================================
AV 79.6 61.3                               8.9 FASTST   M    M   4    MAX(MPH)
                                 MISC ---->  # 44 170               # 59  190
================================================================================
NOTES:
# LAST OF SEVERAL OCCURRENCES

COLUMN 17 PEAK WIND IN M.P.H.

PRELIMINARY LOCAL CLIMATOLOGICAL DATA (WS FORM: F-6) , PAGE 2

                                          STATION:  TERRELL
                                          MONTH:    MAY
                                          YEAR:     2016
                                          LATITUDE:   32 42 N
                                          LONGITUDE:  96 16 W

[TEMPERATURE DATA]      [PRECIPITATION DATA]       SYMBOLS USED IN COLUMN 16

AVERAGE MONTHLY: 70.4   TOTAL FOR MONTH:   3.61    1 = FOG OR MIST
DPTR FM NORMAL:  -2.2   DPTR FM NORMAL:   -0.52    2 = FOG REDUCING VISIBILITY
HIGHEST:    89 ON 10    GRTST 24HR  1.18 ON 22-23      TO 1/4 MILE OR LESS
LOWEST:     48 ON  3                               3 = THUNDER
                        SNOW, ICE PELLETS, HAIL    4 = ICE PELLETS
                        TOTAL MONTH:   0.0 INCH    5 = HAIL
                        GRTST 24HR     0.0         6 = FREEZING RAIN OR DRIZZLE
                        GRTST DEPTH:   0           7 = DUSTSTORM OR SANDSTORM:
                                                       VSBY 1/2 MILE OR LESS
                                                   8 = SMOKE OR HAZE
[NO. OF DAYS WITH]      [WEATHER - DAYS WITH]      9 = BLOWING SNOW
                                                   X = TORNADO
MAX 32 OR BELOW:   0    0.01 INCH OR MORE:  12
MAX 90 OR ABOVE:   0    0.10 INCH OR MORE:   9
MIN 32 OR BELOW:   0    0.50 INCH OR MORE:   3
MIN  0 OR BELOW:   0    1.00 INCH OR MORE:   1

[HDD (BASE 65) ]
TOTAL THIS MO.    15    CLEAR  (SCALE 0-3)  11
DPTR FM NORMAL     9    PTCLDY (SCALE 4-7)  11
TOTAL FM JUL 1  1786    CLOUDY (SCALE 8-10)  5
DPTR FM NORMAL  -567

[CDD (BASE 65) ]
TOTAL THIS MO.   167
DPTR FM NORMAL   -46    [PRESSURE DATA]
TOTAL FM JAN 1   280    HIGHEST SLP M ON M
DPTR FM NORMAL   -48    LOWEST  SLP 29.57 ON  9

[REMARKS]
